This is the mail archive of the
gcc-testresults@gcc.gnu.org
mailing list for the GCC project.
Results for 4.7.0 20111031 (experimental) [trunk revision 180696] (GCC) testsuite on powerpc64-unknown-linux-gnu
- From: Laurent GUERBY gcc110 <guerby at gcc1-power7 dot osuosl dot org>
- To: gcc-testresults at gcc dot gnu dot org
- Date: Mon, 31 Oct 2011 06:04:33 -0700
- Subject: Results for 4.7.0 20111031 (experimental) [trunk revision 180696] (GCC) testsuite on powerpc64-unknown-linux-gnu
LAST_UPDATED: Mon Oct 31 10:39:00 UTC 2011 (revision 180696)
=== acats tests ===
=== acats Summary ===
# of expected passes 2321
# of unexpected failures 0
Native configuration is powerpc64-unknown-linux-gnu
=== gcc tests ===
Running target unix/-m32
FAIL: gcc.dg/and-1.c scan-assembler-not nand
FAIL: gcc.dg/scal-to-vec2.c (test for excess errors)
FAIL: gcc.dg/sms-2.c scan-rtl-dump-times sms "SMS succeeded" 1
FAIL: gcc.dg/sms-4.c scan-rtl-dump-times sms "SMS succeeded" 1
FAIL: gcc.dg/sms-5.c scan-rtl-dump-times sms "SMS succeeded" 1
FAIL: gcc.dg/sms-7.c scan-rtl-dump-times sms "SMS succeeded" 3
FAIL: gcc.dg/sms-8.c scan-rtl-dump-times sms "SMS succeeded" 1
FAIL: gcc.dg/vector-compare-1.c (test for excess errors)
FAIL: gcc.dg/vector-compare-2.c (test for excess errors)
XPASS: gcc.dg/guality/example.c -O0 execution test
XPASS: gcc.dg/guality/example.c -O1 execution test
XPASS: gcc.dg/guality/example.c -O2 execution test
XPASS: gcc.dg/guality/example.c -Os execution test
XPASS: gcc.dg/guality/example.c -O2 -flto -fno-use-linker-plugin -flto-partition=none execution test
XPASS: gcc.dg/guality/guality.c -O0 execution test
XPASS: gcc.dg/guality/guality.c -O1 execution test
XPASS: gcc.dg/guality/guality.c -O2 execution test
XPASS: gcc.dg/guality/guality.c -O3 -fomit-frame-pointer execution test
XPASS: gcc.dg/guality/guality.c -O3 -g execution test
XPASS: gcc.dg/guality/guality.c -Os execution test
XPASS: gcc.dg/guality/guality.c -O2 -flto -fno-use-linker-plugin -flto-partition=none execution test
XPASS: gcc.dg/guality/guality.c -O2 -flto -fuse-linker-plugin -fno-fat-lto-objects execution test
XPASS: gcc.dg/guality/inline-params.c -O2 execution test
XPASS: gcc.dg/guality/inline-params.c -O3 -fomit-frame-pointer execution test
XPASS: gcc.dg/guality/inline-params.c -O3 -g execution test
XPASS: gcc.dg/guality/inline-params.c -Os execution test
XPASS: gcc.dg/guality/inline-params.c -O2 -flto -fno-use-linker-plugin -flto-partition=none execution test
XPASS: gcc.dg/guality/inline-params.c -O2 -flto -fuse-linker-plugin -fno-fat-lto-objects execution test
FAIL: gcc.dg/guality/pr36728-1.c -O1 line 12 arg6 == 6
FAIL: gcc.dg/guality/pr36728-1.c -O1 line 12 arg7 == 30
FAIL: gcc.dg/guality/pr36728-1.c -O1 line 14 arg6 == 6
FAIL: gcc.dg/guality/pr36728-1.c -O1 line 14 arg7 == 30
FAIL: gcc.dg/guality/pr36728-1.c -O2 line 12 arg6 == 6
FAIL: gcc.dg/guality/pr36728-1.c -O2 line 12 arg7 == 30
FAIL: gcc.dg/guality/pr36728-1.c -O2 line 14 arg6 == 6
FAIL: gcc.dg/guality/pr36728-1.c -O2 line 14 arg7 == 30
FAIL: gcc.dg/guality/pr36728-1.c -O3 -fomit-frame-pointer line 12 arg6 == 6
FAIL: gcc.dg/guality/pr36728-1.c -O3 -fomit-frame-pointer line 12 arg7 == 30
FAIL: gcc.dg/guality/pr36728-1.c -O3 -fomit-frame-pointer line 14 arg6 == 6
FAIL: gcc.dg/guality/pr36728-1.c -O3 -fomit-frame-pointer line 14 arg7 == 30
FAIL: gcc.dg/guality/pr36728-1.c -O3 -g line 12 arg6 == 6
FAIL: gcc.dg/guality/pr36728-1.c -O3 -g line 12 arg7 == 30
FAIL: gcc.dg/guality/pr36728-1.c -O3 -g line 14 arg6 == 6
FAIL: gcc.dg/guality/pr36728-1.c -O3 -g line 14 arg7 == 30
FAIL: gcc.dg/guality/pr36728-1.c -Os line 12 arg6 == 6
FAIL: gcc.dg/guality/pr36728-1.c -Os line 12 arg7 == 30
FAIL: gcc.dg/guality/pr36728-1.c -Os line 14 arg6 == 6
FAIL: gcc.dg/guality/pr36728-1.c -Os line 14 arg7 == 30
FAIL: gcc.dg/guality/pr36728-1.c -O2 -flto -fno-use-linker-plugin -flto-partition=none line 12 arg6 == 6
FAIL: gcc.dg/guality/pr36728-1.c -O2 -flto -fno-use-linker-plugin -flto-partition=none line 12 arg7 == 30
FAIL: gcc.dg/guality/pr36728-1.c -O2 -flto -fno-use-linker-plugin -flto-partition=none line 14 arg6 == 6
FAIL: gcc.dg/guality/pr36728-1.c -O2 -flto -fno-use-linker-plugin -flto-partition=none line 14 arg7 == 30
FAIL: gcc.dg/guality/pr36728-1.c -O2 -flto -fuse-linker-plugin -fno-fat-lto-objects line 12 arg6 == 6
FAIL: gcc.dg/guality/pr36728-1.c -O2 -flto -fuse-linker-plugin -fno-fat-lto-objects line 12 arg7 == 30
FAIL: gcc.dg/guality/pr36728-1.c -O2 -flto -fuse-linker-plugin -fno-fat-lto-objects line 14 arg6 == 6
FAIL: gcc.dg/guality/pr36728-1.c -O2 -flto -fuse-linker-plugin -fno-fat-lto-objects line 14 arg7 == 30
FAIL: gcc.dg/guality/pr36728-2.c -O1 line 12 arg7 == 30
FAIL: gcc.dg/guality/pr36728-2.c -O1 line 14 arg7 == 30
FAIL: gcc.dg/guality/pr36728-2.c -O2 line 12 arg7 == 30
FAIL: gcc.dg/guality/pr36728-2.c -O2 line 14 arg7 == 30
FAIL: gcc.dg/guality/pr36728-2.c -O3 -fomit-frame-pointer line 12 arg7 == 30
FAIL: gcc.dg/guality/pr36728-2.c -O3 -fomit-frame-pointer line 14 arg7 == 30
FAIL: gcc.dg/guality/pr36728-2.c -O3 -g line 12 arg7 == 30
FAIL: gcc.dg/guality/pr36728-2.c -O3 -g line 14 arg7 == 30
FAIL: gcc.dg/guality/pr36728-2.c -Os line 12 arg7 == 30
FAIL: gcc.dg/guality/pr36728-2.c -Os line 14 arg7 == 30
FAIL: gcc.dg/guality/pr36728-2.c -O2 -flto -fno-use-linker-plugin -flto-partition=none line 12 arg7 == 30
FAIL: gcc.dg/guality/pr36728-2.c -O2 -flto -fno-use-linker-plugin -flto-partition=none line 14 arg7 == 30
FAIL: gcc.dg/guality/pr36728-2.c -O2 -flto -fuse-linker-plugin -fno-fat-lto-objects line 12 arg7 == 30
FAIL: gcc.dg/guality/pr36728-2.c -O2 -flto -fuse-linker-plugin -fno-fat-lto-objects line 14 arg7 == 30
XPASS: gcc.dg/guality/pr41353-1.c -O0 line 28 j == 28 + 37
XPASS: gcc.dg/guality/pr41353-1.c -O1 line 28 j == 28 + 37
XPASS: gcc.dg/guality/pr41353-1.c -O2 line 28 j == 28 + 37
XPASS: gcc.dg/guality/pr41353-1.c -O3 -fomit-frame-pointer line 28 j == 28 + 37
XPASS: gcc.dg/guality/pr41353-1.c -O3 -g line 28 j == 28 + 37
XPASS: gcc.dg/guality/pr41353-1.c -Os line 28 j == 28 + 37
XPASS: gcc.dg/guality/pr41353-1.c -O2 -flto -fno-use-linker-plugin -flto-partition=none line 28 j == 28 + 37
XPASS: gcc.dg/guality/pr41353-1.c -O2 -flto -fuse-linker-plugin -fno-fat-lto-objects line 28 j == 28 + 37
XPASS: gcc.dg/guality/pr41447-1.c -O0 execution test
XPASS: gcc.dg/guality/pr41447-1.c -O1 execution test
XPASS: gcc.dg/guality/pr41447-1.c -O2 execution test
XPASS: gcc.dg/guality/pr41447-1.c -O3 -fomit-frame-pointer execution test
XPASS: gcc.dg/guality/pr41447-1.c -O3 -g execution test
XPASS: gcc.dg/guality/pr41447-1.c -Os execution test
XPASS: gcc.dg/guality/pr41447-1.c -O2 -flto -fuse-linker-plugin -fno-fat-lto-objects execution test
XPASS: gcc.dg/guality/pr41616-1.c -O0 execution test
XPASS: gcc.dg/guality/pr41616-1.c -O1 execution test
XPASS: gcc.dg/guality/pr41616-1.c -O2 execution test
XPASS: gcc.dg/guality/pr41616-1.c -O3 -fomit-frame-pointer execution test
XPASS: gcc.dg/guality/pr41616-1.c -O3 -g execution test
XPASS: gcc.dg/guality/pr41616-1.c -Os execution test
XPASS: gcc.dg/guality/pr41616-1.c -O2 -flto -fno-use-linker-plugin -flto-partition=none execution test
FAIL: gcc.dg/guality/pr43077-1.c -O1 line 42 c == 3
FAIL: gcc.dg/guality/pr43177.c -O1 line 15 x == 7
FAIL: gcc.dg/guality/pr43177.c -O1 line 24 x == 7
FAIL: gcc.dg/guality/pr43177.c -O2 line 15 x == 7
FAIL: gcc.dg/guality/pr43177.c -O2 line 24 x == 7
FAIL: gcc.dg/guality/pr43177.c -O3 -fomit-frame-pointer line 15 x == 7
FAIL: gcc.dg/guality/pr43177.c -O3 -fomit-frame-pointer line 24 x == 7
FAIL: gcc.dg/guality/pr43177.c -O3 -g line 15 x == 7
FAIL: gcc.dg/guality/pr43177.c -O3 -g line 24 x == 7
FAIL: gcc.dg/guality/pr43177.c -Os line 15 x == 7
FAIL: gcc.dg/guality/pr43177.c -Os line 24 x == 7
FAIL: gcc.dg/guality/pr43177.c -O2 -flto -fno-use-linker-plugin -flto-partition=none line 15 x == 7
FAIL: gcc.dg/guality/pr43177.c -O2 -flto -fno-use-linker-plugin -flto-partition=none line 24 x == 7
FAIL: gcc.dg/guality/pr43177.c -O2 -flto -fuse-linker-plugin -fno-fat-lto-objects line 15 x == 7
FAIL: gcc.dg/guality/pr43177.c -O2 -flto -fuse-linker-plugin -fno-fat-lto-objects line 24 x == 7
FAIL: gcc.dg/guality/sra-1.c -O1 line 43 a.i == 4
FAIL: gcc.dg/guality/sra-1.c -O1 line 43 a.j == 14
FAIL: gcc.dg/guality/sra-1.c -O2 line 43 a.i == 4
FAIL: gcc.dg/guality/sra-1.c -O2 line 43 a.j == 14
FAIL: gcc.dg/guality/sra-1.c -O3 -fomit-frame-pointer line 43 a.i == 4
FAIL: gcc.dg/guality/sra-1.c -O3 -fomit-frame-pointer line 43 a.j == 14
FAIL: gcc.dg/guality/sra-1.c -O3 -g line 43 a.i == 4
FAIL: gcc.dg/guality/sra-1.c -O3 -g line 43 a.j == 14
FAIL: gcc.dg/guality/sra-1.c -Os line 43 a.i == 4
FAIL: gcc.dg/guality/sra-1.c -Os line 43 a.j == 14
FAIL: gcc.dg/guality/sra-1.c -O2 -flto -fno-use-linker-plugin -flto-partition=none line 43 a.i == 4
FAIL: gcc.dg/guality/sra-1.c -O2 -flto -fno-use-linker-plugin -flto-partition=none line 43 a.j == 14
FAIL: gcc.dg/guality/sra-1.c -O2 -flto -fuse-linker-plugin -fno-fat-lto-objects line 43 a.i == 4
FAIL: gcc.dg/guality/sra-1.c -O2 -flto -fuse-linker-plugin -fno-fat-lto-objects line 43 a.j == 14
FAIL: gcc.dg/guality/vla-1.c -O2 -flto -fno-use-linker-plugin -flto-partition=none line 17 sizeof (a) == 6
FAIL: gcc.dg/guality/vla-1.c -O2 -flto -fno-use-linker-plugin -flto-partition=none line 24 sizeof (a) == 17 * sizeof (short)
FAIL: gcc.dg/guality/vla-1.c -O2 -flto -fuse-linker-plugin -fno-fat-lto-objects line 17 sizeof (a) == 6
FAIL: gcc.dg/guality/vla-1.c -O2 -flto -fuse-linker-plugin -fno-fat-lto-objects line 24 sizeof (a) == 17 * sizeof (short)
FAIL: gcc.dg/guality/vla-2.c -O2 -flto -fno-use-linker-plugin -flto-partition=none line 16 sizeof (a) == 5 * sizeof (int)
FAIL: gcc.dg/guality/vla-2.c -O2 -flto -fno-use-linker-plugin -flto-partition=none line 25 sizeof (a) == 6 * sizeof (int)
FAIL: gcc.dg/guality/vla-2.c -O2 -flto -fuse-linker-plugin -fno-fat-lto-objects line 16 sizeof (a) == 5 * sizeof (int)
FAIL: gcc.dg/guality/vla-2.c -O2 -flto -fuse-linker-plugin -fno-fat-lto-objects line 25 sizeof (a) == 6 * sizeof (int)
UNRESOLVED: gcc.dg/torture/ipa-pta-1.c -O2 -flto -fuse-linker-plugin -fno-fat-lto-objects scan-ipa-dump pta "bar.arg0 = { test4.arg0 test3.arg0 test2.arg0 test1.arg0 }"
UNRESOLVED: gcc.dg/torture/pr23821.c -O2 -flto -fuse-linker-plugin -fno-fat-lto-objects scan-tree-dump ivcanon "Added canonical iv"
UNRESOLVED: gcc.dg/torture/pr39074-2.c -O2 -flto -fuse-linker-plugin -fno-fat-lto-objects scan-tree-dump alias "y.._., points-to vars: { i }"
UNRESOLVED: gcc.dg/torture/pr39074.c -O2 -flto -fuse-linker-plugin -fno-fat-lto-objects scan-tree-dump alias "y.._., points-to vars: { i }"
UNRESOLVED: gcc.dg/torture/pr42898-2.c -O2 -flto -fuse-linker-plugin -fno-fat-lto-objects scan-tree-dump-times optimized "\\*ptr" 1
UNRESOLVED: gcc.dg/torture/pr42898.c -O2 -flto -fuse-linker-plugin -fno-fat-lto-objects scan-tree-dump-times optimized "\\*ptr" 1
UNRESOLVED: gcc.dg/torture/pr45704.c -O2 -flto -fuse-linker-plugin -fno-fat-lto-objects scan-tree-dump-times optimized "={v}" 1
UNRESOLVED: gcc.dg/torture/pr50472.c -O2 -flto -fuse-linker-plugin -fno-fat-lto-objects scan-tree-dump-not optimized "return 1"
UNRESOLVED: gcc.dg/torture/pta-callused-1.c -O2 -flto -fuse-linker-plugin -fno-fat-lto-objects scan-tree-dump alias "p.._., points-to vars: { i j }"
UNRESOLVED: gcc.dg/torture/pta-escape-1.c -O2 -flto -fuse-linker-plugin -fno-fat-lto-objects scan-tree-dump alias "ESCAPED = {[^
UNRESOLVED: gcc.dg/torture/pta-ptrarith-1.c -O2 -flto -fuse-linker-plugin -fno-fat-lto-objects scan-tree-dump alias "ESCAPED = {[^
UNRESOLVED: gcc.dg/torture/pta-ptrarith-2.c -O2 -flto -fuse-linker-plugin -fno-fat-lto-objects scan-tree-dump alias "= { i j }"
UNRESOLVED: gcc.dg/torture/pta-ptrarith-3.c -O2 -flto -fuse-linker-plugin -fno-fat-lto-objects scan-tree-dump alias "q_., points-to vars: { i j k }"
UNRESOLVED: gcc.dg/torture/ssa-pta-fn-1.c -O2 -flto -fuse-linker-plugin -fno-fat-lto-objects scan-tree-dump alias "q_const_., points-to non-local, points-to vars: { i }"
UNRESOLVED: gcc.dg/torture/ssa-pta-fn-1.c -O2 -flto -fuse-linker-plugin -fno-fat-lto-objects scan-tree-dump alias "q_pure_., points-to non-local, points-to escaped, points-to vars: { i }"
UNRESOLVED: gcc.dg/torture/ssa-pta-fn-1.c -O2 -flto -fuse-linker-plugin -fno-fat-lto-objects scan-tree-dump alias "q_normal_., points-to non-local, points-to escaped, points-to vars: { }"
FAIL: gcc.dg/tree-ssa/sra-12.c scan-tree-dump-times release_ssa "l;" 0
FAIL: gcc.dg/tree-ssa/ssa-dom-thread-4.c scan-tree-dump-times dom1 "Threaded" 3
FAIL: gcc.dg/tree-ssa/vrp47.c scan-tree-dump-times vrp1 "[xy][^ ]* !=" 0
FAIL: gcc.dg/tree-ssa/vrp47.c scan-tree-dump-times dom1 "x[^ ]* & y" 1
FAIL: gcc.dg/vect/vect-widen-shift-s16.c (internal compiler error)
FAIL: gcc.dg/vect/vect-widen-shift-s16.c (test for excess errors)
UNRESOLVED: gcc.dg/vect/vect-widen-shift-s16.c compilation failed to produce executable
FAIL: gcc.dg/vect/vect-widen-shift-s16.c scan-tree-dump-times vect "vectorized 2 loops" 1
FAIL: gcc.dg/vect/slp-36.c (internal compiler error)
FAIL: gcc.dg/vect/slp-36.c (test for excess errors)
FAIL: gcc.dg/vect/vect-widen-shift-s16.c -flto (internal compiler error)
FAIL: gcc.dg/vect/vect-widen-shift-s16.c -flto (test for excess errors)
UNRESOLVED: gcc.dg/vect/vect-widen-shift-s16.c -flto compilation failed to produce executable
FAIL: gcc.dg/vect/vect-widen-shift-s16.c -flto scan-tree-dump-times vect "vectorized 2 loops" 1
FAIL: gcc.dg/vect/slp-36.c -flto (internal compiler error)
FAIL: gcc.dg/vect/slp-36.c -flto (test for excess errors)
XPASS: gcc.dg/vect/no-scevccp-outer-6-global.c scan-tree-dump-times vect "OUTER LOOP VECTORIZED." 1
FAIL: gcc.target/powerpc/405-dlmzb-strlen-1.c scan-assembler dlmzb\\\\.
FAIL: gcc.target/powerpc/440-dlmzb-strlen-1.c scan-assembler dlmzb\\\\.
FAIL: gcc.target/powerpc/ppc-vector-memcpy.c scan-assembler lvx
=== gcc Summary for unix/-m32 ===
# of expected passes 39350
# of unexpected failures 19
# of unexpected successes 1
# of expected failures 154
# of unresolved testcases 18
# of unsupported tests 665
Running target unix/-m64
FAIL: gcc.dg/and-1.c scan-assembler-not nand
FAIL: gcc.dg/pr44194-1.c scan-rtl-dump dse1 "global deletions = 2"
FAIL: gcc.dg/sms-2.c scan-rtl-dump-times sms "SMS succeeded" 1
FAIL: gcc.dg/sms-7.c scan-rtl-dump-times sms "SMS succeeded" 3
FAIL: gcc.dg/sms-8.c scan-rtl-dump-times sms "SMS succeeded" 1
FAIL: gcc.dg/guality/asm-1.c -O1 line 14 f == 14
FAIL: gcc.dg/guality/asm-1.c -O2 line 14 f == 14
FAIL: gcc.dg/guality/asm-1.c -O3 -fomit-frame-pointer line 14 f == 14
FAIL: gcc.dg/guality/asm-1.c -O3 -g line 14 f == 14
FAIL: gcc.dg/guality/asm-1.c -Os line 14 f == 14
FAIL: gcc.dg/guality/asm-1.c -O2 -flto -fno-use-linker-plugin -flto-partition=none line 14 f == 14
FAIL: gcc.dg/guality/asm-1.c -O2 -flto -fuse-linker-plugin -fno-fat-lto-objects line 14 f == 14
XPASS: gcc.dg/guality/example.c -O0 execution test
XPASS: gcc.dg/guality/guality.c -O0 execution test
XPASS: gcc.dg/guality/guality.c -O2 -flto -fuse-linker-plugin -fno-fat-lto-objects execution test
XPASS: gcc.dg/guality/inline-params.c -O2 execution test
XPASS: gcc.dg/guality/inline-params.c -O3 -fomit-frame-pointer execution test
XPASS: gcc.dg/guality/inline-params.c -O3 -g execution test
XPASS: gcc.dg/guality/inline-params.c -Os execution test
XPASS: gcc.dg/guality/inline-params.c -O2 -flto -fno-use-linker-plugin -flto-partition=none execution test
FAIL: gcc.dg/guality/pr36728-1.c -O1 line 12 arg6 == 6
FAIL: gcc.dg/guality/pr36728-1.c -O1 line 12 arg7 == 30
FAIL: gcc.dg/guality/pr36728-1.c -O1 line 14 arg6 == 6
FAIL: gcc.dg/guality/pr36728-1.c -O1 line 14 arg7 == 30
FAIL: gcc.dg/guality/pr36728-1.c -O2 line 12 arg6 == 6
FAIL: gcc.dg/guality/pr36728-1.c -O2 line 12 arg7 == 30
FAIL: gcc.dg/guality/pr36728-1.c -O2 line 14 arg6 == 6
FAIL: gcc.dg/guality/pr36728-1.c -O2 line 14 arg7 == 30
FAIL: gcc.dg/guality/pr36728-1.c -O3 -fomit-frame-pointer line 12 arg6 == 6
FAIL: gcc.dg/guality/pr36728-1.c -O3 -fomit-frame-pointer line 12 arg7 == 30
FAIL: gcc.dg/guality/pr36728-1.c -O3 -fomit-frame-pointer line 14 arg6 == 6
FAIL: gcc.dg/guality/pr36728-1.c -O3 -fomit-frame-pointer line 14 arg7 == 30
FAIL: gcc.dg/guality/pr36728-1.c -O3 -g line 12 arg6 == 6
FAIL: gcc.dg/guality/pr36728-1.c -O3 -g line 12 arg7 == 30
FAIL: gcc.dg/guality/pr36728-1.c -O3 -g line 14 arg6 == 6
FAIL: gcc.dg/guality/pr36728-1.c -O3 -g line 14 arg7 == 30
FAIL: gcc.dg/guality/pr36728-1.c -Os line 12 arg6 == 6
FAIL: gcc.dg/guality/pr36728-1.c -Os line 12 arg7 == 30
FAIL: gcc.dg/guality/pr36728-1.c -Os line 14 arg6 == 6
FAIL: gcc.dg/guality/pr36728-1.c -Os line 14 arg7 == 30
FAIL: gcc.dg/guality/pr36728-1.c -O2 -flto -fno-use-linker-plugin -flto-partition=none line 12 arg6 == 6
FAIL: gcc.dg/guality/pr36728-1.c -O2 -flto -fno-use-linker-plugin -flto-partition=none line 12 arg7 == 30
FAIL: gcc.dg/guality/pr36728-1.c -O2 -flto -fno-use-linker-plugin -flto-partition=none line 14 arg6 == 6
FAIL: gcc.dg/guality/pr36728-1.c -O2 -flto -fno-use-linker-plugin -flto-partition=none line 14 arg7 == 30
FAIL: gcc.dg/guality/pr36728-1.c -O2 -flto -fuse-linker-plugin -fno-fat-lto-objects line 12 arg6 == 6
FAIL: gcc.dg/guality/pr36728-1.c -O2 -flto -fuse-linker-plugin -fno-fat-lto-objects line 12 arg7 == 30
FAIL: gcc.dg/guality/pr36728-1.c -O2 -flto -fuse-linker-plugin -fno-fat-lto-objects line 14 arg6 == 6
FAIL: gcc.dg/guality/pr36728-1.c -O2 -flto -fuse-linker-plugin -fno-fat-lto-objects line 14 arg7 == 30
FAIL: gcc.dg/guality/pr36728-2.c -O1 line 12 arg7 == 30
FAIL: gcc.dg/guality/pr36728-2.c -O1 line 14 arg7 == 30
FAIL: gcc.dg/guality/pr36728-2.c -O2 line 12 arg7 == 30
FAIL: gcc.dg/guality/pr36728-2.c -O2 line 14 arg7 == 30
FAIL: gcc.dg/guality/pr36728-2.c -O3 -fomit-frame-pointer line 12 arg7 == 30
FAIL: gcc.dg/guality/pr36728-2.c -O3 -fomit-frame-pointer line 14 arg7 == 30
FAIL: gcc.dg/guality/pr36728-2.c -O3 -g line 12 arg7 == 30
FAIL: gcc.dg/guality/pr36728-2.c -O3 -g line 14 arg7 == 30
FAIL: gcc.dg/guality/pr36728-2.c -Os line 12 arg7 == 30
FAIL: gcc.dg/guality/pr36728-2.c -Os line 14 arg7 == 30
FAIL: gcc.dg/guality/pr36728-2.c -O2 -flto -fno-use-linker-plugin -flto-partition=none line 12 arg7 == 30
FAIL: gcc.dg/guality/pr36728-2.c -O2 -flto -fno-use-linker-plugin -flto-partition=none line 14 arg7 == 30
FAIL: gcc.dg/guality/pr36728-2.c -O2 -flto -fuse-linker-plugin -fno-fat-lto-objects line 12 arg7 == 30
FAIL: gcc.dg/guality/pr36728-2.c -O2 -flto -fuse-linker-plugin -fno-fat-lto-objects line 14 arg7 == 30
XPASS: gcc.dg/guality/pr41353-1.c -O0 line 28 j == 28 + 37
FAIL: gcc.dg/guality/pr41353-1.c -O1 line 17 vari1 == 2 * 17
FAIL: gcc.dg/guality/pr41353-1.c -O1 line 17 vari2 == 3 * 17
FAIL: gcc.dg/guality/pr41353-1.c -O1 line 17 vari3 == 2 * 17
FAIL: gcc.dg/guality/pr41353-1.c -O1 line 17 vari4 == 3 * 17
FAIL: gcc.dg/guality/pr41353-1.c -O1 line 17 vari5 == 4 * 17
FAIL: gcc.dg/guality/pr41353-1.c -O1 line 17 vari6 == 5 * 17
FAIL: gcc.dg/guality/pr41353-1.c -O1 line 28 i == 37
XPASS: gcc.dg/guality/pr41353-1.c -O1 line 28 j == 28 + 37
FAIL: gcc.dg/guality/pr41353-1.c -O1 line 28 i1 == 2 * 37
FAIL: gcc.dg/guality/pr41353-1.c -O1 line 28 i2 == 3 * 37
FAIL: gcc.dg/guality/pr41353-1.c -O1 line 39 i1 == 2 * 12
FAIL: gcc.dg/guality/pr41353-1.c -O1 line 39 i2 == 2 * 12
FAIL: gcc.dg/guality/pr41353-1.c -O1 line 39 i3 == 3 * 12
FAIL: gcc.dg/guality/pr41353-1.c -O2 line 17 vari1 == 2 * 17
FAIL: gcc.dg/guality/pr41353-1.c -O2 line 17 vari2 == 3 * 17
FAIL: gcc.dg/guality/pr41353-1.c -O2 line 17 vari3 == 2 * 17
FAIL: gcc.dg/guality/pr41353-1.c -O2 line 17 vari4 == 3 * 17
FAIL: gcc.dg/guality/pr41353-1.c -O2 line 17 vari5 == 4 * 17
FAIL: gcc.dg/guality/pr41353-1.c -O2 line 17 vari6 == 5 * 17
FAIL: gcc.dg/guality/pr41353-1.c -O2 line 28 i == 37
XPASS: gcc.dg/guality/pr41353-1.c -O2 line 28 j == 28 + 37
FAIL: gcc.dg/guality/pr41353-1.c -O2 line 28 i1 == 2 * 37
FAIL: gcc.dg/guality/pr41353-1.c -O2 line 28 i2 == 3 * 37
FAIL: gcc.dg/guality/pr41353-1.c -O2 line 39 i1 == 2 * 12
FAIL: gcc.dg/guality/pr41353-1.c -O2 line 39 i2 == 2 * 12
FAIL: gcc.dg/guality/pr41353-1.c -O2 line 39 i3 == 3 * 12
FAIL: gcc.dg/guality/pr41353-1.c -O3 -fomit-frame-pointer line 17 vari1 == 2 * 17
FAIL: gcc.dg/guality/pr41353-1.c -O3 -fomit-frame-pointer line 17 vari2 == 3 * 17
FAIL: gcc.dg/guality/pr41353-1.c -O3 -fomit-frame-pointer line 17 vari3 == 2 * 17
FAIL: gcc.dg/guality/pr41353-1.c -O3 -fomit-frame-pointer line 17 vari4 == 3 * 17
FAIL: gcc.dg/guality/pr41353-1.c -O3 -fomit-frame-pointer line 17 vari5 == 4 * 17
FAIL: gcc.dg/guality/pr41353-1.c -O3 -fomit-frame-pointer line 17 vari6 == 5 * 17
FAIL: gcc.dg/guality/pr41353-1.c -O3 -fomit-frame-pointer line 28 i == 37
XPASS: gcc.dg/guality/pr41353-1.c -O3 -fomit-frame-pointer line 28 j == 28 + 37
FAIL: gcc.dg/guality/pr41353-1.c -O3 -fomit-frame-pointer line 28 i1 == 2 * 37
FAIL: gcc.dg/guality/pr41353-1.c -O3 -fomit-frame-pointer line 28 i2 == 3 * 37
FAIL: gcc.dg/guality/pr41353-1.c -O3 -fomit-frame-pointer line 39 i1 == 2 * 12
FAIL: gcc.dg/guality/pr41353-1.c -O3 -fomit-frame-pointer line 39 i2 == 2 * 12
FAIL: gcc.dg/guality/pr41353-1.c -O3 -fomit-frame-pointer line 39 i3 == 3 * 12
FAIL: gcc.dg/guality/pr41353-1.c -O3 -g line 17 vari1 == 2 * 17
FAIL: gcc.dg/guality/pr41353-1.c -O3 -g line 17 vari2 == 3 * 17
FAIL: gcc.dg/guality/pr41353-1.c -O3 -g line 17 vari3 == 2 * 17
FAIL: gcc.dg/guality/pr41353-1.c -O3 -g line 17 vari4 == 3 * 17
FAIL: gcc.dg/guality/pr41353-1.c -O3 -g line 17 vari5 == 4 * 17
FAIL: gcc.dg/guality/pr41353-1.c -O3 -g line 17 vari6 == 5 * 17
FAIL: gcc.dg/guality/pr41353-1.c -O3 -g line 28 i == 37
XPASS: gcc.dg/guality/pr41353-1.c -O3 -g line 28 j == 28 + 37
FAIL: gcc.dg/guality/pr41353-1.c -O3 -g line 28 i1 == 2 * 37
FAIL: gcc.dg/guality/pr41353-1.c -O3 -g line 28 i2 == 3 * 37
FAIL: gcc.dg/guality/pr41353-1.c -O3 -g line 39 i1 == 2 * 12
FAIL: gcc.dg/guality/pr41353-1.c -O3 -g line 39 i2 == 2 * 12
FAIL: gcc.dg/guality/pr41353-1.c -O3 -g line 39 i3 == 3 * 12
FAIL: gcc.dg/guality/pr41353-1.c -Os line 17 vari1 == 2 * 17
FAIL: gcc.dg/guality/pr41353-1.c -Os line 17 vari2 == 3 * 17
FAIL: gcc.dg/guality/pr41353-1.c -Os line 17 vari3 == 2 * 17
FAIL: gcc.dg/guality/pr41353-1.c -Os line 17 vari4 == 3 * 17
FAIL: gcc.dg/guality/pr41353-1.c -Os line 17 vari5 == 4 * 17
FAIL: gcc.dg/guality/pr41353-1.c -Os line 17 vari6 == 5 * 17
FAIL: gcc.dg/guality/pr41353-1.c -Os line 28 i == 37
XPASS: gcc.dg/guality/pr41353-1.c -Os line 28 j == 28 + 37
FAIL: gcc.dg/guality/pr41353-1.c -Os line 28 i1 == 2 * 37
FAIL: gcc.dg/guality/pr41353-1.c -Os line 28 i2 == 3 * 37
FAIL: gcc.dg/guality/pr41353-1.c -Os line 39 i1 == 2 * 12
FAIL: gcc.dg/guality/pr41353-1.c -Os line 39 i2 == 2 * 12
FAIL: gcc.dg/guality/pr41353-1.c -Os line 39 i3 == 3 * 12
FAIL: gcc.dg/guality/pr41353-1.c -O2 -flto -fno-use-linker-plugin -flto-partition=none line 17 vari1 == 2 * 17
FAIL: gcc.dg/guality/pr41353-1.c -O2 -flto -fno-use-linker-plugin -flto-partition=none line 17 vari2 == 3 * 17
FAIL: gcc.dg/guality/pr41353-1.c -O2 -flto -fno-use-linker-plugin -flto-partition=none line 17 vari3 == 2 * 17
FAIL: gcc.dg/guality/pr41353-1.c -O2 -flto -fno-use-linker-plugin -flto-partition=none line 17 vari4 == 3 * 17
FAIL: gcc.dg/guality/pr41353-1.c -O2 -flto -fno-use-linker-plugin -flto-partition=none line 17 vari5 == 4 * 17
FAIL: gcc.dg/guality/pr41353-1.c -O2 -flto -fno-use-linker-plugin -flto-partition=none line 17 vari6 == 5 * 17
FAIL: gcc.dg/guality/pr41353-1.c -O2 -flto -fno-use-linker-plugin -flto-partition=none line 28 i == 37
XPASS: gcc.dg/guality/pr41353-1.c -O2 -flto -fno-use-linker-plugin -flto-partition=none line 28 j == 28 + 37
FAIL: gcc.dg/guality/pr41353-1.c -O2 -flto -fno-use-linker-plugin -flto-partition=none line 28 i1 == 2 * 37
FAIL: gcc.dg/guality/pr41353-1.c -O2 -flto -fno-use-linker-plugin -flto-partition=none line 28 i2 == 3 * 37
FAIL: gcc.dg/guality/pr41353-1.c -O2 -flto -fno-use-linker-plugin -flto-partition=none line 39 i1 == 2 * 12
FAIL: gcc.dg/guality/pr41353-1.c -O2 -flto -fno-use-linker-plugin -flto-partition=none line 39 i2 == 2 * 12
FAIL: gcc.dg/guality/pr41353-1.c -O2 -flto -fno-use-linker-plugin -flto-partition=none line 39 i3 == 3 * 12
FAIL: gcc.dg/guality/pr41353-1.c -O2 -flto -fuse-linker-plugin -fno-fat-lto-objects line 17 vari1 == 2 * 17
FAIL: gcc.dg/guality/pr41353-1.c -O2 -flto -fuse-linker-plugin -fno-fat-lto-objects line 17 vari2 == 3 * 17
FAIL: gcc.dg/guality/pr41353-1.c -O2 -flto -fuse-linker-plugin -fno-fat-lto-objects line 17 vari3 == 2 * 17
FAIL: gcc.dg/guality/pr41353-1.c -O2 -flto -fuse-linker-plugin -fno-fat-lto-objects line 17 vari4 == 3 * 17
FAIL: gcc.dg/guality/pr41353-1.c -O2 -flto -fuse-linker-plugin -fno-fat-lto-objects line 17 vari5 == 4 * 17
FAIL: gcc.dg/guality/pr41353-1.c -O2 -flto -fuse-linker-plugin -fno-fat-lto-objects line 17 vari6 == 5 * 17
FAIL: gcc.dg/guality/pr41353-1.c -O2 -flto -fuse-linker-plugin -fno-fat-lto-objects line 28 i == 37
XPASS: gcc.dg/guality/pr41353-1.c -O2 -flto -fuse-linker-plugin -fno-fat-lto-objects line 28 j == 28 + 37
FAIL: gcc.dg/guality/pr41353-1.c -O2 -flto -fuse-linker-plugin -fno-fat-lto-objects line 28 i1 == 2 * 37
FAIL: gcc.dg/guality/pr41353-1.c -O2 -flto -fuse-linker-plugin -fno-fat-lto-objects line 28 i2 == 3 * 37
FAIL: gcc.dg/guality/pr41353-1.c -O2 -flto -fuse-linker-plugin -fno-fat-lto-objects line 39 i1 == 2 * 12
FAIL: gcc.dg/guality/pr41353-1.c -O2 -flto -fuse-linker-plugin -fno-fat-lto-objects line 39 i2 == 2 * 12
FAIL: gcc.dg/guality/pr41353-1.c -O2 -flto -fuse-linker-plugin -fno-fat-lto-objects line 39 i3 == 3 * 12
FAIL: gcc.dg/guality/pr41353-2.c -O1 line 13 vari1 == 2 * 17
FAIL: gcc.dg/guality/pr41353-2.c -O1 line 13 vari2 == 3 * 17
FAIL: gcc.dg/guality/pr41353-2.c -O2 line 13 vari1 == 2 * 17
FAIL: gcc.dg/guality/pr41353-2.c -O2 line 13 vari2 == 3 * 17
FAIL: gcc.dg/guality/pr41353-2.c -O3 -fomit-frame-pointer line 13 vari1 == 2 * 17
FAIL: gcc.dg/guality/pr41353-2.c -O3 -fomit-frame-pointer line 13 vari2 == 3 * 17
FAIL: gcc.dg/guality/pr41353-2.c -O3 -g line 13 vari1 == 2 * 17
FAIL: gcc.dg/guality/pr41353-2.c -O3 -g line 13 vari2 == 3 * 17
FAIL: gcc.dg/guality/pr41353-2.c -Os line 13 vari1 == 2 * 17
FAIL: gcc.dg/guality/pr41353-2.c -Os line 13 vari2 == 3 * 17
FAIL: gcc.dg/guality/pr41353-2.c -O2 -flto -fno-use-linker-plugin -flto-partition=none line 13 vari1 == 2 * 17
FAIL: gcc.dg/guality/pr41353-2.c -O2 -flto -fno-use-linker-plugin -flto-partition=none line 13 vari2 == 3 * 17
FAIL: gcc.dg/guality/pr41353-2.c -O2 -flto -fuse-linker-plugin -fno-fat-lto-objects line 13 vari1 == 2 * 17
FAIL: gcc.dg/guality/pr41353-2.c -O2 -flto -fuse-linker-plugin -fno-fat-lto-objects line 13 vari2 == 3 * 17
XPASS: gcc.dg/guality/pr41447-1.c -O0 execution test
XPASS: gcc.dg/guality/pr41447-1.c -O1 execution test
XPASS: gcc.dg/guality/pr41447-1.c -O2 execution test
XPASS: gcc.dg/guality/pr41447-1.c -O3 -fomit-frame-pointer execution test
XPASS: gcc.dg/guality/pr41447-1.c -O3 -g execution test
XPASS: gcc.dg/guality/pr41447-1.c -Os execution test
XPASS: gcc.dg/guality/pr41447-1.c -O2 -flto -fno-use-linker-plugin -flto-partition=none execution test
XPASS: gcc.dg/guality/pr41447-1.c -O2 -flto -fuse-linker-plugin -fno-fat-lto-objects execution test
XPASS: gcc.dg/guality/pr41616-1.c -O0 execution test
XPASS: gcc.dg/guality/pr41616-1.c -O1 execution test
XPASS: gcc.dg/guality/pr41616-1.c -O2 execution test
XPASS: gcc.dg/guality/pr41616-1.c -O3 -fomit-frame-pointer execution test
XPASS: gcc.dg/guality/pr41616-1.c -O3 -g execution test
XPASS: gcc.dg/guality/pr41616-1.c -Os execution test
XPASS: gcc.dg/guality/pr41616-1.c -O2 -flto -fno-use-linker-plugin -flto-partition=none execution test
FAIL: gcc.dg/guality/pr43051-1.c -O1 line 40 v == 1
FAIL: gcc.dg/guality/pr43051-1.c -O2 line 40 v == 1
FAIL: gcc.dg/guality/pr43051-1.c -O3 -fomit-frame-pointer line 35 v == 1
FAIL: gcc.dg/guality/pr43051-1.c -O3 -fomit-frame-pointer line 40 v == 1
FAIL: gcc.dg/guality/pr43051-1.c -O3 -fomit-frame-pointer -funroll-loops line 35 v == 1
FAIL: gcc.dg/guality/pr43051-1.c -O3 -fomit-frame-pointer -funroll-loops line 40 v == 1
FAIL: gcc.dg/guality/pr43051-1.c -O3 -fomit-frame-pointer -funroll-all-loops -finline-functions line 35 v == 1
FAIL: gcc.dg/guality/pr43051-1.c -O3 -fomit-frame-pointer -funroll-all-loops -finline-functions line 40 v == 1
FAIL: gcc.dg/guality/pr43051-1.c -O3 -g line 35 v == 1
FAIL: gcc.dg/guality/pr43051-1.c -O3 -g line 40 v == 1
FAIL: gcc.dg/guality/pr43051-1.c -Os line 40 v == 1
FAIL: gcc.dg/guality/pr43051-1.c -O2 -flto -fno-use-linker-plugin -flto-partition=none line 40 v == 1
FAIL: gcc.dg/guality/pr43051-1.c -O2 -flto -fuse-linker-plugin -fno-fat-lto-objects line 40 v == 1
FAIL: gcc.dg/guality/pr43077-1.c -O1 line 19 vara == 1
FAIL: gcc.dg/guality/pr43077-1.c -O1 line 42 c == 3
FAIL: gcc.dg/guality/pr43077-1.c -O2 line 19 vara == 1
FAIL: gcc.dg/guality/pr43077-1.c -O3 -fomit-frame-pointer line 19 vara == 1
FAIL: gcc.dg/guality/pr43077-1.c -O3 -g line 19 vara == 1
FAIL: gcc.dg/guality/pr43077-1.c -Os line 19 vara == 1
FAIL: gcc.dg/guality/pr43077-1.c -O2 -flto -fno-use-linker-plugin -flto-partition=none line 19 vara == 1
FAIL: gcc.dg/guality/pr43077-1.c -O2 -flto -fuse-linker-plugin -fno-fat-lto-objects line 19 vara == 1
FAIL: gcc.dg/guality/pr43177.c -O1 line 15 x == 7
FAIL: gcc.dg/guality/pr43177.c -O1 line 24 x == 7
FAIL: gcc.dg/guality/pr43177.c -O2 line 15 x == 7
FAIL: gcc.dg/guality/pr43177.c -O2 line 24 x == 7
FAIL: gcc.dg/guality/pr43177.c -O3 -fomit-frame-pointer line 15 x == 7
FAIL: gcc.dg/guality/pr43177.c -O3 -fomit-frame-pointer line 24 x == 7
FAIL: gcc.dg/guality/pr43177.c -O3 -g line 15 x == 7
FAIL: gcc.dg/guality/pr43177.c -O3 -g line 24 x == 7
FAIL: gcc.dg/guality/pr43177.c -Os line 15 x == 7
FAIL: gcc.dg/guality/pr43177.c -Os line 24 x == 7
FAIL: gcc.dg/guality/pr43177.c -O2 -flto -fno-use-linker-plugin -flto-partition=none line 15 x == 7
FAIL: gcc.dg/guality/pr43177.c -O2 -flto -fno-use-linker-plugin -flto-partition=none line 24 x == 7
FAIL: gcc.dg/guality/pr43177.c -O2 -flto -fuse-linker-plugin -fno-fat-lto-objects line 15 x == 7
FAIL: gcc.dg/guality/pr43177.c -O2 -flto -fuse-linker-plugin -fno-fat-lto-objects line 24 x == 7
FAIL: gcc.dg/guality/pr45882.c -O1 line 16 b == 7
FAIL: gcc.dg/guality/pr45882.c -O1 line 16 c == 11
FAIL: gcc.dg/guality/pr45882.c -O1 line 16 d == 112
FAIL: gcc.dg/guality/pr45882.c -O1 line 16 e == 142
FAIL: gcc.dg/guality/pr45882.c -O2 line 16 b == 7
FAIL: gcc.dg/guality/pr45882.c -O2 line 16 c == 11
FAIL: gcc.dg/guality/pr45882.c -O2 line 16 d == 112
FAIL: gcc.dg/guality/pr45882.c -O2 line 16 e == 142
FAIL: gcc.dg/guality/pr45882.c -O3 -fomit-frame-pointer line 16 b == 7
FAIL: gcc.dg/guality/pr45882.c -O3 -fomit-frame-pointer line 16 c == 11
FAIL: gcc.dg/guality/pr45882.c -O3 -fomit-frame-pointer line 16 d == 112
FAIL: gcc.dg/guality/pr45882.c -O3 -fomit-frame-pointer line 16 e == 142
FAIL: gcc.dg/guality/pr45882.c -O3 -g line 16 b == 7
FAIL: gcc.dg/guality/pr45882.c -O3 -g line 16 c == 11
FAIL: gcc.dg/guality/pr45882.c -O3 -g line 16 d == 112
FAIL: gcc.dg/guality/pr45882.c -O3 -g line 16 e == 142
FAIL: gcc.dg/guality/pr45882.c -Os line 16 b == 7
FAIL: gcc.dg/guality/pr45882.c -Os line 16 c == 11
FAIL: gcc.dg/guality/pr45882.c -Os line 16 d == 112
FAIL: gcc.dg/guality/pr45882.c -Os line 16 e == 142
FAIL: gcc.dg/guality/pr45882.c -O2 -flto -fno-use-linker-plugin -flto-partition=none line 16 b == 7
FAIL: gcc.dg/guality/pr45882.c -O2 -flto -fno-use-linker-plugin -flto-partition=none line 16 c == 11
FAIL: gcc.dg/guality/pr45882.c -O2 -flto -fno-use-linker-plugin -flto-partition=none line 16 d == 112
FAIL: gcc.dg/guality/pr45882.c -O2 -flto -fno-use-linker-plugin -flto-partition=none line 16 e == 142
FAIL: gcc.dg/guality/pr45882.c -O2 -flto -fuse-linker-plugin -fno-fat-lto-objects line 16 b == 7
FAIL: gcc.dg/guality/pr45882.c -O2 -flto -fuse-linker-plugin -fno-fat-lto-objects line 16 c == 11
FAIL: gcc.dg/guality/pr45882.c -O2 -flto -fuse-linker-plugin -fno-fat-lto-objects line 16 d == 112
FAIL: gcc.dg/guality/pr45882.c -O2 -flto -fuse-linker-plugin -fno-fat-lto-objects line 16 e == 142
FAIL: gcc.dg/guality/sra-1.c -O1 line 43 a.j == 14
FAIL: gcc.dg/guality/sra-1.c -O2 line 43 a.j == 14
FAIL: gcc.dg/guality/sra-1.c -O3 -fomit-frame-pointer line 43 a.j == 14
FAIL: gcc.dg/guality/sra-1.c -O3 -g line 43 a.j == 14
FAIL: gcc.dg/guality/sra-1.c -Os line 43 a.j == 14
FAIL: gcc.dg/guality/sra-1.c -O2 -flto -fno-use-linker-plugin -flto-partition=none line 43 a.j == 14
FAIL: gcc.dg/guality/sra-1.c -O2 -flto -fuse-linker-plugin -fno-fat-lto-objects line 43 a.j == 14
FAIL: gcc.dg/guality/vla-1.c -O2 -flto -fno-use-linker-plugin -flto-partition=none line 17 sizeof (a) == 6
FAIL: gcc.dg/guality/vla-1.c -O2 -flto -fno-use-linker-plugin -flto-partition=none line 24 sizeof (a) == 17 * sizeof (short)
FAIL: gcc.dg/guality/vla-1.c -O2 -flto -fuse-linker-plugin -fno-fat-lto-objects line 17 sizeof (a) == 6
FAIL: gcc.dg/guality/vla-1.c -O2 -flto -fuse-linker-plugin -fno-fat-lto-objects line 24 sizeof (a) == 17 * sizeof (short)
FAIL: gcc.dg/guality/vla-2.c -O2 -flto -fno-use-linker-plugin -flto-partition=none line 16 sizeof (a) == 5 * sizeof (int)
FAIL: gcc.dg/guality/vla-2.c -O2 -flto -fno-use-linker-plugin -flto-partition=none line 25 sizeof (a) == 6 * sizeof (int)
FAIL: gcc.dg/guality/vla-2.c -O2 -flto -fuse-linker-plugin -fno-fat-lto-objects line 16 sizeof (a) == 5 * sizeof (int)
FAIL: gcc.dg/guality/vla-2.c -O2 -flto -fuse-linker-plugin -fno-fat-lto-objects line 25 sizeof (a) == 6 * sizeof (int)
FAIL: gcc.dg/lto/20090116 c_lto_20090116_0.o-c_lto_20090116_0.o link, -O1 -flto -flto-partition=1to1 -fPIC (internal compiler error)
UNRESOLVED: gcc.dg/lto/20090116 c_lto_20090116_0.o-c_lto_20090116_0.o execute -O1 -flto -flto-partition=1to1 -fPIC
UNRESOLVED: gcc.dg/torture/ipa-pta-1.c -O2 -flto -fuse-linker-plugin -fno-fat-lto-objects scan-ipa-dump pta "bar.arg0 = { test4.arg0 test3.arg0 test2.arg0 test1.arg0 }"
UNRESOLVED: gcc.dg/torture/pr23821.c -O2 -flto -fuse-linker-plugin -fno-fat-lto-objects scan-tree-dump ivcanon "Added canonical iv"
UNRESOLVED: gcc.dg/torture/pr39074-2.c -O2 -flto -fuse-linker-plugin -fno-fat-lto-objects scan-tree-dump alias "y.._., points-to vars: { i }"
UNRESOLVED: gcc.dg/torture/pr39074.c -O2 -flto -fuse-linker-plugin -fno-fat-lto-objects scan-tree-dump alias "y.._., points-to vars: { i }"
UNRESOLVED: gcc.dg/torture/pr42898-2.c -O2 -flto -fuse-linker-plugin -fno-fat-lto-objects scan-tree-dump-times optimized "\\*ptr" 1
UNRESOLVED: gcc.dg/torture/pr42898.c -O2 -flto -fuse-linker-plugin -fno-fat-lto-objects scan-tree-dump-times optimized "\\*ptr" 1
UNRESOLVED: gcc.dg/torture/pr45704.c -O2 -flto -fuse-linker-plugin -fno-fat-lto-objects scan-tree-dump-times optimized "={v}" 1
UNRESOLVED: gcc.dg/torture/pr50472.c -O2 -flto -fuse-linker-plugin -fno-fat-lto-objects scan-tree-dump-not optimized "return 1"
UNRESOLVED: gcc.dg/torture/pta-callused-1.c -O2 -flto -fuse-linker-plugin -fno-fat-lto-objects scan-tree-dump alias "p.._., points-to vars: { i j }"
UNRESOLVED: gcc.dg/torture/pta-escape-1.c -O2 -flto -fuse-linker-plugin -fno-fat-lto-objects scan-tree-dump alias "ESCAPED = {[^
UNRESOLVED: gcc.dg/torture/pta-ptrarith-1.c -O2 -flto -fuse-linker-plugin -fno-fat-lto-objects scan-tree-dump alias "ESCAPED = {[^
UNRESOLVED: gcc.dg/torture/pta-ptrarith-2.c -O2 -flto -fuse-linker-plugin -fno-fat-lto-objects scan-tree-dump alias "= { i j }"
UNRESOLVED: gcc.dg/torture/pta-ptrarith-3.c -O2 -flto -fuse-linker-plugin -fno-fat-lto-objects scan-tree-dump alias "q_., points-to vars: { i j k }"
UNRESOLVED: gcc.dg/torture/ssa-pta-fn-1.c -O2 -flto -fuse-linker-plugin -fno-fat-lto-objects scan-tree-dump alias "q_const_., points-to non-local, points-to vars: { i }"
UNRESOLVED: gcc.dg/torture/ssa-pta-fn-1.c -O2 -flto -fuse-linker-plugin -fno-fat-lto-objects scan-tree-dump alias "q_pure_., points-to non-local, points-to escaped, points-to vars: { i }"
UNRESOLVED: gcc.dg/torture/ssa-pta-fn-1.c -O2 -flto -fuse-linker-plugin -fno-fat-lto-objects scan-tree-dump alias "q_normal_., points-to non-local, points-to escaped, points-to vars: { }"
FAIL: gcc.dg/tree-prof/bb-reorg.c execution, -fprofile-use -D_PROFILE_USE
FAIL: gcc.dg/tree-ssa/ssa-dom-thread-4.c scan-tree-dump-times dom1 "Threaded" 3
FAIL: gcc.dg/tree-ssa/vrp47.c scan-tree-dump-times vrp1 "[xy][^ ]* !=" 0
FAIL: gcc.dg/tree-ssa/vrp47.c scan-tree-dump-times dom1 "x[^ ]* & y" 1
FAIL: gcc.dg/vect/vect-widen-shift-s16.c (internal compiler error)
FAIL: gcc.dg/vect/vect-widen-shift-s16.c (test for excess errors)
UNRESOLVED: gcc.dg/vect/vect-widen-shift-s16.c compilation failed to produce executable
FAIL: gcc.dg/vect/vect-widen-shift-s16.c scan-tree-dump-times vect "vectorized 2 loops" 1
FAIL: gcc.dg/vect/slp-36.c (internal compiler error)
FAIL: gcc.dg/vect/slp-36.c (test for excess errors)
FAIL: gcc.dg/vect/vect-widen-shift-s16.c -flto (internal compiler error)
FAIL: gcc.dg/vect/vect-widen-shift-s16.c -flto (test for excess errors)
UNRESOLVED: gcc.dg/vect/vect-widen-shift-s16.c -flto compilation failed to produce executable
FAIL: gcc.dg/vect/vect-widen-shift-s16.c -flto scan-tree-dump-times vect "vectorized 2 loops" 1
FAIL: gcc.dg/vect/slp-36.c -flto (internal compiler error)
FAIL: gcc.dg/vect/slp-36.c -flto (test for excess errors)
XPASS: gcc.dg/vect/no-scevccp-outer-6-global.c scan-tree-dump-times vect "OUTER LOOP VECTORIZED." 1
FAIL: gcc.target/powerpc/ppc-vector-memcpy.c scan-assembler lvx
=== gcc Summary for unix/-m64 ===
# of expected passes 81101
# of unexpected failures 28
# of unexpected successes 1
# of expected failures 271
# of unresolved testcases 19
# of unsupported tests 1713
=== gcc Summary ===
# of expected passes 120451
# of unexpected failures 47
# of unexpected successes 2
# of expected failures 425
# of unresolved testcases 37
# of unsupported tests 2378
/home/guerby/buildt/gcc/xgcc version 4.7.0 20111031 (experimental) [trunk revision 180696] (GCC)
=== gfortran tests ===
Running target unix/-m32
FAIL: gfortran.dg/bessel_6.f90 -O0 execution test
FAIL: gfortran.dg/bessel_6.f90 -O1 execution test
FAIL: gfortran.dg/bessel_6.f90 -O2 execution test
FAIL: gfortran.dg/bessel_6.f90 -O3 -fomit-frame-pointer execution test
FAIL: gfortran.dg/bessel_6.f90 -O3 -fomit-frame-pointer -funroll-loops execution test
FAIL: gfortran.dg/bessel_6.f90 -O3 -fomit-frame-pointer -funroll-all-loops -finline-functions execution test
FAIL: gfortran.dg/bessel_6.f90 -O3 -g execution test
FAIL: gfortran.dg/bessel_6.f90 -Os execution test
XPASS: gfortran.dg/nint_2.f90 -O0 execution test
FAIL: gfortran.dg/select_type_12.f03 -O (internal compiler error)
FAIL: gfortran.dg/select_type_12.f03 -O (test for excess errors)
=== gfortran Summary for unix/-m32 ===
# of expected passes 38079
# of unexpected failures 10
# of unexpected successes 1
# of expected failures 62
# of unsupported tests 202
Running target unix/-m64
FAIL: gfortran.dg/bessel_6.f90 -O0 execution test
FAIL: gfortran.dg/bessel_6.f90 -O1 execution test
FAIL: gfortran.dg/bessel_6.f90 -O2 execution test
FAIL: gfortran.dg/bessel_6.f90 -O3 -fomit-frame-pointer execution test
FAIL: gfortran.dg/bessel_6.f90 -O3 -fomit-frame-pointer -funroll-loops execution test
FAIL: gfortran.dg/bessel_6.f90 -O3 -fomit-frame-pointer -funroll-all-loops -finline-functions execution test
FAIL: gfortran.dg/bessel_6.f90 -O3 -g execution test
FAIL: gfortran.dg/bessel_6.f90 -Os execution test
XPASS: gfortran.dg/nint_2.f90 -O0 execution test
FAIL: gfortran.dg/select_type_12.f03 -O (internal compiler error)
FAIL: gfortran.dg/select_type_12.f03 -O (test for excess errors)
=== gfortran Summary for unix/-m64 ===
# of expected passes 38422
# of unexpected failures 10
# of unexpected successes 1
# of expected failures 62
# of unsupported tests 33
=== gfortran Summary ===
# of expected passes 76501
# of unexpected failures 20
# of unexpected successes 2
# of expected failures 124
# of unsupported tests 235
/home/guerby/buildt/gcc/testsuite/gfortran/../../gfortran version 4.7.0 20111031 (experimental) [trunk revision 180696] (GCC)
=== g++ tests ===
Running target unix/-m32
FAIL: g++.dg/cpp0x/constexpr-rom.C scan-assembler rodata
FAIL: g++.dg/init/copy7.C execution test
=== g++ Summary for unix/-m32 ===
# of expected passes 20878
# of unexpected failures 2
# of expected failures 144
# of unsupported tests 175
Running target unix/-m64
FAIL: g++.dg/init/copy7.C execution test
=== g++ Summary for unix/-m64 ===
# of expected passes 21494
# of unexpected failures 1
# of expected failures 144
# of unsupported tests 171
=== g++ Summary ===
# of expected passes 42372
# of unexpected failures 3
# of expected failures 288
# of unsupported tests 346
/home/guerby/buildt/gcc/testsuite/g++/../../g++ version 4.7.0 20111031 (experimental) [trunk revision 180696] (GCC)
=== gnat tests ===
Running target unix/-m32
=== gnat Summary for unix/-m32 ===
Running target unix/-m64
=== gnat Summary for unix/-m64 ===
=== gnat Summary ===
# of expected passes 1872
# of expected failures 22
# of unsupported tests 18
/home/guerby/buildt/gcc/gnatmake version 4.7.0 20111031 (experimental) [trunk revision 180696]
=== obj-c++ tests ===
Running target unix/-m32
=== obj-c++ Summary for unix/-m32 ===
# of expected passes 64
Running target unix/-m64
=== obj-c++ Summary for unix/-m64 ===
# of expected passes 64
=== obj-c++ Summary ===
# of expected passes 2892
# of expected failures 12
# of unsupported tests 172
/home/guerby/buildt/gcc/testsuite/obj-c++/../../g++ version 4.7.0 20111031 (experimental) [trunk revision 180696] (GCC)
=== objc tests ===
Running target unix/-m32
=== objc Summary for unix/-m32 ===
# of expected passes 1310
Running target unix/-m64
=== objc Summary for unix/-m64 ===
# of expected passes 1310
=== objc Summary ===
# of expected passes 2620
/home/guerby/buildt/gcc/xgcc version 4.7.0 20111031 (experimental) [trunk revision 180696] (GCC)
=== libgomp tests ===
Running target unix/-m32
FAIL: libgomp.graphite/force-parallel-1.c execution test
=== libgomp Summary for unix/-m32 ===
# of expected passes 45
# of unexpected failures 1
Running target unix/-m64
FAIL: libgomp.graphite/force-parallel-1.c execution test
=== libgomp Summary for unix/-m64 ===
# of expected passes 45
# of unexpected failures 1
=== libgomp Summary ===
# of expected passes 5982
# of unexpected failures 2
# of unsupported tests 2
=== libmudflap tests ===
Running target unix/-m32
=== libmudflap Summary for unix/-m32 ===
# of expected passes 264
Running target unix/-m64
=== libmudflap Summary for unix/-m64 ===
# of expected passes 352
=== libmudflap Summary ===
# of expected passes 3321
=== libstdc++ tests ===
Running target unix/-m32
=== libstdc++ Summary for unix/-m32 ===
# of expected passes 8733
# of expected failures 46
# of unsupported tests 141
Running target unix/-m64
FAIL: 22_locale/money_get/get/char/13.cc execution test
FAIL: 22_locale/money_get/get/char/15.cc execution test
FAIL: 22_locale/money_get/get/char/16.cc execution test
FAIL: 22_locale/money_get/get/char/17.cc execution test
FAIL: 22_locale/money_get/get/char/18.cc execution test
FAIL: 22_locale/money_get/get/char/19.cc execution test
FAIL: 22_locale/money_get/get/char/38399.cc execution test
FAIL: 22_locale/money_get/get/char/39168.cc execution test
FAIL: 22_locale/money_get/get/wchar_t/13.cc execution test
FAIL: 22_locale/money_get/get/wchar_t/15.cc execution test
FAIL: 22_locale/money_get/get/wchar_t/16.cc execution test
FAIL: 22_locale/money_get/get/wchar_t/17.cc execution test
FAIL: 22_locale/money_get/get/wchar_t/18.cc execution test
FAIL: 22_locale/money_get/get/wchar_t/19.cc execution test
FAIL: 22_locale/money_get/get/wchar_t/38399.cc execution test
FAIL: 22_locale/money_get/get/wchar_t/39168.cc execution test
FAIL: 22_locale/num_get/get/char/10.cc execution test
FAIL: 22_locale/num_get/get/char/12.cc execution test
FAIL: 22_locale/num_get/get/char/15.cc execution test
FAIL: 22_locale/num_get/get/char/22131.cc execution test
FAIL: 22_locale/num_get/get/char/39168.cc execution test
FAIL: 22_locale/num_get/get/char/7.cc execution test
FAIL: 22_locale/num_get/get/char/9.cc execution test
FAIL: 22_locale/num_get/get/wchar_t/10.cc execution test
FAIL: 22_locale/num_get/get/wchar_t/12.cc execution test
FAIL: 22_locale/num_get/get/wchar_t/15.cc execution test
FAIL: 22_locale/num_get/get/wchar_t/22131.cc execution test
FAIL: 22_locale/num_get/get/wchar_t/39168.cc execution test
FAIL: 22_locale/num_get/get/wchar_t/7.cc execution test
FAIL: 22_locale/num_get/get/wchar_t/9.cc execution test
FAIL: 22_locale/time_get/get_date/char/1.cc execution test
FAIL: 22_locale/time_get/get_date/char/12750.cc execution test
FAIL: 22_locale/time_get/get_date/char/12791.cc execution test
FAIL: 22_locale/time_get/get_date/char/2.cc execution test
FAIL: 22_locale/time_get/get_date/char/26701.cc execution test
FAIL: 22_locale/time_get/get_date/char/wrapped_env.cc execution test
FAIL: 22_locale/time_get/get_date/char/wrapped_locale.cc execution test
FAIL: 22_locale/time_get/get_date/wchar_t/1.cc execution test
FAIL: 22_locale/time_get/get_date/wchar_t/12750.cc execution test
FAIL: 22_locale/time_get/get_date/wchar_t/12791.cc execution test
FAIL: 22_locale/time_get/get_date/wchar_t/2.cc execution test
FAIL: 22_locale/time_get/get_date/wchar_t/26701.cc execution test
FAIL: 22_locale/time_get/get_date/wchar_t/4.cc execution test
FAIL: 22_locale/time_get/get_date/wchar_t/wrapped_env.cc execution test
FAIL: 22_locale/time_get/get_date/wchar_t/wrapped_locale.cc execution test
FAIL: 22_locale/time_get/get_monthname/char/1.cc execution test
FAIL: 22_locale/time_get/get_monthname/char/wrapped_env.cc execution test
FAIL: 22_locale/time_get/get_monthname/char/wrapped_locale.cc execution test
FAIL: 22_locale/time_get/get_monthname/wchar_t/1.cc execution test
FAIL: 22_locale/time_get/get_monthname/wchar_t/wrapped_env.cc execution test
FAIL: 22_locale/time_get/get_monthname/wchar_t/wrapped_locale.cc execution test
FAIL: 22_locale/time_get/get_time/char/1.cc execution test
FAIL: 22_locale/time_get/get_time/char/2.cc execution test
FAIL: 22_locale/time_get/get_time/char/4.cc execution test
FAIL: 22_locale/time_get/get_time/char/wrapped_env.cc execution test
FAIL: 22_locale/time_get/get_time/char/wrapped_locale.cc execution test
FAIL: 22_locale/time_get/get_time/wchar_t/1.cc execution test
FAIL: 22_locale/time_get/get_time/wchar_t/2.cc execution test
FAIL: 22_locale/time_get/get_time/wchar_t/4.cc execution test
FAIL: 22_locale/time_get/get_time/wchar_t/wrapped_env.cc execution test
FAIL: 22_locale/time_get/get_time/wchar_t/wrapped_locale.cc execution test
FAIL: 22_locale/time_get/get_weekday/char/1.cc execution test
FAIL: 22_locale/time_get/get_weekday/char/38081-1.cc execution test
FAIL: 22_locale/time_get/get_weekday/char/wrapped_env.cc execution test
FAIL: 22_locale/time_get/get_weekday/char/wrapped_locale.cc execution test
FAIL: 22_locale/time_get/get_weekday/wchar_t/1.cc execution test
FAIL: 22_locale/time_get/get_weekday/wchar_t/wrapped_env.cc execution test
FAIL: 22_locale/time_get/get_weekday/wchar_t/wrapped_locale.cc execution test
FAIL: 22_locale/time_get/get_year/char/1.cc execution test
FAIL: 22_locale/time_get/get_year/char/wrapped_env.cc execution test
FAIL: 22_locale/time_get/get_year/char/wrapped_locale.cc execution test
FAIL: 22_locale/time_get/get_year/wchar_t/1.cc execution test
FAIL: 22_locale/time_get/get_year/wchar_t/wrapped_env.cc execution test
FAIL: 22_locale/time_get/get_year/wchar_t/wrapped_locale.cc execution test
=== libstdc++ Summary for unix/-m64 ===
# of expected passes 8659
# of unexpected failures 74
# of expected failures 46
# of unsupported tests 141
=== libstdc++ Summary ===
# of expected passes 17392
# of unexpected failures 74
# of expected failures 92
# of unsupported tests 282
Compiler version: 4.7.0 20111031 (experimental) [trunk revision 180696] (GCC)
Platform: powerpc64-unknown-linux-gnu
configure flags: --prefix=/home/guerby/install-180696 --disable-nls --enable-__cxa_atexit --enable-threads=posix --enable-languages=c,c++,objc,obj-c++,fortran,ada,lto