This is the mail archive of the
gcc-testresults@gcc.gnu.org
mailing list for the GCC project.
Results for 4.7.0 20111028 (experimental) [trunk revision 180617] (GCC) testsuite on sparc-sun-solaris2.8
- From: Rainer Orth <ro at CeBiTec dot Uni-Bielefeld dot DE>
- To: gcc-testresults at gcc dot gnu dot org
- Date: Mon, 31 Oct 2011 11:02:44 +0100 (MET)
- Subject: Results for 4.7.0 20111028 (experimental) [trunk revision 180617] (GCC) testsuite on sparc-sun-solaris2.8
LAST_UPDATED: Fri Oct 28 15:20:30 UTC 2011 (revision 180617)
=== acats tests ===
=== acats Summary ===
# of expected passes 2321
# of unexpected failures 0
Native configuration is sparc-sun-solaris2.8
=== g++ tests ===
Running target unix
FAIL: g++.dg/init/copy7.C execution test
WARNING: program timed out.
=== g++ Summary for unix ===
# of expected passes 27499
# of unexpected failures 1
# of expected failures 155
# of unsupported tests 437
Running target unix/-m64
FAIL: g++.dg/init/copy7.C execution test
=== g++ Summary for unix/-m64 ===
# of expected passes 28115
# of unexpected failures 1
# of expected failures 155
# of unsupported tests 432
=== g++ Summary ===
# of expected passes 55614
# of unexpected failures 2
# of expected failures 310
# of unsupported tests 869
/var/gcc/regression/trunk/8-gcc-gas/build/gcc/testsuite/g++/../../g++ version 4.7.0 20111028 (experimental) [trunk revision 180617] (GCC)
=== gcc tests ===
Running target unix
FAIL: gcc.c-torture/compile/20001226-1.c -O2 (test for excess errors)
FAIL: gcc.c-torture/compile/20001226-1.c -O3 -fomit-frame-pointer (test for excess errors)
FAIL: gcc.c-torture/compile/20001226-1.c -O3 -g (test for excess errors)
FAIL: gcc.c-torture/compile/20001226-1.c -Os (test for excess errors)
FAIL: gcc.c-torture/compile/20001226-1.c -O2 -flto -flto-partition=none (test for excess errors)
FAIL: gcc.c-torture/compile/20001226-1.c -O2 -flto (test for excess errors)
FAIL: gcc.c-torture/compile/limits-fndefn.c -O3 -g (test for excess errors)
WARNING: program timed out.
WARNING: program timed out.
WARNING: program timed out.
WARNING: program timed out.
WARNING: program timed out.
WARNING: program timed out.
WARNING: program timed out.
WARNING: program timed out.
FAIL: gcc.dg/pr48141.c (test for excess errors)
FAIL: gcc.dg/strlenopt-22.c (test for excess errors)
WARNING: gcc.dg/strlenopt-22.c compilation failed to produce executable
WARNING: program timed out.
FAIL: gcc.dg/graphite/interchange-8.c (test for excess errors)
WARNING: gcc.dg/graphite/interchange-8.c compilation failed to produce executable
FAIL: gcc.dg/graphite/interchange-8.c scan-tree-dump-times graphite "will be interchanged" 2
WARNING: program timed out.
FAIL: gcc.dg/tree-ssa/vrp47.c scan-tree-dump-times dom1 "x[^ ]* & y" 1
=== gcc Summary for unix ===
# of expected passes 73388
# of unexpected failures 12
# of expected failures 294
# of unsupported tests 1503
Running target unix/-m64
FAIL: gcc.c-torture/compile/limits-fndefn.c -O3 -g (test for excess errors)
WARNING: program timed out.
FAIL: gcc.dg/pr44194-1.c scan-rtl-dump dse1 "global deletions = 2"
FAIL: gcc.dg/strlenopt-22.c (test for excess errors)
WARNING: gcc.dg/strlenopt-22.c compilation failed to produce executable
WARNING: program timed out.
FAIL: gcc.dg/graphite/interchange-8.c (test for excess errors)
WARNING: gcc.dg/graphite/interchange-8.c compilation failed to produce executable
FAIL: gcc.dg/graphite/interchange-8.c scan-tree-dump-times graphite "will be interchanged" 2
FAIL: gcc.dg/tree-ssa/vrp47.c scan-tree-dump-times dom1 "x[^ ]* & y" 1
=== gcc Summary for unix/-m64 ===
# of expected passes 74036
# of unexpected failures 6
# of expected failures 285
# of unsupported tests 1501
=== gcc Summary ===
# of expected passes 147424
# of unexpected failures 18
# of expected failures 579
# of unsupported tests 3004
/var/gcc/regression/trunk/8-gcc-gas/build/gcc/xgcc version 4.7.0 20111028 (experimental) [trunk revision 180617] (GCC)
=== gfortran tests ===
Running target unix
FAIL: gfortran.dg/select_type_12.f03 -O (internal compiler error)
FAIL: gfortran.dg/select_type_12.f03 -O (test for excess errors)
=== gfortran Summary for unix ===
# of expected passes 39295
# of unexpected failures 2
# of expected failures 54
# of unsupported tests 408
Running target unix/-m64
FAIL: gfortran.dg/select_type_12.f03 -O (internal compiler error)
FAIL: gfortran.dg/select_type_12.f03 -O (test for excess errors)
FAIL: gfortran.fortran-torture/execute/entry_4.f90 execution, -O2
FAIL: gfortran.fortran-torture/execute/entry_4.f90 execution, -O2 -fomit-frame-pointer -finline-functions
FAIL: gfortran.fortran-torture/execute/entry_4.f90 execution, -O2 -fomit-frame-pointer -finline-functions -funroll-loops
FAIL: gfortran.fortran-torture/execute/entry_4.f90 execution, -O2 -fbounds-check
FAIL: gfortran.fortran-torture/execute/entry_4.f90 execution, -O3 -g
FAIL: gfortran.fortran-torture/execute/entry_4.f90 execution, -O2 -ftree-vectorize -mcpu=ultrasparc -mvis
=== gfortran Summary for unix/-m64 ===
# of expected passes 39568
# of unexpected failures 8
# of expected failures 54
# of unsupported tests 271
=== gfortran Summary ===
# of expected passes 78863
# of unexpected failures 10
# of expected failures 108
# of unsupported tests 679
/var/gcc/regression/trunk/8-gcc-gas/build/gcc/testsuite/gfortran/../../gfortran version 4.7.0 20111028 (experimental) [trunk revision 180617] (GCC)
=== gnat tests ===
Running target unix
=== gnat Summary for unix ===
# of expected passes 931
# of expected failures 11
# of unsupported tests 12
Running target unix/-m64
=== gnat Summary for unix/-m64 ===
# of expected passes 931
# of expected failures 11
# of unsupported tests 12
=== gnat Summary ===
# of expected passes 1862
# of expected failures 22
# of unsupported tests 24
/var/gcc/regression/trunk/8-gcc-gas/build/gcc/gnatmake version 4.7.0 20111028 (experimental) [trunk revision 180617]
=== obj-c++ tests ===
Running target unix
=== obj-c++ Summary for unix ===
# of expected passes 1450
# of expected failures 2
# of unsupported tests 86
Running target unix/-m64
=== obj-c++ Summary for unix/-m64 ===
# of expected passes 1442
# of expected failures 10
# of unsupported tests 86
=== obj-c++ Summary ===
# of expected passes 2892
# of expected failures 12
# of unsupported tests 172
/var/gcc/regression/trunk/8-gcc-gas/build/gcc/testsuite/obj-c++/../../g++ version 4.7.0 20111028 (experimental) [trunk revision 180617] (GCC)
=== objc tests ===
Running target unix
=== objc Summary for unix ===
# of expected passes 2994
# of unsupported tests 74
Running target unix/-m64
=== objc Summary for unix/-m64 ===
# of expected passes 2994
# of unsupported tests 74
=== objc Summary ===
# of expected passes 5988
# of unsupported tests 148
/var/gcc/regression/trunk/8-gcc-gas/build/gcc/xgcc version 4.7.0 20111028 (experimental) [trunk revision 180617] (GCC)
=== boehm-gc tests ===
Running target unix
=== boehm-gc Summary for unix ===
# of expected passes 12
# of unsupported tests 1
Running target unix/-m64
=== boehm-gc Summary for unix/-m64 ===
# of expected passes 12
# of unsupported tests 1
=== boehm-gc Summary ===
# of expected passes 24
# of unsupported tests 2
=== libffi tests ===
Running target unix
=== libffi Summary for unix ===
# of expected passes 1634
# of expected failures 10
# of unsupported tests 15
Running target unix/-m64
=== libffi Summary for unix/-m64 ===
# of expected passes 1634
# of expected failures 10
# of unsupported tests 15
=== libffi Summary ===
# of expected passes 3268
# of expected failures 20
# of unsupported tests 30
=== libgomp tests ===
Running target unix
FAIL: libgomp.c++/reduction-4.C -O0 execution test
FAIL: libgomp.c++/reduction-4.C -O1 execution test
FAIL: libgomp.c++/reduction-4.C -O2 execution test
FAIL: libgomp.c++/reduction-4.C -O3 -fomit-frame-pointer execution test
FAIL: libgomp.c++/reduction-4.C -O3 -fomit-frame-pointer -funroll-loops execution test
FAIL: libgomp.c++/reduction-4.C -O3 -fomit-frame-pointer -funroll-all-loops -finline-functions execution test
FAIL: libgomp.c++/reduction-4.C -O3 -g execution test
FAIL: libgomp.c++/reduction-4.C -Os execution test
WARNING: program timed out.
WARNING: libgomp.fortran/vla4.f90 -O3 -g compilation failed to produce executable
WARNING: program timed out.
WARNING: libgomp.fortran/vla5.f90 -O3 -g compilation failed to produce executable
FAIL: libgomp.graphite/force-parallel-1.c execution test
=== libgomp Summary for unix ===
# of expected passes 2963
# of unexpected failures 9
# of unsupported tests 10
Running target unix/-m64
FAIL: libgomp.c++/reduction-4.C -O0 execution test
FAIL: libgomp.c++/reduction-4.C -O1 execution test
FAIL: libgomp.c++/reduction-4.C -O2 execution test
FAIL: libgomp.c++/reduction-4.C -O3 -fomit-frame-pointer execution test
FAIL: libgomp.c++/reduction-4.C -O3 -fomit-frame-pointer -funroll-loops execution test
FAIL: libgomp.c++/reduction-4.C -O3 -fomit-frame-pointer -funroll-all-loops -finline-functions execution test
FAIL: libgomp.c++/reduction-4.C -O3 -g execution test
FAIL: libgomp.c++/reduction-4.C -Os execution test
FAIL: libgomp.graphite/force-parallel-1.c execution test
=== libgomp Summary for unix/-m64 ===
# of expected passes 2965
# of unexpected failures 9
# of unsupported tests 10
=== libgomp Summary ===
# of expected passes 5928
# of unexpected failures 18
# of unsupported tests 20
=== libjava tests ===
Running target unix
=== libjava Summary for unix ===
# of expected passes 2574
Running target unix/-m64
=== libjava Summary for unix/-m64 ===
# of expected passes 2574
=== libjava Summary ===
# of expected passes 5148
=== libstdc++ tests ===
Running target unix
FAIL: 30_threads/call_once/49668.cc (test for excess errors)
WARNING: 30_threads/call_once/49668.cc compilation failed to produce executable
FAIL: ext/pb_ds/regression/tree_map_rand.cc (test for excess errors)
WARNING: ext/pb_ds/regression/tree_map_rand.cc compilation failed to produce executable
FAIL: ext/pb_ds/regression/tree_set_rand.cc (test for excess errors)
WARNING: ext/pb_ds/regression/tree_set_rand.cc compilation failed to produce executable
WARNING: program timed out.
WARNING: program timed out.
=== libstdc++ Summary for unix ===
# of expected passes 7508
# of unexpected failures 3
# of expected failures 48
# of unsupported tests 625
Running target unix/-m64
FAIL: 30_threads/call_once/49668.cc (test for excess errors)
WARNING: 30_threads/call_once/49668.cc compilation failed to produce executable
=== libstdc++ Summary for unix/-m64 ===
# of expected passes 7512
# of unexpected failures 1
# of expected failures 48
# of unsupported tests 625
=== libstdc++ Summary ===
# of expected passes 15020
# of unexpected failures 4
# of expected failures 96
# of unsupported tests 1250
Compiler version: 4.7.0 20111028 (experimental) [trunk revision 180617] (GCC)
Platform: sparc-sun-solaris2.8
configure flags: --prefix=/vol/gcc --target=sparc-sun-solaris2.8 --enable-obsolete --enable-objc-gc --with-host-libstdcxx='-L/vol/gcc-4.4/lib -Wl,-Bstatic -lstdc++ -Wl,-Bdynamic -lm' --with-boot-ldflags='-static-libstdc++ -static-libgcc -L/vol/gcc-4.4/lib' --with-as=/vol/gcc/bin/gas-2.21.1 --with-gnu-as --with-gmp-include=/vol/gcc/include --with-gmp-lib=/vol/gcc/lib --with-mpfr-include=/vol/gcc/include --with-mpfr-lib=/vol/gcc/lib --with-mpc-include=/vol/gcc/include --with-mpc-lib=/vol/gcc/lib --enable-languages=all,ada,obj-c++,go --with-ppl-include=/vol/gcc/include --with-ppl-lib=/vol/gcc/lib --with-cloog-include=/vol/gcc/include --with-cloog-lib=/vol/gcc/lib --enable-cloog-backend=ppl --enable-languages=all,ada,obj-c++
BOOT_CFLAGS=-g -O2