This is the mail archive of the
gcc-testresults@gcc.gnu.org
mailing list for the GCC project.
Results for 4.7.0 20111015 (experimental) [trunk revision 180044] (GCC) testsuite on hppa64-hp-hpux11.11
- From: John David Anglin <dave at hiauly3 dot hia dot nrc dot ca>
- To: dave at hiauly3 dot hia dot nrc dot ca, gcc-testresults at gcc dot gnu dot org
- Date: Sun, 16 Oct 2011 20:12:33 -0400 (EDT)
- Subject: Results for 4.7.0 20111015 (experimental) [trunk revision 180044] (GCC) testsuite on hppa64-hp-hpux11.11
Native configuration is hppa64-hp-hpux11.11
=== g++ tests ===
Running target unix
FAIL: g++.dg/init/copy7.C execution test
WARNING: program timed out.
=== g++ Summary ===
# of expected passes 25834
# of unexpected failures 1
# of expected failures 157
# of unsupported tests 601
/test/gnu/gcc/objdir/gcc/testsuite/g++/../../g++ version 4.7.0 20111015 (experimental) [trunk revision 180044] (GCC)
=== gcc tests ===
Running target unix
WARNING: program timed out.
FAIL: gcc.c-torture/compile/limits-fndefn.c -O3 -g (test for excess errors)
WARNING: program timed out.
FAIL: gcc.dg/ipa/ipa-sra-2.c scan-tree-dump eipa_sra "About to replace expr cow_.*D.->red with \\*ISRA"
FAIL: gcc.dg/ipa/ipa-sra-2.c scan-tree-dump eipa_sra "About to replace expr cow_.*D.->green with ISRA"
FAIL: gcc.dg/ipa/ipa-sra-2.c scan-tree-dump eipa_sra "About to replace expr calf_.*D.->red with \\*ISRA"
FAIL: gcc.dg/ipa/ipa-sra-2.c scan-tree-dump eipa_sra "About to replace expr calf_.*D.->green with ISRA"
FAIL: gcc.dg/ipa/ipa-sra-6.c scan-tree-dump-times eipa_sra "foo " 1
FAIL: gcc.dg/lto/20090116 c_lto_20090116_0.o-c_lto_20090116_0.o link, -O1 -flto -flto-partition=1to1 -fPIC (internal compiler error)
UNRESOLVED: gcc.dg/lto/20090116 c_lto_20090116_0.o-c_lto_20090116_0.o execute -O1 -flto -flto-partition=1to1 -fPIC
FAIL: gcc.dg/tree-ssa/vrp47.c scan-tree-dump-times dom1 "x[^ ]* & y" 1
=== gcc Summary ===
# of expected passes 68800
# of unexpected failures 8
# of expected failures 116
# of unresolved testcases 1
# of unsupported tests 1304
/test/gnu/gcc/objdir/gcc/xgcc version 4.7.0 20111015 (experimental) [trunk revision 180044] (GCC)
=== gfortran tests ===
Running target unix
FAIL: gfortran.dg/select_type_12.f03 -O (internal compiler error)
FAIL: gfortran.dg/select_type_12.f03 -O (test for excess errors)
FAIL: gfortran.fortran-torture/execute/entry_4.f90 execution, -O2
FAIL: gfortran.fortran-torture/execute/entry_4.f90 execution, -O2 -fomit-frame-pointer -finline-functions
FAIL: gfortran.fortran-torture/execute/entry_4.f90 execution, -O2 -fomit-frame-pointer -finline-functions -funroll-loops
FAIL: gfortran.fortran-torture/execute/entry_4.f90 execution, -O2 -fbounds-check
FAIL: gfortran.fortran-torture/execute/entry_4.f90 execution, -O3 -g
=== gfortran Summary ===
# of expected passes 38550
# of unexpected failures 7
# of expected failures 41
# of unsupported tests 363
/test/gnu/gcc/objdir/gcc/testsuite/gfortran/../../gfortran version 4.7.0 20111015 (experimental) [trunk revision 180044] (GCC)
=== obj-c++ tests ===
Running target unix
=== obj-c++ Summary ===
# of expected passes 1441
# of expected failures 10
# of unsupported tests 86
/test/gnu/gcc/objdir/gcc/testsuite/obj-c++/../../g++ version 4.7.0 20111015 (experimental) [trunk revision 180044] (GCC)
=== objc tests ===
Running target unix
=== objc Summary ===
# of expected passes 2992
# of unsupported tests 75
/test/gnu/gcc/objdir/gcc/xgcc version 4.7.0 20111015 (experimental) [trunk revision 180044] (GCC)
=== libgomp tests ===
Running target unix
FAIL: libgomp.c++/pr24455.C -O0 (test for excess errors)
WARNING: libgomp.c++/pr24455.C -O0 compilation failed to produce executable
FAIL: libgomp.c++/pr24455.C -O1 (test for excess errors)
WARNING: libgomp.c++/pr24455.C -O1 compilation failed to produce executable
FAIL: libgomp.c++/pr24455.C -O2 (test for excess errors)
WARNING: libgomp.c++/pr24455.C -O2 compilation failed to produce executable
FAIL: libgomp.c++/pr24455.C -O3 -fomit-frame-pointer (test for excess errors)
WARNING: libgomp.c++/pr24455.C -O3 -fomit-frame-pointer compilation failed to produce executable
FAIL: libgomp.c++/pr24455.C -O3 -fomit-frame-pointer -funroll-loops (test for excess errors)
WARNING: libgomp.c++/pr24455.C -O3 -fomit-frame-pointer -funroll-loops compilation failed to produce executable
FAIL: libgomp.c++/pr24455.C -O3 -fomit-frame-pointer -funroll-all-loops -finline-functions (test for excess errors)
WARNING: libgomp.c++/pr24455.C -O3 -fomit-frame-pointer -funroll-all-loops -finline-functions compilation failed to produce executable
FAIL: libgomp.c++/pr24455.C -O3 -g (test for excess errors)
WARNING: libgomp.c++/pr24455.C -O3 -g compilation failed to produce executable
FAIL: libgomp.c++/pr24455.C -Os (test for excess errors)
WARNING: libgomp.c++/pr24455.C -Os compilation failed to produce executable
FAIL: libgomp.fortran/threadprivate4.f90 -O0 (test for excess errors)
WARNING: libgomp.fortran/threadprivate4.f90 -O0 compilation failed to produce executable
FAIL: libgomp.fortran/threadprivate4.f90 -O1 (test for excess errors)
WARNING: libgomp.fortran/threadprivate4.f90 -O1 compilation failed to produce executable
FAIL: libgomp.fortran/threadprivate4.f90 -O2 (test for excess errors)
WARNING: libgomp.fortran/threadprivate4.f90 -O2 compilation failed to produce executable
FAIL: libgomp.fortran/threadprivate4.f90 -O3 -fomit-frame-pointer (test for excess errors)
WARNING: libgomp.fortran/threadprivate4.f90 -O3 -fomit-frame-pointer compilation failed to produce executable
FAIL: libgomp.fortran/threadprivate4.f90 -O3 -fomit-frame-pointer -funroll-loops (test for excess errors)
WARNING: libgomp.fortran/threadprivate4.f90 -O3 -fomit-frame-pointer -funroll-loops compilation failed to produce executable
FAIL: libgomp.fortran/threadprivate4.f90 -O3 -fomit-frame-pointer -funroll-all-loops -finline-functions (test for excess errors)
WARNING: libgomp.fortran/threadprivate4.f90 -O3 -fomit-frame-pointer -funroll-all-loops -finline-functions compilation failed to produce executable
FAIL: libgomp.fortran/threadprivate4.f90 -O3 -g (test for excess errors)
WARNING: libgomp.fortran/threadprivate4.f90 -O3 -g compilation failed to produce executable
FAIL: libgomp.fortran/threadprivate4.f90 -Os (test for excess errors)
WARNING: libgomp.fortran/threadprivate4.f90 -Os compilation failed to produce executable
=== libgomp Summary ===
# of expected passes 2896
# of unexpected failures 16
# of unsupported tests 10
=== libstdc++ tests ===
Running target unix
=== libstdc++ Summary ===
# of expected passes 7146
# of expected failures 46
# of unsupported tests 808
Compiler version: 4.7.0 20111015 (experimental) [trunk revision 180044] (GCC)
Platform: hppa64-hp-hpux11.11
configure flags:Test Run By dave on Sun Oct 16 05:54:35 2011