This is the mail archive of the
gcc-testresults@gcc.gnu.org
mailing list for the GCC project.
Results for 4.7.0 20111012 (experimental) [trunk revision 179835] (GCC) testsuite on i386-pc-solaris2.10
- From: Sean McGovern <sean at seanmcgovern dot ca>
- To: gcc-testresults at gcc dot gnu dot org
- Date: Wed, 12 Oct 2011 07:11:20 -0400 (EDT)
- Subject: Results for 4.7.0 20111012 (experimental) [trunk revision 179835] (GCC) testsuite on i386-pc-solaris2.10
\$ uname -a
SunOS tsukimi 5.10 Generic_142910-17 i86pc i386 i86pc
\$ cat /etc/release
Oracle Solaris 10 9/10 s10x_u9wos_14a X86
Copyright (c) 2010, Oracle and/or its affiliates. All rights reserved.
Assembled 11 August 2010
\$ /usr/local/bin/as --version
GNU assembler (GNU Binutils) 2.21.1
\$ /usr/ccs/bin/ld -V
ld: Software Generation Utilities - Solaris Link Editors: 5.10-1.500
\$ /usr/sbin/psrinfo -pv
The physical processor has 1 virtual processor (0)
x86 (GenuineIntel family 6 model 23 step 6 clock 2393 MHz)
Intel(r) Core(tm)2 Duo CPU T8300 @ 2.40GHz
The physical processor has 1 virtual processor (1)
x86 (GenuineIntel family 6 model 23 step 6 clock 2393 MHz)
Intel(r) Core(tm)2 Duo CPU T8300 @ 2.40GHz
Bootstrapped with :
\$ /usr/sfw/bin/gcc -v
Reading specs from /usr/sfw/lib/gcc/i386-pc-solaris2.10/3.4.3/specs
Configured with: /builds/sfw10-gate/usr/src/cmd/gcc/gcc-3.4.3/configure --prefix=/usr/sfw --with-as=/usr/sfw/bin/gas --with-gnu-as --with-ld=/usr/ccs/bin/ld --without-gnu-ld --enable-languages=c,c++ --enable-shared
Thread model: posix
gcc version 3.4.3 (csl-sol210-3_4-branch+sol_rpath)
********
LAST_UPDATED: Wed Oct 12 02:42:37 UTC 2011 (revision 179835)
Native configuration is i386-pc-solaris2.10
=== g++ tests ===
Running target unix/-m32
FAIL: g++.dg/lto/20100302 cp_lto_20100302_0.o-cp_lto_20100302_1.o link, -flto -fabi-version=2 (internal compiler error)
UNRESOLVED: g++.dg/lto/20100302 cp_lto_20100302_0.o-cp_lto_20100302_1.o execute -flto -fabi-version=2
=== g++ Summary for unix/-m32 ===
# of expected passes 27738
# of unexpected failures 1
# of expected failures 156
# of unresolved testcases 1
# of unsupported tests 193
Running target unix/-m64
FAIL: g++.dg/lto/20100302 cp_lto_20100302_0.o-cp_lto_20100302_1.o link, -flto -fabi-version=2 (internal compiler error)
UNRESOLVED: g++.dg/lto/20100302 cp_lto_20100302_0.o-cp_lto_20100302_1.o execute -flto -fabi-version=2
=== g++ Summary for unix/-m64 ===
# of expected passes 27973
# of unexpected failures 1
# of expected failures 156
# of unresolved testcases 1
# of unsupported tests 391
=== g++ Summary ===
# of expected passes 55711
# of unexpected failures 2
# of expected failures 312
# of unresolved testcases 2
# of unsupported tests 584
/BUILD/gcc/obj-179835/gcc/testsuite/g++/../../g++ version 4.7.0 20111012 (experimental) [trunk revision 179835] (GCC)
=== gcc tests ===
Running target unix/-m32
FAIL: gcc.dg/lto/20090210 c_lto_20090210_0.o-c_lto_20090210_1.o execute -O2 -flto -flto-partition=none
FAIL: gcc.dg/lto/20090210 c_lto_20090210_0.o-c_lto_20090210_1.o execute -O2 -flto -flto-partition=1to1
FAIL: gcc.dg/lto/20090210 c_lto_20090210_0.o-c_lto_20090210_1.o execute -O2 -flto
FAIL: gcc.dg/torture/tls/run-ld.c -O1 execution test
FAIL: gcc.dg/torture/tls/run-ld.c -O2 execution test
FAIL: gcc.dg/torture/tls/run-ld.c -O3 -fomit-frame-pointer execution test
FAIL: gcc.dg/torture/tls/run-ld.c -O3 -g execution test
FAIL: gcc.dg/torture/tls/run-ld.c -Os execution test
FAIL: gcc.dg/torture/tls/run-ld.c -O1 -fpic execution test
FAIL: gcc.dg/torture/tls/run-ld.c -O2 -fpic execution test
FAIL: gcc.dg/torture/tls/run-ld.c -O3 -fomit-frame-pointer -fpic execution test
FAIL: gcc.dg/torture/tls/run-ld.c -O3 -g -fpic execution test
FAIL: gcc.dg/torture/tls/run-ld.c -Os -fpic execution test
FAIL: gcc.dg/torture/tls/run-ld.c -O1 -fPIC execution test
FAIL: gcc.dg/torture/tls/run-ld.c -O2 -fPIC execution test
FAIL: gcc.dg/torture/tls/run-ld.c -O3 -fomit-frame-pointer -fPIC execution test
FAIL: gcc.dg/torture/tls/run-ld.c -O3 -g -fPIC execution test
FAIL: gcc.dg/torture/tls/run-ld.c -Os -fPIC execution test
FAIL: gcc.dg/torture/tls/run-ld.c -O2 -flto -flto-partition=none execution test
FAIL: gcc.dg/torture/tls/run-ld.c -O2 -flto execution test
FAIL: gcc.dg/torture/tls/thr-init-2.c -O2 -fpic execution test
FAIL: gcc.dg/torture/tls/thr-init-2.c -O3 -fomit-frame-pointer -fpic execution test
FAIL: gcc.dg/torture/tls/thr-init-2.c -O3 -g -fpic execution test
FAIL: gcc.dg/torture/tls/thr-init-2.c -O2 -fPIC execution test
FAIL: gcc.dg/torture/tls/thr-init-2.c -O3 -fomit-frame-pointer -fPIC execution test
FAIL: gcc.dg/torture/tls/thr-init-2.c -O3 -g -fPIC execution test
FAIL: gcc.dg/tree-ssa/vrp47.c scan-tree-dump-times dom1 "x[^ ]* & y" 1
FAIL: gcc.target/i386/warn-vect-op-1.c (test for warnings, line 15)
FAIL: gcc.target/i386/warn-vect-op-1.c (test for excess errors)
FAIL: gcc.target/i386/warn-vect-op-3.c (test for warnings, line 12)
FAIL: gcc.target/i386/warn-vect-op-3.c (test for warnings, line 13)
FAIL: gcc.target/i386/warn-vect-op-3.c (test for excess errors)
=== gcc Summary for unix/-m32 ===
# of expected passes 80535
# of unexpected failures 32
# of expected failures 242
# of unsupported tests 1079
Running target unix/-m64
FAIL: gcc.dg/tree-prof/bb-reorg.c execution, -fprofile-use -D_PROFILE_USE
FAIL: gcc.dg/tree-ssa/vrp47.c scan-tree-dump-times dom1 "x[^ ]* & y" 1
=== gcc Summary for unix/-m64 ===
# of expected passes 80760
# of unexpected failures 2
# of expected failures 242
# of unsupported tests 1458
=== gcc Summary ===
# of expected passes 161295
# of unexpected failures 34
# of expected failures 484
# of unsupported tests 2537
/BUILD/gcc/obj-179835/gcc/xgcc version 4.7.0 20111012 (experimental) [trunk revision 179835] (GCC)
=== libgomp tests ===
Running target unix/-m64
=== libgomp Summary for unix/-m64 ===
# of expected passes 282
# of unsupported tests 3
Running target unix/-m32
=== libgomp Summary for unix/-m32 ===
# of expected passes 282
# of unsupported tests 3
=== libgomp Summary ===
# of expected passes 564
# of unsupported tests 6
=== libstdc++ tests ===
Running target unix/-m32
FAIL: 22_locale/num_get/get/char/11.cc execution test
FAIL: 22_locale/num_get/get/char/12.cc execution test
FAIL: 22_locale/num_get/get/char/13.cc execution test
FAIL: 22_locale/num_get/get/char/16.cc execution test
FAIL: 22_locale/num_get/get/char/2.cc execution test
FAIL: 22_locale/num_get/get/char/22131.cc execution test
FAIL: 22_locale/num_get/get/char/23953.cc execution test
FAIL: 22_locale/num_get/get/char/37958.cc execution test
FAIL: 22_locale/num_get/get/char/8.cc execution test
FAIL: 22_locale/num_get/get/wchar_t/11.cc execution test
FAIL: 22_locale/num_get/get/wchar_t/12.cc execution test
FAIL: 22_locale/num_get/get/wchar_t/13.cc execution test
FAIL: 22_locale/num_get/get/wchar_t/16.cc execution test
FAIL: 22_locale/num_get/get/wchar_t/2.cc execution test
FAIL: 22_locale/num_get/get/wchar_t/22131.cc execution test
FAIL: 22_locale/num_get/get/wchar_t/23953.cc execution test
FAIL: 22_locale/num_get/get/wchar_t/37958.cc execution test
FAIL: 22_locale/num_get/get/wchar_t/8.cc execution test
FAIL: 23_containers/unordered_map/debug/construct4_neg.cc (test for excess errors)
UNRESOLVED: 23_containers/unordered_map/debug/construct4_neg.cc compilation failed to produce executable
FAIL: 23_containers/unordered_map/debug/insert4_neg.cc (test for excess errors)
UNRESOLVED: 23_containers/unordered_map/debug/insert4_neg.cc compilation failed to produce executable
FAIL: 23_containers/unordered_multimap/debug/construct4_neg.cc (test for excess errors)
UNRESOLVED: 23_containers/unordered_multimap/debug/construct4_neg.cc compilation failed to produce executable
FAIL: 23_containers/unordered_multimap/debug/insert4_neg.cc (test for excess errors)
UNRESOLVED: 23_containers/unordered_multimap/debug/insert4_neg.cc compilation failed to produce executable
FAIL: 23_containers/unordered_multiset/debug/construct4_neg.cc (test for excess errors)
UNRESOLVED: 23_containers/unordered_multiset/debug/construct4_neg.cc compilation failed to produce executable
FAIL: 23_containers/unordered_multiset/debug/insert4_neg.cc (test for excess errors)
UNRESOLVED: 23_containers/unordered_multiset/debug/insert4_neg.cc compilation failed to produce executable
FAIL: 23_containers/unordered_set/debug/construct4_neg.cc (test for excess errors)
UNRESOLVED: 23_containers/unordered_set/debug/construct4_neg.cc compilation failed to produce executable
FAIL: 23_containers/unordered_set/debug/insert4_neg.cc (test for excess errors)
UNRESOLVED: 23_containers/unordered_set/debug/insert4_neg.cc compilation failed to produce executable
=== libstdc++ Summary for unix/-m32 ===
# of expected passes 7760
# of unexpected failures 26
# of expected failures 40
# of unresolved testcases 8
# of unsupported tests 503
Running target unix/-m64
FAIL: 22_locale/num_get/get/char/11.cc execution test
FAIL: 22_locale/num_get/get/char/12.cc execution test
FAIL: 22_locale/num_get/get/char/13.cc execution test
FAIL: 22_locale/num_get/get/char/16.cc execution test
FAIL: 22_locale/num_get/get/char/2.cc execution test
FAIL: 22_locale/num_get/get/char/22131.cc execution test
FAIL: 22_locale/num_get/get/char/23953.cc execution test
FAIL: 22_locale/num_get/get/char/37958.cc execution test
FAIL: 22_locale/num_get/get/char/39802.cc execution test
FAIL: 22_locale/num_get/get/char/8.cc execution test
FAIL: 22_locale/num_get/get/wchar_t/11.cc execution test
FAIL: 22_locale/num_get/get/wchar_t/12.cc execution test
FAIL: 22_locale/num_get/get/wchar_t/13.cc execution test
FAIL: 22_locale/num_get/get/wchar_t/16.cc execution test
FAIL: 22_locale/num_get/get/wchar_t/2.cc execution test
FAIL: 22_locale/num_get/get/wchar_t/22131.cc execution test
FAIL: 22_locale/num_get/get/wchar_t/23953.cc execution test
FAIL: 22_locale/num_get/get/wchar_t/37958.cc execution test
FAIL: 22_locale/num_get/get/wchar_t/39802.cc execution test
FAIL: 22_locale/num_get/get/wchar_t/8.cc execution test
FAIL: 22_locale/num_put/put/char/14220.cc execution test
FAIL: 22_locale/num_put/put/wchar_t/14220.cc execution test
FAIL: 23_containers/unordered_map/debug/construct4_neg.cc (test for excess errors)
UNRESOLVED: 23_containers/unordered_map/debug/construct4_neg.cc compilation failed to produce executable
FAIL: 23_containers/unordered_map/debug/insert4_neg.cc (test for excess errors)
UNRESOLVED: 23_containers/unordered_map/debug/insert4_neg.cc compilation failed to produce executable
FAIL: 23_containers/unordered_multimap/debug/construct4_neg.cc (test for excess errors)
UNRESOLVED: 23_containers/unordered_multimap/debug/construct4_neg.cc compilation failed to produce executable
FAIL: 23_containers/unordered_multimap/debug/insert4_neg.cc (test for excess errors)
UNRESOLVED: 23_containers/unordered_multimap/debug/insert4_neg.cc compilation failed to produce executable
FAIL: 23_containers/unordered_multiset/debug/construct4_neg.cc (test for excess errors)
UNRESOLVED: 23_containers/unordered_multiset/debug/construct4_neg.cc compilation failed to produce executable
FAIL: 23_containers/unordered_multiset/debug/insert4_neg.cc (test for excess errors)
UNRESOLVED: 23_containers/unordered_multiset/debug/insert4_neg.cc compilation failed to produce executable
FAIL: 23_containers/unordered_set/debug/construct4_neg.cc (test for excess errors)
UNRESOLVED: 23_containers/unordered_set/debug/construct4_neg.cc compilation failed to produce executable
FAIL: 23_containers/unordered_set/debug/insert4_neg.cc (test for excess errors)
UNRESOLVED: 23_containers/unordered_set/debug/insert4_neg.cc compilation failed to produce executable
=== libstdc++ Summary for unix/-m64 ===
# of expected passes 7758
# of unexpected failures 30
# of expected failures 38
# of unresolved testcases 8
# of unsupported tests 503
=== libstdc++ Summary ===
# of expected passes 15518
# of unexpected failures 56
# of expected failures 78
# of unresolved testcases 16
# of unsupported tests 1006
=== libstdc++ Summary ===
Compiler version: 4.7.0 20111012 (experimental) [trunk revision 179835] (GCC)
Platform: i386-pc-solaris2.10
configure flags: --prefix=/BUILD/gcc/179835 --target=i386-pc-solaris2.10 --enable-checking --with-gnu-as --with-as=/usr/local/bin/as --with-gmp=/opt/gnu --with-mpfr=/opt/gnu --with-mpc=/opt/gnu --disable-libmudflap --disable-libssp --enable-languages=c,c++ --program-suffix=-trunk
BOOT_CFLAGS=-g -O2