This is the mail archive of the
gcc-testresults@gcc.gnu.org
mailing list for the GCC project.
Results for 4.7.0 20111006 (experimental) [trunk revision 179592] (GCC) testsuite on cris-axis-elf
- From: Hans-Peter Nilsson <hans-peter dot nilsson at axis dot com>
- To: gcc-testresults at gcc dot gnu dot org
- Date: Thu, 6 Oct 2011 14:46:59 +0200
- Subject: Results for 4.7.0 20111006 (experimental) [trunk revision 179592] (GCC) testsuite on cris-axis-elf
(No regressions counting from T0=2007-01-05-16:47:21 or 2007-02-04-06:30:05/r121568)
LAST_UPDATED: Thu Oct 6 07:12:07 UTC 2011 (revision 179592)
Target is cris-axis-elf
Host is cris-axis-elf
=== libstdc++ tests ===
Running target cris-sim
FAIL: 27_io/objects/char/6.cc execution test
FAIL: 27_io/objects/wchar_t/6.cc execution test
=== libstdc++ Summary ===
# of expected passes 7159
# of unexpected failures 2
# of expected failures 46
# of unsupported tests 565
Host is x86_64-unknown-linux-gnu
=== newlib tests ===
Running target cris-sim
FAIL: newlib.locale/UTF-8.c output
=== newlib Summary ===
# of expected passes 25
# of unexpected failures 1
Host is x86_64-unknown-linux-gnu
=== newlib tests ===
Running target cris-sim
FAIL: newlib.locale/UTF-8.c output
=== newlib Summary ===
# of expected passes 25
# of unexpected failures 1
Host is x86_64-unknown-linux-gnu
=== newlib tests ===
Running target cris-sim
FAIL: newlib.iconv/iconvjp.c compilation
UNRESOLVED: newlib.iconv/iconvjp.c execution
FAIL: newlib.iconv/iconvru.c compilation
UNRESOLVED: newlib.iconv/iconvru.c execution
FAIL: newlib.iconv/iconvnm.c compilation
UNRESOLVED: newlib.iconv/iconvnm.c execution
FAIL: newlib.locale/UTF-8.c compilation
UNRESOLVED: newlib.locale/UTF-8.c output
FAIL: newlib.search/hsearchtest.c compilation
UNRESOLVED: newlib.search/hsearchtest.c execution
FAIL: newlib.stdio/swprintf.c compilation
UNRESOLVED: newlib.stdio/swprintf.c execution
FAIL: newlib.stdlib/atexit.c compilation
UNRESOLVED: newlib.stdlib/atexit.c output
FAIL: newlib.stdlib/size_max.c compilation
UNRESOLVED: newlib.stdlib/size_max.c execution
FAIL: newlib.string/memmove1.c compilation
UNRESOLVED: newlib.string/memmove1.c execution
FAIL: newlib.string/tstring.c compilation
UNRESOLVED: newlib.string/tstring.c execution
FAIL: newlib.wctype/tiswctype.c compilation
UNRESOLVED: newlib.wctype/tiswctype.c execution
FAIL: newlib.wctype/twctrans.c compilation
UNRESOLVED: newlib.wctype/twctrans.c execution
FAIL: newlib.wctype/twctype.c compilation
UNRESOLVED: newlib.wctype/twctype.c execution
=== newlib Summary ===
# of unexpected failures 13
# of unresolved testcases 13
Host is x86_64-unknown-linux-gnu
=== g++ tests ===
Running target cris-sim
FAIL: g++.dg/debug/dwarf2/nested-2.C scan-assembler [^\\n\\r]*\\\\(DIE[^\\n\\r]*DW_TAG_structure_type\\\\)[\\n\\r]+[^\\n\\r]*"S\\\\\\\\0"[ \\t]+([@|#;!]|//?)[ \\t]+DW_AT_name[\\n\\r]+(.*)?\\\\(DIE[^\\n\\r]*DW_TAG_structure_type\\\\)[\\n\\r]+[^\\n\\r]*"T<int>\\\\\\\\0"[ \\t]+(.*)?\\\\(DIE[^\\n\\r]*DW_TAG_template_type_param\\\\)[\\n\\r]+[^\\n\\r]*[\\n\\r]+[^\\n\\r]*[\\n\\r]+[^\\n\\r]*([@|#;!]|//?)[ \\t]+end of children of DIE[^\\n\\r]*[\\n\\r]+[^\\n\\r]*end of children of DIE[^\\n\\r]*
FAIL: g++.dg/abi/vbase10.C (test for warnings, line 13)
FAIL: g++.dg/init/copy7.C execution test
FAIL: g++.dg/opt/enum2.C (test for excess errors)
WARNING: g++.dg/opt/enum2.C compilation failed to produce executable
FAIL: g++.dg/lto/20090303 cp_lto_20090303_0.o assemble, -flto -flto-partition=1to1 -fPIC
UNRESOLVED: g++.dg/lto/20090303 cp_lto_20090303_0.o-cp_lto_20090303_0.o link -flto -flto-partition=1to1
UNRESOLVED: g++.dg/lto/20090303 cp_lto_20090303_0.o-cp_lto_20090303_0.o execute -flto -flto-partition=1to1
=== g++ Summary ===
# of expected passes 26199
# of unexpected failures 5
# of expected failures 154
# of unresolved testcases 2
# of unsupported tests 440
/tmp/hpautotest-gcc1/cris-elf/gccobj/gcc/testsuite/g++/../../g++ version 4.7.0 20111006 (experimental) [trunk revision 179592] (GCC)
Host is x86_64-unknown-linux-gnu
=== gcc tests ===
Running target cris-sim
FAIL: gcc.c-torture/execute/20101011-1.c execution, -O0
FAIL: gcc.c-torture/execute/20101011-1.c execution, -O1
FAIL: gcc.c-torture/execute/20101011-1.c execution, -O2
FAIL: gcc.c-torture/execute/20101011-1.c execution, -O3 -fomit-frame-pointer
FAIL: gcc.c-torture/execute/20101011-1.c execution, -O3 -g
FAIL: gcc.c-torture/execute/20101011-1.c execution, -Os
FAIL: gcc.c-torture/execute/20101011-1.c execution, -O2 -flto -flto-partition=none
FAIL: gcc.c-torture/execute/20101011-1.c execution, -O2 -flto
FAIL: gcc.c-torture/execute/vector-compare-1.c compilation, -O1 (internal compiler error)
UNRESOLVED: gcc.c-torture/execute/vector-compare-1.c execution, -O1
FAIL: gcc.c-torture/execute/vector-compare-1.c compilation, -O2 (internal compiler error)
UNRESOLVED: gcc.c-torture/execute/vector-compare-1.c execution, -O2
FAIL: gcc.c-torture/execute/vector-compare-1.c compilation, -O3 -fomit-frame-pointer (internal compiler error)
UNRESOLVED: gcc.c-torture/execute/vector-compare-1.c execution, -O3 -fomit-frame-pointer
FAIL: gcc.c-torture/execute/vector-compare-1.c compilation, -O3 -g (internal compiler error)
UNRESOLVED: gcc.c-torture/execute/vector-compare-1.c execution, -O3 -g
FAIL: gcc.c-torture/execute/vector-compare-1.c compilation, -Os (internal compiler error)
UNRESOLVED: gcc.c-torture/execute/vector-compare-1.c execution, -Os
FAIL: gcc.c-torture/execute/vector-compare-1.c compilation, -O2 -flto -flto-partition=none (internal compiler error)
UNRESOLVED: gcc.c-torture/execute/vector-compare-1.c execution, -O2 -flto -flto-partition=none
FAIL: gcc.c-torture/execute/vector-compare-1.c compilation, -O2 -flto (internal compiler error)
UNRESOLVED: gcc.c-torture/execute/vector-compare-1.c execution, -O2 -flto
FAIL: gcc.dg/const-uniq-1.c scan-tree-dump-times gimple "L\\\$?C0" 2
FAIL: gcc.dg/large-size-array-2.c (internal compiler error)
FAIL: gcc.dg/large-size-array-2.c (test for errors, line 6)
FAIL: gcc.dg/large-size-array-2.c (test for excess errors)
FAIL: gcc.dg/large-size-array-4.c (internal compiler error)
FAIL: gcc.dg/large-size-array-4.c (test for errors, line 6)
FAIL: gcc.dg/large-size-array-4.c (test for excess errors)
FAIL: gcc.dg/pr42629.c (test for excess errors)
FAIL: gcc.dg/pr45259.c (test for excess errors)
FAIL: gcc.dg/pr46309.c scan-tree-dump-times reassoc1 "Optimizing range tests a_[0-9]*.D. -.1, 1. and -.2, 2. and -.3, 3. and -.4, 4.[
FAIL: gcc.dg/pr46309.c scan-tree-dump-times reassoc1 "Optimizing range tests a_[0-9]*.D. -.1, 1. and -.3, 3.[
FAIL: gcc.dg/pr46309.c scan-tree-dump-times reassoc1 "Optimizing range tests a_[0-9]*.D. -.1, 1. and -.2, 2.[
FAIL: gcc.dg/pr46309.c scan-tree-dump-times reassoc1 "Optimizing range tests a_[0-9]*.D. -.0, 31. and -.64, 95.[
FAIL: gcc.dg/pr46309.c scan-tree-dump-times reassoc1 "Optimizing range tests a_[0-9]*.D. -.128, 159. and -.192, 223.[
FAIL: gcc.dg/pr46309.c scan-tree-dump-times reassoc2 "Optimizing range tests D.[0-9]*_[0-9]* -.0, 31. and -.128, 159.[
FAIL: gcc.dg/pr46647.c scan-tree-dump-not optimized "memset"
FAIL: gcc.dg/pr47276.c (test for excess errors)
FAIL: gcc.dg/pr50251.c (internal compiler error)
FAIL: gcc.dg/pr50251.c (test for excess errors)
FAIL: gcc.dg/stack-usage-1.c (test for excess errors)
FAIL: gcc.dg/stack-usage-1.c scan-file foo\\t(256|264)\\tstatic
FAIL: gcc.dg/stack-usage-2.c (test for bogus messages, line 9)
FAIL: gcc.dg/stack-usage-2.c (test for warnings, line 16)
FAIL: gcc.dg/stack-usage-2.c (test for warnings, line 26)
FAIL: gcc.dg/stack-usage-2.c (test for warnings, line 33)
FAIL: gcc.dg/strlenopt-10.c scan-tree-dump-times strlen "memcpy \\(" 8
FAIL: gcc.dg/strlenopt-11.c scan-tree-dump-times strlen "memcpy \\(" 7
FAIL: gcc.dg/strlenopt-11.c scan-tree-dump-times strlen " D.[0-9_]* = strlen \\([^
FAIL: gcc.dg/strlenopt-11.c scan-tree-dump-times strlen " D.[0-9_]* = strlen \\([^
FAIL: gcc.dg/strlenopt-11.c scan-tree-dump-times strlen " D.[0-9_]* = strlen \\([^
FAIL: gcc.dg/strlenopt-13.c scan-tree-dump-times strlen "memcpy \\(" 7
FAIL: gcc.dg/strlenopt-13.c scan-tree-dump-times strlen " D.[0-9_]* = strlen \\([^
FAIL: gcc.dg/strlenopt-13.c scan-tree-dump-times strlen " D.[0-9_]* = strlen \\([^
FAIL: gcc.dg/strlenopt-13.c scan-tree-dump-times strlen " D.[0-9_]* = strlen \\([^
FAIL: gcc.dg/strlenopt-13.c scan-tree-dump-times strlen " D.[0-9_]* = strlen \\([^
FAIL: gcc.dg/trampoline-1.c execution test
XPASS: gcc.dg/uninit-B.c uninit i warning (test for warnings, line 12)
XPASS: gcc.dg/uninit-pr19430.c (test for warnings, line 32)
XPASS: gcc.dg/uninit-pr19430.c uninitialized (test for warnings, line 41)
FAIL: gcc.dg/lto/20081222 c_lto_20081222_1.o assemble, -O0 -flto -flto-partition=none
UNRESOLVED: gcc.dg/lto/20081222 c_lto_20081222_0.o-c_lto_20081222_1.o link -O0 -flto -flto-partition=none
UNRESOLVED: gcc.dg/lto/20081222 c_lto_20081222_0.o-c_lto_20081222_1.o execute -O0 -flto -flto-partition=none
FAIL: gcc.dg/lto/20081222 c_lto_20081222_1.o assemble, -O2 -flto -flto-partition=none
UNRESOLVED: gcc.dg/lto/20081222 c_lto_20081222_0.o-c_lto_20081222_1.o link -O2 -flto -flto-partition=none
UNRESOLVED: gcc.dg/lto/20081222 c_lto_20081222_0.o-c_lto_20081222_1.o execute -O2 -flto -flto-partition=none
FAIL: gcc.dg/lto/20081222 c_lto_20081222_1.o assemble, -O0 -flto -flto-partition=1to1
UNRESOLVED: gcc.dg/lto/20081222 c_lto_20081222_0.o-c_lto_20081222_1.o link -O0 -flto -flto-partition=1to1
UNRESOLVED: gcc.dg/lto/20081222 c_lto_20081222_0.o-c_lto_20081222_1.o execute -O0 -flto -flto-partition=1to1
FAIL: gcc.dg/lto/20081222 c_lto_20081222_1.o assemble, -O2 -flto -flto-partition=1to1
UNRESOLVED: gcc.dg/lto/20081222 c_lto_20081222_0.o-c_lto_20081222_1.o link -O2 -flto -flto-partition=1to1
UNRESOLVED: gcc.dg/lto/20081222 c_lto_20081222_0.o-c_lto_20081222_1.o execute -O2 -flto -flto-partition=1to1
FAIL: gcc.dg/lto/20081222 c_lto_20081222_1.o assemble, -O0 -flto
UNRESOLVED: gcc.dg/lto/20081222 c_lto_20081222_0.o-c_lto_20081222_1.o link -O0 -flto
UNRESOLVED: gcc.dg/lto/20081222 c_lto_20081222_0.o-c_lto_20081222_1.o execute -O0 -flto
FAIL: gcc.dg/lto/20081222 c_lto_20081222_1.o assemble, -O2 -flto
UNRESOLVED: gcc.dg/lto/20081222 c_lto_20081222_0.o-c_lto_20081222_1.o link -O2 -flto
UNRESOLVED: gcc.dg/lto/20081222 c_lto_20081222_0.o-c_lto_20081222_1.o execute -O2 -flto
FAIL: gcc.dg/lto/pr46940 c_lto_pr46940_0.o assemble, -O0 -flto -flto-partition=none
UNRESOLVED: gcc.dg/lto/pr46940 c_lto_pr46940_0.o-c_lto_pr46940_1.o link -O0 -flto -flto-partition=none
UNRESOLVED: gcc.dg/lto/pr46940 c_lto_pr46940_0.o-c_lto_pr46940_1.o execute -O0 -flto -flto-partition=none
FAIL: gcc.dg/lto/pr46940 c_lto_pr46940_0.o assemble, -O2 -flto -flto-partition=none
UNRESOLVED: gcc.dg/lto/pr46940 c_lto_pr46940_0.o-c_lto_pr46940_1.o link -O2 -flto -flto-partition=none
UNRESOLVED: gcc.dg/lto/pr46940 c_lto_pr46940_0.o-c_lto_pr46940_1.o execute -O2 -flto -flto-partition=none
FAIL: gcc.dg/lto/pr46940 c_lto_pr46940_0.o assemble, -O0 -flto -flto-partition=1to1
UNRESOLVED: gcc.dg/lto/pr46940 c_lto_pr46940_0.o-c_lto_pr46940_1.o link -O0 -flto -flto-partition=1to1
UNRESOLVED: gcc.dg/lto/pr46940 c_lto_pr46940_0.o-c_lto_pr46940_1.o execute -O0 -flto -flto-partition=1to1
FAIL: gcc.dg/lto/pr46940 c_lto_pr46940_0.o assemble, -O2 -flto -flto-partition=1to1
UNRESOLVED: gcc.dg/lto/pr46940 c_lto_pr46940_0.o-c_lto_pr46940_1.o link -O2 -flto -flto-partition=1to1
UNRESOLVED: gcc.dg/lto/pr46940 c_lto_pr46940_0.o-c_lto_pr46940_1.o execute -O2 -flto -flto-partition=1to1
FAIL: gcc.dg/lto/pr46940 c_lto_pr46940_0.o assemble, -O0 -flto
UNRESOLVED: gcc.dg/lto/pr46940 c_lto_pr46940_0.o-c_lto_pr46940_1.o link -O0 -flto
UNRESOLVED: gcc.dg/lto/pr46940 c_lto_pr46940_0.o-c_lto_pr46940_1.o execute -O0 -flto
FAIL: gcc.dg/lto/pr46940 c_lto_pr46940_0.o assemble, -O2 -flto
UNRESOLVED: gcc.dg/lto/pr46940 c_lto_pr46940_0.o-c_lto_pr46940_1.o link -O2 -flto
UNRESOLVED: gcc.dg/lto/pr46940 c_lto_pr46940_0.o-c_lto_pr46940_1.o execute -O2 -flto
FAIL: gcc.dg/torture/pr48044.c -O0 (test for excess errors)
FAIL: gcc.dg/torture/pr48044.c -O1 (test for excess errors)
FAIL: gcc.dg/torture/pr48044.c -O2 (test for excess errors)
FAIL: gcc.dg/torture/pr48044.c -O3 -fomit-frame-pointer (test for excess errors)
FAIL: gcc.dg/torture/pr48044.c -O3 -g (test for excess errors)
FAIL: gcc.dg/torture/pr48044.c -Os (test for excess errors)
FAIL: gcc.dg/torture/pr48044.c -O2 -flto -flto-partition=none (test for excess errors)
FAIL: gcc.dg/torture/pr48044.c -O2 -flto (test for excess errors)
FAIL: gcc.dg/tree-ssa/ssa-dom-thread-4.c scan-tree-dump-times dom1 "Threaded" 3
FAIL: gcc.dg/tree-ssa/vrp47.c scan-tree-dump-times vrp1 "[xy][^ ]* !=" 0
FAIL: gcc.dg/tree-ssa/vrp47.c scan-tree-dump-times dom1 "x[^ ]* & y" 1
FAIL: gcc.dg/tree-ssa/vrp47.c scan-tree-dump-times vrp1 "x[^ ]* [|] y" 1
=== gcc Summary ===
# of expected passes 68902
# of unexpected failures 75
# of unexpected successes 3
# of expected failures 98
# of unresolved testcases 31
# of unsupported tests 1098
/tmp/hpautotest-gcc1/cris-elf/gccobj/gcc/xgcc version 4.7.0 20111006 (experimental) [trunk revision 179592] (GCC)
Host is x86_64-unknown-linux-gnu
=== gfortran tests ===
Running target cris-sim
FAIL: gfortran.dg/chmod_1.f90 -O0 (test for excess errors)
WARNING: gfortran.dg/chmod_1.f90 -O0 compilation failed to produce executable
FAIL: gfortran.dg/chmod_1.f90 -O1 (test for excess errors)
WARNING: gfortran.dg/chmod_1.f90 -O1 compilation failed to produce executable
FAIL: gfortran.dg/chmod_1.f90 -O2 (test for excess errors)
WARNING: gfortran.dg/chmod_1.f90 -O2 compilation failed to produce executable
FAIL: gfortran.dg/chmod_1.f90 -O3 -fomit-frame-pointer (test for excess errors)
WARNING: gfortran.dg/chmod_1.f90 -O3 -fomit-frame-pointer compilation failed to produce executable
FAIL: gfortran.dg/chmod_1.f90 -O3 -fomit-frame-pointer -funroll-loops (test for excess errors)
WARNING: gfortran.dg/chmod_1.f90 -O3 -fomit-frame-pointer -funroll-loops compilation failed to produce executable
FAIL: gfortran.dg/chmod_1.f90 -O3 -fomit-frame-pointer -funroll-all-loops -finline-functions (test for excess errors)
WARNING: gfortran.dg/chmod_1.f90 -O3 -fomit-frame-pointer -funroll-all-loops -finline-functions compilation failed to produce executable
FAIL: gfortran.dg/chmod_1.f90 -O3 -g (test for excess errors)
WARNING: gfortran.dg/chmod_1.f90 -O3 -g compilation failed to produce executable
FAIL: gfortran.dg/chmod_1.f90 -Os (test for excess errors)
WARNING: gfortran.dg/chmod_1.f90 -Os compilation failed to produce executable
FAIL: gfortran.dg/chmod_2.f90 -O0 (test for excess errors)
WARNING: gfortran.dg/chmod_2.f90 -O0 compilation failed to produce executable
FAIL: gfortran.dg/chmod_2.f90 -O1 (test for excess errors)
WARNING: gfortran.dg/chmod_2.f90 -O1 compilation failed to produce executable
FAIL: gfortran.dg/chmod_2.f90 -O2 (test for excess errors)
WARNING: gfortran.dg/chmod_2.f90 -O2 compilation failed to produce executable
FAIL: gfortran.dg/chmod_2.f90 -O3 -fomit-frame-pointer (test for excess errors)
WARNING: gfortran.dg/chmod_2.f90 -O3 -fomit-frame-pointer compilation failed to produce executable
FAIL: gfortran.dg/chmod_2.f90 -O3 -fomit-frame-pointer -funroll-loops (test for excess errors)
WARNING: gfortran.dg/chmod_2.f90 -O3 -fomit-frame-pointer -funroll-loops compilation failed to produce executable
FAIL: gfortran.dg/chmod_2.f90 -O3 -fomit-frame-pointer -funroll-all-loops -finline-functions (test for excess errors)
WARNING: gfortran.dg/chmod_2.f90 -O3 -fomit-frame-pointer -funroll-all-loops -finline-functions compilation failed to produce executable
FAIL: gfortran.dg/chmod_2.f90 -O3 -g (test for excess errors)
WARNING: gfortran.dg/chmod_2.f90 -O3 -g compilation failed to produce executable
FAIL: gfortran.dg/chmod_2.f90 -Os (test for excess errors)
WARNING: gfortran.dg/chmod_2.f90 -Os compilation failed to produce executable
FAIL: gfortran.dg/chmod_3.f90 -O0 (test for excess errors)
WARNING: gfortran.dg/chmod_3.f90 -O0 compilation failed to produce executable
FAIL: gfortran.dg/chmod_3.f90 -O1 (test for excess errors)
WARNING: gfortran.dg/chmod_3.f90 -O1 compilation failed to produce executable
FAIL: gfortran.dg/chmod_3.f90 -O2 (test for excess errors)
WARNING: gfortran.dg/chmod_3.f90 -O2 compilation failed to produce executable
FAIL: gfortran.dg/chmod_3.f90 -O3 -fomit-frame-pointer (test for excess errors)
WARNING: gfortran.dg/chmod_3.f90 -O3 -fomit-frame-pointer compilation failed to produce executable
FAIL: gfortran.dg/chmod_3.f90 -O3 -fomit-frame-pointer -funroll-loops (test for excess errors)
WARNING: gfortran.dg/chmod_3.f90 -O3 -fomit-frame-pointer -funroll-loops compilation failed to produce executable
FAIL: gfortran.dg/chmod_3.f90 -O3 -fomit-frame-pointer -funroll-all-loops -finline-functions (test for excess errors)
WARNING: gfortran.dg/chmod_3.f90 -O3 -fomit-frame-pointer -funroll-all-loops -finline-functions compilation failed to produce executable
FAIL: gfortran.dg/chmod_3.f90 -O3 -g (test for excess errors)
WARNING: gfortran.dg/chmod_3.f90 -O3 -g compilation failed to produce executable
FAIL: gfortran.dg/chmod_3.f90 -Os (test for excess errors)
WARNING: gfortran.dg/chmod_3.f90 -Os compilation failed to produce executable
FAIL: gfortran.dg/common_14.f90 -O (test for warnings, line 15)
FAIL: gfortran.dg/common_14.f90 -O (test for warnings, line 21)
FAIL: gfortran.dg/common_14.f90 -O (test for excess errors)
FAIL: gfortran.dg/common_5.f -O (test for warnings, line 7)
FAIL: gfortran.dg/common_align_2.f90 -O0 (test for warnings, line 23)
FAIL: gfortran.dg/common_align_2.f90 -O0 execution test
FAIL: gfortran.dg/common_align_2.f90 -O1 (test for warnings, line 23)
FAIL: gfortran.dg/common_align_2.f90 -O1 execution test
FAIL: gfortran.dg/common_align_2.f90 -O2 (test for warnings, line 23)
FAIL: gfortran.dg/common_align_2.f90 -O2 execution test
FAIL: gfortran.dg/common_align_2.f90 -O3 -fomit-frame-pointer (test for warnings, line 23)
FAIL: gfortran.dg/common_align_2.f90 -O3 -fomit-frame-pointer execution test
FAIL: gfortran.dg/common_align_2.f90 -O3 -fomit-frame-pointer -funroll-loops (test for warnings, line 23)
FAIL: gfortran.dg/common_align_2.f90 -O3 -fomit-frame-pointer -funroll-loops execution test
FAIL: gfortran.dg/common_align_2.f90 -O3 -fomit-frame-pointer -funroll-all-loops -finline-functions (test for warnings, line 23)
FAIL: gfortran.dg/common_align_2.f90 -O3 -fomit-frame-pointer -funroll-all-loops -finline-functions execution test
FAIL: gfortran.dg/common_align_2.f90 -O3 -g (test for warnings, line 23)
FAIL: gfortran.dg/common_align_2.f90 -O3 -g execution test
FAIL: gfortran.dg/common_align_2.f90 -Os (test for warnings, line 23)
FAIL: gfortran.dg/common_align_2.f90 -Os execution test
FAIL: gfortran.dg/default_format_denormal_1.f90 -O0 execution test
FAIL: gfortran.dg/default_format_denormal_1.f90 -O1 execution test
FAIL: gfortran.dg/default_format_denormal_1.f90 -O2 execution test
FAIL: gfortran.dg/default_format_denormal_1.f90 -O3 -fomit-frame-pointer execution test
FAIL: gfortran.dg/default_format_denormal_1.f90 -O3 -fomit-frame-pointer -funroll-loops execution test
FAIL: gfortran.dg/default_format_denormal_1.f90 -O3 -fomit-frame-pointer -funroll-all-loops -finline-functions execution test
FAIL: gfortran.dg/default_format_denormal_1.f90 -O3 -g execution test
FAIL: gfortran.dg/default_format_denormal_1.f90 -Os execution test
FAIL: gfortran.dg/mclock.f90 -O0 execution test
FAIL: gfortran.dg/mclock.f90 -O1 execution test
FAIL: gfortran.dg/mclock.f90 -O2 execution test
FAIL: gfortran.dg/mclock.f90 -O3 -fomit-frame-pointer execution test
FAIL: gfortran.dg/mclock.f90 -O3 -fomit-frame-pointer -funroll-loops execution test
FAIL: gfortran.dg/mclock.f90 -O3 -fomit-frame-pointer -funroll-all-loops -finline-functions execution test
FAIL: gfortran.dg/mclock.f90 -O3 -g execution test
FAIL: gfortran.dg/mclock.f90 -Os execution test
FAIL: gfortran.dg/open_errors.f90 -O0 (test for excess errors)
WARNING: gfortran.dg/open_errors.f90 -O0 compilation failed to produce executable
FAIL: gfortran.dg/open_errors.f90 -O1 (test for excess errors)
WARNING: gfortran.dg/open_errors.f90 -O1 compilation failed to produce executable
FAIL: gfortran.dg/open_errors.f90 -O2 (test for excess errors)
WARNING: gfortran.dg/open_errors.f90 -O2 compilation failed to produce executable
FAIL: gfortran.dg/open_errors.f90 -O3 -fomit-frame-pointer (test for excess errors)
WARNING: gfortran.dg/open_errors.f90 -O3 -fomit-frame-pointer compilation failed to produce executable
FAIL: gfortran.dg/open_errors.f90 -O3 -fomit-frame-pointer -funroll-loops (test for excess errors)
WARNING: gfortran.dg/open_errors.f90 -O3 -fomit-frame-pointer -funroll-loops compilation failed to produce executable
FAIL: gfortran.dg/open_errors.f90 -O3 -fomit-frame-pointer -funroll-all-loops -finline-functions (test for excess errors)
WARNING: gfortran.dg/open_errors.f90 -O3 -fomit-frame-pointer -funroll-all-loops -finline-functions compilation failed to produce executable
FAIL: gfortran.dg/open_errors.f90 -O3 -g (test for excess errors)
WARNING: gfortran.dg/open_errors.f90 -O3 -g compilation failed to produce executable
FAIL: gfortran.dg/open_errors.f90 -Os (test for excess errors)
WARNING: gfortran.dg/open_errors.f90 -Os compilation failed to produce executable
FAIL: gfortran.dg/pr43808.f90 -O0 (test for excess errors)
FAIL: gfortran.dg/pr43808.f90 -O1 (test for excess errors)
FAIL: gfortran.dg/pr43808.f90 -O2 (test for excess errors)
FAIL: gfortran.dg/pr43808.f90 -O3 -fomit-frame-pointer (test for excess errors)
FAIL: gfortran.dg/pr43808.f90 -O3 -fomit-frame-pointer -funroll-loops (test for excess errors)
FAIL: gfortran.dg/pr43808.f90 -O3 -fomit-frame-pointer -funroll-all-loops -finline-functions (test for excess errors)
FAIL: gfortran.dg/pr43808.f90 -O3 -g (test for excess errors)
FAIL: gfortran.dg/pr43808.f90 -Os (test for excess errors)
FAIL: gfortran.dg/pr46804.f90 -O0 (test for excess errors)
WARNING: gfortran.dg/pr46804.f90 -O0 compilation failed to produce executable
FAIL: gfortran.dg/pr46804.f90 -O1 (test for excess errors)
WARNING: gfortran.dg/pr46804.f90 -O1 compilation failed to produce executable
FAIL: gfortran.dg/pr46804.f90 -O2 (test for excess errors)
WARNING: gfortran.dg/pr46804.f90 -O2 compilation failed to produce executable
FAIL: gfortran.dg/pr46804.f90 -O3 -fomit-frame-pointer (test for excess errors)
WARNING: gfortran.dg/pr46804.f90 -O3 -fomit-frame-pointer compilation failed to produce executable
FAIL: gfortran.dg/pr46804.f90 -O3 -fomit-frame-pointer -funroll-loops (test for excess errors)
WARNING: gfortran.dg/pr46804.f90 -O3 -fomit-frame-pointer -funroll-loops compilation failed to produce executable
FAIL: gfortran.dg/pr46804.f90 -O3 -fomit-frame-pointer -funroll-all-loops -finline-functions (test for excess errors)
WARNING: gfortran.dg/pr46804.f90 -O3 -fomit-frame-pointer -funroll-all-loops -finline-functions compilation failed to produce executable
FAIL: gfortran.dg/pr46804.f90 -O3 -g (test for excess errors)
WARNING: gfortran.dg/pr46804.f90 -O3 -g compilation failed to produce executable
FAIL: gfortran.dg/pr46804.f90 -Os (test for excess errors)
WARNING: gfortran.dg/pr46804.f90 -Os compilation failed to produce executable
FAIL: gfortran.dg/scratch_1.f90 -O0 execution test
FAIL: gfortran.dg/scratch_1.f90 -O1 execution test
FAIL: gfortran.dg/scratch_1.f90 -O2 execution test
FAIL: gfortran.dg/scratch_1.f90 -O3 -fomit-frame-pointer execution test
FAIL: gfortran.dg/scratch_1.f90 -O3 -fomit-frame-pointer -funroll-loops execution test
FAIL: gfortran.dg/scratch_1.f90 -O3 -fomit-frame-pointer -funroll-all-loops -finline-functions execution test
FAIL: gfortran.dg/scratch_1.f90 -O3 -g execution test
FAIL: gfortran.dg/scratch_1.f90 -Os execution test
FAIL: gfortran.dg/stat_1.f90 -O0 (test for excess errors)
WARNING: gfortran.dg/stat_1.f90 -O0 compilation failed to produce executable
FAIL: gfortran.dg/stat_1.f90 -O1 (test for excess errors)
WARNING: gfortran.dg/stat_1.f90 -O1 compilation failed to produce executable
FAIL: gfortran.dg/stat_1.f90 -O2 (test for excess errors)
WARNING: gfortran.dg/stat_1.f90 -O2 compilation failed to produce executable
FAIL: gfortran.dg/stat_1.f90 -O3 -fomit-frame-pointer (test for excess errors)
WARNING: gfortran.dg/stat_1.f90 -O3 -fomit-frame-pointer compilation failed to produce executable
FAIL: gfortran.dg/stat_1.f90 -O3 -fomit-frame-pointer -funroll-loops (test for excess errors)
WARNING: gfortran.dg/stat_1.f90 -O3 -fomit-frame-pointer -funroll-loops compilation failed to produce executable
FAIL: gfortran.dg/stat_1.f90 -O3 -fomit-frame-pointer -funroll-all-loops -finline-functions (test for excess errors)
WARNING: gfortran.dg/stat_1.f90 -O3 -fomit-frame-pointer -funroll-all-loops -finline-functions compilation failed to produce executable
FAIL: gfortran.dg/stat_1.f90 -O3 -g (test for excess errors)
WARNING: gfortran.dg/stat_1.f90 -O3 -g compilation failed to produce executable
FAIL: gfortran.dg/stat_1.f90 -Os (test for excess errors)
WARNING: gfortran.dg/stat_1.f90 -Os compilation failed to produce executable
FAIL: gfortran.dg/stat_2.f90 -O0 (test for excess errors)
WARNING: gfortran.dg/stat_2.f90 -O0 compilation failed to produce executable
FAIL: gfortran.dg/stat_2.f90 -O1 (test for excess errors)
WARNING: gfortran.dg/stat_2.f90 -O1 compilation failed to produce executable
FAIL: gfortran.dg/stat_2.f90 -O2 (test for excess errors)
WARNING: gfortran.dg/stat_2.f90 -O2 compilation failed to produce executable
FAIL: gfortran.dg/stat_2.f90 -O3 -fomit-frame-pointer (test for excess errors)
WARNING: gfortran.dg/stat_2.f90 -O3 -fomit-frame-pointer compilation failed to produce executable
FAIL: gfortran.dg/stat_2.f90 -O3 -fomit-frame-pointer -funroll-loops (test for excess errors)
WARNING: gfortran.dg/stat_2.f90 -O3 -fomit-frame-pointer -funroll-loops compilation failed to produce executable
FAIL: gfortran.dg/stat_2.f90 -O3 -fomit-frame-pointer -funroll-all-loops -finline-functions (test for excess errors)
WARNING: gfortran.dg/stat_2.f90 -O3 -fomit-frame-pointer -funroll-all-loops -finline-functions compilation failed to produce executable
FAIL: gfortran.dg/stat_2.f90 -O3 -g (test for excess errors)
WARNING: gfortran.dg/stat_2.f90 -O3 -g compilation failed to produce executable
FAIL: gfortran.dg/stat_2.f90 -Os (test for excess errors)
WARNING: gfortran.dg/stat_2.f90 -Os compilation failed to produce executable
FAIL: gfortran.dg/lto/20091016-1 f_lto_20091016-1_0.o assemble, -flto -g -fPIC -r -nostdlib
UNRESOLVED: gfortran.dg/lto/20091016-1 f_lto_20091016-1_0.o-f_lto_20091016-1_0.o link -flto -g -fPIC -r -nostdlib
UNRESOLVED: gfortran.dg/lto/20091016-1 f_lto_20091016-1_0.o-f_lto_20091016-1_0.o execute -flto -g -fPIC -r -nostdlib
FAIL: gfortran.dg/lto/20091016-1 f_lto_20091016-1_0.o assemble, -O -flto -g -fPIC -r -nostdlib
UNRESOLVED: gfortran.dg/lto/20091016-1 f_lto_20091016-1_0.o-f_lto_20091016-1_0.o link -O -flto -g -fPIC -r -nostdlib
UNRESOLVED: gfortran.dg/lto/20091016-1 f_lto_20091016-1_0.o-f_lto_20091016-1_0.o execute -O -flto -g -fPIC -r -nostdlib
=== gfortran Summary ===
# of expected passes 37244
# of unexpected failures 110
# of expected failures 38
# of unresolved testcases 4
# of unsupported tests 699
/tmp/hpautotest-gcc1/cris-elf/gccobj/gcc/testsuite/gfortran/../../gfortran version 4.7.0 20111006 (experimental) [trunk revision 179592] (GCC)
Host is x86_64-unknown-linux-gnu
=== objc tests ===
Running target cris-sim
=== objc Summary ===
# of expected passes 2982
# of unsupported tests 74
/tmp/hpautotest-gcc1/cris-elf/gccobj/gcc/xgcc version 4.7.0 20111006 (experimental) [trunk revision 179592] (GCC)
Compiler version: 4.7.0 20111006 (experimental) [trunk revision 179592] (GCC)
Platform: cris-axis-elf
configure flags: --prefix=/tmp/hpautotest-gcc1/cris-elf/pre --target=cris-elf --with-gnu-ld --with-gnu-as --with-newlib