This is the mail archive of the
gcc-testresults@gcc.gnu.org
mailing list for the GCC project.
Results for 4.7.0 20110925 (experimental) (GCC) testsuite on x86_64-apple-darwin11.2.0
- From: Jack Howarth <howarth at bromo dot med dot uc dot edu>
- To: gcc-testresults at gcc dot gnu dot org
- Date: Sun, 25 Sep 2011 20:46:12 -0400
- Subject: Results for 4.7.0 20110925 (experimental) (GCC) testsuite on x86_64-apple-darwin11.2.0
http://gcc.gnu.org/ml/gcc-patches/2011-09/msg01498.html,
http://gcc.gnu.org/ml/gcc-bugs/2011-09/msg01500.html and
http://gcc.gnu.org/ml/gcc-bugs/2011-09/msg01790.html applied to r179164.
Native configuration is x86_64-apple-darwin11.2.0
=== g++ tests ===
Running target unix/-m32
WARNING: g++.dg/ext/label13.C compilation failed to produce executable
FAIL: c-c++-common/cxxbitfields-3.c scan-assembler movl.*, var
=== g++ Summary for unix/-m32 ===
# of expected passes 27737
# of unexpected failures 1
# of expected failures 162
# of unsupported tests 180
Running target unix/-m64
WARNING: g++.dg/ext/label13.C compilation failed to produce executable
FAIL: c-c++-common/cxxbitfields-3.c scan-assembler movl.*, var
=== g++ Summary for unix/-m64 ===
# of expected passes 27974
# of unexpected failures 1
# of expected failures 162
# of unsupported tests 376
=== g++ Summary ===
# of expected passes 55711
# of unexpected failures 2
# of expected failures 324
# of unsupported tests 556
/sw/src/fink.build/gcc47-4.7.0-1/darwin_objdir/gcc/testsuite/g++/../../g++ version 4.7.0 20110925 (experimental) (GCC)
=== gcc tests ===
Running target unix/-m32
FAIL: gcc.dg/20020312-2.c (test for excess errors)
FAIL: gcc.dg/darwin-segaddr.c execution test
XPASS: gcc.dg/uninit-B.c uninit i warning (test for warnings, line 12)
XPASS: gcc.dg/uninit-pr19430.c (test for warnings, line 32)
XPASS: gcc.dg/uninit-pr19430.c uninitialized (test for warnings, line 41)
FAIL: c-c++-common/cxxbitfields-3.c scan-assembler movl.*, var
XPASS: gcc.dg/graphite/interchange-14.c scan-tree-dump-times graphite "will be interchanged" 1
XPASS: gcc.dg/graphite/interchange-15.c scan-tree-dump-times graphite "will be interchanged" 1
XPASS: gcc.dg/graphite/interchange-mvt.c scan-tree-dump-times graphite "will be interchanged" 1
FAIL: gcc.dg/matrix/transpose-3.c execution, -fprofile-use -fipa-matrix-reorg -fdump-ipa-matrix-reorg -O3 -fwhole-program -fno-tree-fre
FAIL: gcc.dg/tree-ssa/vrp47.c scan-tree-dump-times dom1 "x[^ ]* & y" 1
=== gcc Summary for unix/-m32 ===
# of expected passes 78901
# of unexpected failures 5
# of unexpected successes 6
# of expected failures 242
# of unsupported tests 1702
Running target unix/-m64
FAIL: gcc.dg/darwin-segaddr.c execution test
FAIL: gcc.dg/sibcall-6.c execution test
XPASS: gcc.dg/uninit-B.c uninit i warning (test for warnings, line 12)
XPASS: gcc.dg/uninit-pr19430.c (test for warnings, line 32)
XPASS: gcc.dg/uninit-pr19430.c uninitialized (test for warnings, line 41)
FAIL: c-c++-common/cxxbitfields-3.c scan-assembler movl.*, var
XPASS: gcc.dg/graphite/interchange-14.c scan-tree-dump-times graphite "will be interchanged" 1
XPASS: gcc.dg/graphite/interchange-15.c scan-tree-dump-times graphite "will be interchanged" 1
XPASS: gcc.dg/graphite/interchange-mvt.c scan-tree-dump-times graphite "will be interchanged" 1
FAIL: gcc.dg/matrix/transpose-3.c execution, -fprofile-use -fipa-matrix-reorg -fdump-ipa-matrix-reorg -O3 -fwhole-program -fno-tree-fre
FAIL: gcc.dg/tree-prof/pr34999.c compilation, -fprofile-use -D_PROFILE_USE
UNRESOLVED: gcc.dg/tree-prof/pr34999.c execution, -fprofile-use -D_PROFILE_USE
FAIL: gcc.dg/tree-ssa/vrp47.c scan-tree-dump-times dom1 "x[^ ]* & y" 1
FAIL: gcc.target/i386/pr49866.c (test for excess errors)
=== gcc Summary for unix/-m64 ===
# of expected passes 79078
# of unexpected failures 7
# of unexpected successes 6
# of expected failures 243
# of unresolved testcases 1
# of unsupported tests 2050
=== gcc Summary ===
# of expected passes 157979
# of unexpected failures 12
# of unexpected successes 12
# of expected failures 485
# of unresolved testcases 1
# of unsupported tests 3752
/sw/src/fink.build/gcc47-4.7.0-1/darwin_objdir/gcc/xgcc version 4.7.0 20110925 (experimental) (GCC)
=== gfortran tests ===
Running target unix/-m32
=== gfortran Summary for unix/-m32 ===
# of expected passes 39439
# of expected failures 52
# of unsupported tests 209
Running target unix/-m64
=== gfortran Summary for unix/-m64 ===
# of expected passes 39726
# of expected failures 52
# of unsupported tests 71
=== gfortran Summary ===
# of expected passes 79165
# of expected failures 104
# of unsupported tests 280
/sw/src/fink.build/gcc47-4.7.0-1/darwin_objdir/gcc/testsuite/gfortran/../../gfortran version 4.7.0 20110925 (experimental) (GCC)
=== obj-c++ tests ===
Running target unix/-m32
FAIL: obj-c++.dg/cxx-ivars-3.mm -fnext-runtime execution test
FAIL: obj-c++.dg/lto/trivial-1 obj_cpp_lto_trivial-1_0.o-obj_cpp_lto_trivial-1_0.o link, -O0 -flto -fnext-runtime
UNRESOLVED: obj-c++.dg/lto/trivial-1 obj_cpp_lto_trivial-1_0.o-obj_cpp_lto_trivial-1_0.o execute -O0 -flto -fnext-runtime
FAIL: obj-c++.dg/lto/trivial-1 obj_cpp_lto_trivial-1_0.o-obj_cpp_lto_trivial-1_0.o link, -O2 -flto -fnext-runtime
UNRESOLVED: obj-c++.dg/lto/trivial-1 obj_cpp_lto_trivial-1_0.o-obj_cpp_lto_trivial-1_0.o execute -O2 -flto -fnext-runtime
FAIL: obj-c++.dg/lto/trivial-1 obj_cpp_lto_trivial-1_0.o-obj_cpp_lto_trivial-1_0.o link, -O0 -flto -flto-partition=none -fnext-runtime
UNRESOLVED: obj-c++.dg/lto/trivial-1 obj_cpp_lto_trivial-1_0.o-obj_cpp_lto_trivial-1_0.o execute -O0 -flto -flto-partition=none -fnext-runtime
FAIL: obj-c++.dg/lto/trivial-1 obj_cpp_lto_trivial-1_0.o-obj_cpp_lto_trivial-1_0.o link, -O2 -flto -flto-partition=none -fnext-runtime
UNRESOLVED: obj-c++.dg/lto/trivial-1 obj_cpp_lto_trivial-1_0.o-obj_cpp_lto_trivial-1_0.o execute -O2 -flto -flto-partition=none -fnext-runtime
FAIL: obj-c++.dg/torture/trivial.mm -O2 -flto -flto-partition=none -fnext-runtime (test for excess errors)
WARNING: obj-c++.dg/torture/trivial.mm -O2 -flto -flto-partition=none -fnext-runtime compilation failed to produce executable
FAIL: obj-c++.dg/torture/trivial.mm -O2 -flto -fnext-runtime (test for excess errors)
WARNING: obj-c++.dg/torture/trivial.mm -O2 -flto -fnext-runtime compilation failed to produce executable
FAIL: obj-c++.dg/torture/strings/const-cfstring-1.mm -O0 -fnext-runtime execution test
FAIL: obj-c++.dg/torture/strings/const-cfstring-1.mm -O1 -fnext-runtime execution test
FAIL: obj-c++.dg/torture/strings/const-cfstring-1.mm -O2 -fnext-runtime execution test
FAIL: obj-c++.dg/torture/strings/const-cfstring-1.mm -O3 -fomit-frame-pointer -fnext-runtime execution test
FAIL: obj-c++.dg/torture/strings/const-cfstring-1.mm -O3 -g -fnext-runtime execution test
FAIL: obj-c++.dg/torture/strings/const-cfstring-1.mm -Os -fnext-runtime execution test
FAIL: obj-c++.dg/torture/strings/const-cfstring-1.mm -O2 -flto -flto-partition=none -fnext-runtime execution test
FAIL: obj-c++.dg/torture/strings/const-cfstring-1.mm -O2 -flto -fnext-runtime execution test
FAIL: obj-c++.dg/torture/strings/string1.mm -O2 -flto -flto-partition=none -fnext-runtime (test for excess errors)
FAIL: obj-c++.dg/torture/strings/string1.mm -O2 -flto -fnext-runtime (test for excess errors)
FAIL: obj-c++.dg/torture/tls/thr-init-3.mm -O2 -flto -flto-partition=none -fnext-runtime (test for excess errors)
WARNING: obj-c++.dg/torture/tls/thr-init-3.mm -O2 -flto -flto-partition=none -fnext-runtime compilation failed to produce executable
FAIL: obj-c++.dg/torture/tls/thr-init-3.mm -O2 -flto -fnext-runtime (test for excess errors)
WARNING: obj-c++.dg/torture/tls/thr-init-3.mm -O2 -flto -fnext-runtime compilation failed to produce executable
=== obj-c++ Summary for unix/-m32 ===
# of expected passes 3128
# of unexpected failures 19
# of expected failures 2
# of unresolved testcases 4
# of unsupported tests 68
Running target unix/-m64
FAIL: obj-c++.dg/torture/strings/const-cfstring-1.mm -O0 -fnext-runtime execution test
FAIL: obj-c++.dg/torture/strings/const-cfstring-1.mm -O1 -fnext-runtime execution test
FAIL: obj-c++.dg/torture/strings/const-cfstring-1.mm -O2 -fnext-runtime execution test
FAIL: obj-c++.dg/torture/strings/const-cfstring-1.mm -O3 -fomit-frame-pointer -fnext-runtime execution test
FAIL: obj-c++.dg/torture/strings/const-cfstring-1.mm -O3 -g -fnext-runtime execution test
FAIL: obj-c++.dg/torture/strings/const-cfstring-1.mm -Os -fnext-runtime execution test
FAIL: obj-c++.dg/torture/strings/const-cfstring-1.mm -O2 -flto -flto-partition=none -fnext-runtime execution test
FAIL: obj-c++.dg/torture/strings/const-cfstring-1.mm -O2 -flto -fnext-runtime execution test
FAIL: obj-c++.dg/torture/strings/string1.mm -O2 -flto -flto-partition=none -fnext-runtime (test for excess errors)
FAIL: obj-c++.dg/torture/strings/string1.mm -O2 -flto -fnext-runtime (test for excess errors)
=== obj-c++ Summary for unix/-m64 ===
# of expected passes 3095
# of unexpected failures 10
# of expected failures 19
# of unsupported tests 73
=== obj-c++ Summary ===
# of expected passes 6223
# of unexpected failures 29
# of expected failures 21
# of unresolved testcases 4
# of unsupported tests 141
/sw/src/fink.build/gcc47-4.7.0-1/darwin_objdir/gcc/testsuite/obj-c++/../../g++ version 4.7.0 20110925 (experimental) (GCC)
=== objc tests ===
Running target unix/-m32
FAIL: objc.dg/no-extra-load.m -fnext-runtime (test for excess errors)
UNRESOLVED: objc.dg/no-extra-load.m scan-assembler-not L_objc_msgSend\\\\\$non_lazy_ptr
FAIL: objc.dg/objc-foreach-4.m -fnext-runtime (test for excess errors)
FAIL: objc.dg/objc-foreach-5.m -fnext-runtime (test for excess errors)
UNRESOLVED: objc.dg/objc-foreach-5.m scan-assembler _addStuffUp:
FAIL: objc.dg/lto/trivial-1 objc_lto_trivial-1_0.o-objc_lto_trivial-1_0.o link, -O0 -flto -fnext-runtime
UNRESOLVED: objc.dg/lto/trivial-1 objc_lto_trivial-1_0.o-objc_lto_trivial-1_0.o execute -O0 -flto -fnext-runtime
FAIL: objc.dg/lto/trivial-1 objc_lto_trivial-1_0.o-objc_lto_trivial-1_0.o link, -O2 -flto -fnext-runtime
UNRESOLVED: objc.dg/lto/trivial-1 objc_lto_trivial-1_0.o-objc_lto_trivial-1_0.o execute -O2 -flto -fnext-runtime
FAIL: objc.dg/lto/trivial-1 objc_lto_trivial-1_0.o-objc_lto_trivial-1_0.o link, -O0 -flto -flto-partition=none -fnext-runtime
UNRESOLVED: objc.dg/lto/trivial-1 objc_lto_trivial-1_0.o-objc_lto_trivial-1_0.o execute -O0 -flto -flto-partition=none -fnext-runtime
FAIL: objc.dg/lto/trivial-1 objc_lto_trivial-1_0.o-objc_lto_trivial-1_0.o link, -O2 -flto -flto-partition=none -fnext-runtime
UNRESOLVED: objc.dg/lto/trivial-1 objc_lto_trivial-1_0.o-objc_lto_trivial-1_0.o execute -O2 -flto -flto-partition=none -fnext-runtime
FAIL: objc.dg/torture/forward-1.m -O2 -flto -flto-partition=none -fnext-runtime (test for excess errors)
WARNING: objc.dg/torture/forward-1.m -O2 -flto -flto-partition=none -fnext-runtime compilation failed to produce executable
FAIL: objc.dg/torture/forward-1.m -O2 -flto -fnext-runtime (test for excess errors)
WARNING: objc.dg/torture/forward-1.m -O2 -flto -fnext-runtime compilation failed to produce executable
FAIL: objc.dg/torture/trivial.m -O2 -flto -flto-partition=none -fnext-runtime (test for excess errors)
WARNING: objc.dg/torture/trivial.m -O2 -flto -flto-partition=none -fnext-runtime compilation failed to produce executable
FAIL: objc.dg/torture/trivial.m -O2 -flto -fnext-runtime (test for excess errors)
WARNING: objc.dg/torture/trivial.m -O2 -flto -fnext-runtime compilation failed to produce executable
FAIL: objc.dg/torture/strings/const-cfstring-1.m -O0 -fnext-runtime execution test
FAIL: objc.dg/torture/strings/const-cfstring-1.m -O1 -fnext-runtime execution test
FAIL: objc.dg/torture/strings/const-cfstring-1.m -O2 -fnext-runtime execution test
FAIL: objc.dg/torture/strings/const-cfstring-1.m -O3 -fomit-frame-pointer -fnext-runtime execution test
FAIL: objc.dg/torture/strings/const-cfstring-1.m -O3 -g -fnext-runtime execution test
FAIL: objc.dg/torture/strings/const-cfstring-1.m -Os -fnext-runtime execution test
FAIL: objc.dg/torture/strings/const-cfstring-1.m -O2 -flto -flto-partition=none -fnext-runtime execution test
FAIL: objc.dg/torture/strings/const-cfstring-1.m -O2 -flto -fnext-runtime execution test
FAIL: objc.dg/torture/strings/string1.m -O2 -flto -flto-partition=none -fnext-runtime (test for excess errors)
FAIL: objc.dg/torture/strings/string1.m -O2 -flto -fnext-runtime (test for excess errors)
FAIL: objc.dg/torture/strings/string2.m -O2 -flto -flto-partition=none -fnext-runtime (test for excess errors)
FAIL: objc.dg/torture/strings/string2.m -O2 -flto -fnext-runtime (test for excess errors)
FAIL: objc.dg/torture/strings/string3.m -O2 -flto -flto-partition=none -fnext-runtime (test for excess errors)
FAIL: objc.dg/torture/strings/string3.m -O2 -flto -fnext-runtime (test for excess errors)
FAIL: objc.dg/torture/strings/string4.m -O2 -flto -flto-partition=none -fnext-runtime (test for excess errors)
FAIL: objc.dg/torture/strings/string4.m -O2 -flto -fnext-runtime (test for excess errors)
FAIL: objc.dg/torture/tls/thr-init-3.m -O2 -flto -flto-partition=none -fnext-runtime (test for excess errors)
WARNING: objc.dg/torture/tls/thr-init-3.m -O2 -flto -flto-partition=none -fnext-runtime compilation failed to produce executable
FAIL: objc.dg/torture/tls/thr-init-3.m -O2 -flto -fnext-runtime (test for excess errors)
WARNING: objc.dg/torture/tls/thr-init-3.m -O2 -flto -fnext-runtime compilation failed to produce executable
=== objc Summary for unix/-m32 ===
# of expected passes 6034
# of unexpected failures 29
# of expected failures 6
# of unresolved testcases 6
# of unsupported tests 85
Running target unix/-m64
FAIL: objc.dg/no-extra-load.m -fnext-runtime (test for excess errors)
UNRESOLVED: objc.dg/no-extra-load.m scan-assembler-not L_objc_msgSend\\\\\$non_lazy_ptr
FAIL: objc.dg/objc-foreach-4.m -fnext-runtime (test for excess errors)
FAIL: objc.dg/objc-foreach-5.m -fnext-runtime (test for excess errors)
UNRESOLVED: objc.dg/objc-foreach-5.m scan-assembler _addStuffUp:
FAIL: objc.dg/torture/strings/const-cfstring-1.m -O0 -fnext-runtime execution test
FAIL: objc.dg/torture/strings/const-cfstring-1.m -O1 -fnext-runtime execution test
FAIL: objc.dg/torture/strings/const-cfstring-1.m -O2 -fnext-runtime execution test
FAIL: objc.dg/torture/strings/const-cfstring-1.m -O3 -fomit-frame-pointer -fnext-runtime execution test
FAIL: objc.dg/torture/strings/const-cfstring-1.m -O3 -g -fnext-runtime execution test
FAIL: objc.dg/torture/strings/const-cfstring-1.m -Os -fnext-runtime execution test
FAIL: objc.dg/torture/strings/const-cfstring-1.m -O2 -flto -flto-partition=none -fnext-runtime execution test
FAIL: objc.dg/torture/strings/const-cfstring-1.m -O2 -flto -fnext-runtime execution test
FAIL: objc.dg/torture/strings/string1.m -O2 -flto -flto-partition=none -fnext-runtime (test for excess errors)
FAIL: objc.dg/torture/strings/string1.m -O2 -flto -fnext-runtime (test for excess errors)
FAIL: objc.dg/torture/strings/string2.m -O2 -flto -flto-partition=none -fnext-runtime (test for excess errors)
FAIL: objc.dg/torture/strings/string2.m -O2 -flto -fnext-runtime (test for excess errors)
FAIL: objc.dg/torture/strings/string3.m -O2 -flto -flto-partition=none -fnext-runtime (test for excess errors)
FAIL: objc.dg/torture/strings/string3.m -O2 -flto -fnext-runtime (test for excess errors)
FAIL: objc.dg/torture/strings/string4.m -O2 -flto -flto-partition=none -fnext-runtime (test for excess errors)
FAIL: objc.dg/torture/strings/string4.m -O2 -flto -fnext-runtime (test for excess errors)
=== objc Summary for unix/-m64 ===
# of expected passes 6006
# of unexpected failures 19
# of expected failures 14
# of unresolved testcases 2
# of unsupported tests 91
=== objc Summary ===
# of expected passes 12040
# of unexpected failures 48
# of expected failures 20
# of unresolved testcases 8
# of unsupported tests 176
/sw/src/fink.build/gcc47-4.7.0-1/darwin_objdir/gcc/xgcc version 4.7.0 20110925 (experimental) (GCC)
=== boehm-gc tests ===
Running target unix/-m32
FAIL: boehm-gc.c/gctest.c -O2 execution test
FAIL: boehm-gc.c/leak_test.c -O2 execution test
FAIL: boehm-gc.c/thread_leak_test.c -O2 execution test
FAIL: boehm-gc.lib/staticrootstest.c -O2 execution test
=== boehm-gc Summary for unix/-m32 ===
# of expected passes 8
# of unexpected failures 4
# of unsupported tests 1
Running target unix/-m64
FAIL: boehm-gc.c/gctest.c -O2 execution test
FAIL: boehm-gc.c/leak_test.c -O2 execution test
FAIL: boehm-gc.c/thread_leak_test.c -O2 execution test
FAIL: boehm-gc.lib/staticrootstest.c -O2 execution test
=== boehm-gc Summary for unix/-m64 ===
# of expected passes 8
# of unexpected failures 4
# of unsupported tests 1
=== boehm-gc Summary ===
# of expected passes 16
# of unexpected failures 8
# of unsupported tests 2
=== libffi tests ===
Running target unix/-m32
=== libffi Summary for unix/-m32 ===
# of expected passes 1634
# of expected failures 10
# of unsupported tests 15
Running target unix/-m64
=== libffi Summary for unix/-m64 ===
# of expected passes 1634
# of expected failures 10
# of unsupported tests 15
=== libffi Summary ===
# of expected passes 3268
# of expected failures 20
# of unsupported tests 30
=== libgomp tests ===
Running target unix/-m32
=== libgomp Summary for unix/-m32 ===
# of expected passes 2988
# of unsupported tests 3
Running target unix/-m64
=== libgomp Summary for unix/-m64 ===
# of expected passes 2988
# of unsupported tests 3
=== libgomp Summary ===
# of expected passes 5976
# of unsupported tests 6
=== libjava tests ===
Running target unix/-m32
FAIL: PR16923.c compilation
=== libjava Summary for unix/-m32 ===
# of expected passes 2572
# of unexpected failures 1
Running target unix/-m64
FAIL: PR16923 run
FAIL: Throw_2 execution - source compiled test
FAIL: Throw_2 -findirect-dispatch execution - source compiled test
FAIL: Throw_2 -O3 execution - source compiled test
FAIL: Throw_2 -O3 -findirect-dispatch execution - source compiled test
=== libjava Summary for unix/-m64 ===
# of expected passes 2565
# of unexpected failures 5
# of untested testcases 5
=== libjava Summary ===
# of expected passes 5137
# of unexpected failures 6
# of untested testcases 5
=== libstdc++ tests ===
Running target unix/-m32
=== libstdc++ Summary for unix/-m32 ===
# of expected passes 7371
# of expected failures 46
# of unsupported tests 726
Running target unix/-m64
=== libstdc++ Summary for unix/-m64 ===
# of expected passes 7369
# of expected failures 46
# of unsupported tests 727
=== libstdc++ Summary ===
# of expected passes 14740
# of expected failures 92
# of unsupported tests 1453
Compiler version: 4.7.0 20110925 (experimental) (GCC)
Platform: x86_64-apple-darwin11.2.0
configure flags: --prefix=/sw --prefix=/sw/lib/gcc4.7 --mandir=/sw/share/man --infodir=/sw/lib/gcc4.7/info --with-build-config=bootstrap-lto --enable-stage1-languages=c,lto --enable-languages=c,c++,fortran,lto,objc,obj-c++,java --with-gmp=/sw --with-libiconv-prefix=/sw --with-ppl=/sw --with-cloog=/sw --with-mpc=/sw --with-system-zlib --x-includes=/usr/X11R6/include --x-libraries=/usr/X11R6/lib --program-suffix=-fsf-4.7 --enable-checking=yes --enable-cloog-backend=isl