This is the mail archive of the
gcc-testresults@gcc.gnu.org
mailing list for the GCC project.
Results for 4.7.0 20110919 (experimental) [trunk revision 178981] (GCC) testsuite on hppa2.0w-hp-hpux11.00
- From: John David Anglin <dave at hiauly2 dot hia dot nrc dot ca>
- To: dave at hiauly2 dot hia dot nrc dot ca, gcc-testresults at gcc dot gnu dot org
- Date: Fri, 23 Sep 2011 14:52:35 -0400 (EDT)
- Subject: Results for 4.7.0 20110919 (experimental) [trunk revision 178981] (GCC) testsuite on hppa2.0w-hp-hpux11.00
=== acats tests ===
FAIL: c460010
FAIL: c761006
FAIL: c95040d
FAIL: c974004
FAIL: c974005
FAIL: c974009
FAIL: ca11d01
FAIL: ca11d02
FAIL: cb20001
FAIL: cb20003
FAIL: cb20004
FAIL: cb20006
FAIL: cb3003a
FAIL: cb3003b
FAIL: cb4002a
FAIL: cb4008a
FAIL: cb4009a
FAIL: cc3007a
FAIL: cd2b11a
FAIL: cd2b15c
FAIL: ce2102l
FAIL: ce2102m
FAIL: ce2103a
FAIL: ce2103b
FAIL: ce3102d
FAIL: ce3107a
FAIL: ce3115a
FAIL: cxa4034
FAIL: cxa5a02
FAIL: cxa5a08
FAIL: cxb3011
=== acats Summary ===
# of expected passes 2290
# of unexpected failures 31
Native configuration is hppa2.0w-hp-hpux11.00
=== g++ tests ===
Running target unix
WARNING: program timed out.
FAIL: g++.dg/eh/simd-1.C execution test
WARNING: program timed out.
FAIL: g++.dg/eh/simd-2.C execution test
WARNING: g++.dg/ext/label13.C compilation failed to produce executable
FAIL: g++.dg/init/copy7.C execution test
WARNING: program timed out.
FAIL: g++.dg/opt/eh2.C execution test
WARNING: program timed out.
=== g++ Summary ===
# of expected passes 24072
# of unexpected failures 4
# of expected failures 161
# of unsupported tests 604
/home/gnu/gcc/objdir/gcc/testsuite/g++/../../g++ version 4.7.0 20110919 (experimental) [trunk revision 178981] (GCC)
=== gcc tests ===
Running target unix
FAIL: gcc.dg/pr49994-3.c (test for excess errors)
FAIL: gcc.dg/scal-to-vec2.c (test for excess errors)
XPASS: gcc.dg/uninit-B.c uninit i warning (test for warnings, line 12)
XPASS: gcc.dg/uninit-pr19430.c (test for warnings, line 32)
XPASS: gcc.dg/uninit-pr19430.c uninitialized (test for warnings, line 41)
WARNING: program timed out.
FAIL: gcc.dg/ipa/ipa-sra-2.c scan-tree-dump eipa_sra "About to replace expr cow_.*D.->red with \\*ISRA"
FAIL: gcc.dg/ipa/ipa-sra-2.c scan-tree-dump eipa_sra "About to replace expr cow_.*D.->green with ISRA"
FAIL: gcc.dg/ipa/ipa-sra-2.c scan-tree-dump eipa_sra "About to replace expr calf_.*D.->red with \\*ISRA"
FAIL: gcc.dg/ipa/ipa-sra-2.c scan-tree-dump eipa_sra "About to replace expr calf_.*D.->green with ISRA"
FAIL: gcc.dg/ipa/ipa-sra-6.c scan-tree-dump-times eipa_sra "foo " 1
FAIL: gcc.dg/tree-ssa/ssa-fre-31.c (test for excess errors)
FAIL: gcc.dg/tree-ssa/vrp47.c scan-tree-dump-times dom1 "x[^ ]* & y" 1
=== gcc Summary ===
# of expected passes 57123
# of unexpected failures 9
# of unexpected successes 3
# of expected failures 111
# of unsupported tests 1210
/home/gnu/gcc/objdir/gcc/xgcc version 4.7.0 20110919 (experimental) [trunk revision 178981] (GCC)
=== gfortran tests ===
Running target unix
FAIL: gfortran.dg/pr45636.f90 -O scan-tree-dump-times forwprop2 "memset" 0
=== gfortran Summary ===
# of expected passes 38181
# of unexpected failures 1
# of expected failures 41
# of unsupported tests 384
/home/gnu/gcc/objdir/gcc/testsuite/gfortran/../../gfortran version 4.7.0 20110919 (experimental) [trunk revision 178981] (GCC)
=== gnat tests ===
Running target unix
WARNING: program timed out.
FAIL: gnat.dg/expect1.adb execution test
=== gnat Summary ===
# of expected passes 915
# of unexpected failures 1
# of expected failures 11
# of unsupported tests 5
/home/gnu/gcc/objdir/gcc/gnatmake version 4.7.0 20110919 (experimental) [trunk revision 178981]
=== obj-c++ tests ===
Running target unix
=== obj-c++ Summary ===
# of expected passes 1406
# of expected failures 2
# of unsupported tests 69
/home/gnu/gcc/objdir/gcc/testsuite/obj-c++/../../g++ version 4.7.0 20110919 (experimental) [trunk revision 178981] (GCC)
=== objc tests ===
Running target unix
=== objc Summary ===
# of expected passes 2908
# of unsupported tests 65
/home/gnu/gcc/objdir/gcc/xgcc version 4.7.0 20110919 (experimental) [trunk revision 178981] (GCC)
=== libgomp tests ===
Running target unix
=== libgomp Summary ===
# of expected passes 2928
# of unsupported tests 10
=== libstdc++ tests ===
Running target unix
WARNING: program timed out.
WARNING: program timed out.
FAIL: 23_containers/forward_list/requirements/exception/basic.cc execution test
WARNING: program timed out.
FAIL: 23_containers/forward_list/requirements/exception/propagation_consistent.cc execution test
WARNING: program timed out.
FAIL: 23_containers/map/requirements/exception/basic.cc execution test
WARNING: program timed out.
FAIL: 23_containers/map/requirements/exception/propagation_consistent.cc execution test
WARNING: program timed out.
FAIL: 23_containers/multimap/requirements/exception/basic.cc execution test
WARNING: program timed out.
FAIL: 23_containers/multimap/requirements/exception/propagation_consistent.cc execution test
WARNING: program timed out.
FAIL: 23_containers/multiset/requirements/exception/basic.cc execution test
WARNING: program timed out.
FAIL: 23_containers/multiset/requirements/exception/propagation_consistent.cc execution test
WARNING: program timed out.
FAIL: 23_containers/set/requirements/exception/basic.cc execution test
WARNING: program timed out.
FAIL: 23_containers/set/requirements/exception/propagation_consistent.cc execution test
WARNING: program timed out.
FAIL: 23_containers/vector/bool/modifiers/insert/31370.cc execution test
WARNING: program timed out.
FAIL: 27_io/ios_base/storage/11584.cc execution test
WARNING: program timed out.
=== libstdc++ Summary ===
# of expected passes 6177
# of unexpected failures 12
# of expected failures 45
# of unsupported tests 652
Compiler version: 4.7.0 20110919 (experimental) [trunk revision 178981] (GCC)
Platform: hppa2.0w-hp-hpux11.00
configure flags:Test Run By dave on Wed Sep 21 11:55:42 EDT 2011