This is the mail archive of the
gcc-testresults@gcc.gnu.org
mailing list for the GCC project.
Results for 4.7.0 20110915 (experimental) [trunk revision 178892p3] (GCC) testsuite on x86_64-apple-darwin10.8.0
- From: dominiq at lps dot ens dot fr (Dominique Dhumieres)
- To: gcc-testresults at gcc dot gnu dot org
- Date: Fri, 16 Sep 2011 15:35:51 +0200
- Subject: Results for 4.7.0 20110915 (experimental) [trunk revision 178892p3] (GCC) testsuite on x86_64-apple-darwin10.8.0
LAST_UPDATED: Updated Thu Sep 15 21:30:45 CEST 2011 to revision 178892
with the patches in http://gcc.gnu.org/ml/gcc-testresults/2011-09/msg01559.html
except the one for pr50091).
=== acats tests ===
FAIL: c460010
=== acats Summary ===
# of expected passes 2320
# of unexpected failures 1
Native configuration is x86_64-apple-darwin10.8.0
=== g++ tests ===
Running target unix/-m32
WARNING: g++.dg/ext/label13.C compilation failed to produce executable
FAIL: c-c++-common/cxxbitfields-3.c scan-assembler movl.*, var
=== g++ Summary for unix/-m32 ===
# of expected passes 27705
# of unexpected failures 1
# of expected failures 161
# of unsupported tests 178
Running target unix/-m64
WARNING: g++.dg/ext/label13.C compilation failed to produce executable
FAIL: c-c++-common/cxxbitfields-3.c scan-assembler movl.*, var
=== g++ Summary for unix/-m64 ===
# of expected passes 27938
# of unexpected failures 1
# of expected failures 161
# of unsupported tests 376
=== g++ Summary ===
# of expected passes 55643
# of unexpected failures 2
# of expected failures 322
# of unsupported tests 554
/opt/gcc/build_w/gcc/testsuite/g++/../../g++ version 4.7.0 20110915 (experimental) [trunk revision 178892p3] (GCC)
=== gcc tests ===
Running target unix/-m32
XPASS: gcc.dg/uninit-B.c uninit i warning (test for warnings, line 12)
XPASS: gcc.dg/uninit-pr19430.c (test for warnings, line 32)
XPASS: gcc.dg/uninit-pr19430.c uninitialized (test for warnings, line 41)
FAIL: c-c++-common/cxxbitfields-3.c scan-assembler movl.*, var
XPASS: gcc.dg/graphite/interchange-14.c scan-tree-dump-times graphite "will be interchanged" 1
XPASS: gcc.dg/graphite/interchange-15.c scan-tree-dump-times graphite "will be interchanged" 1
XPASS: gcc.dg/graphite/interchange-mvt.c scan-tree-dump-times graphite "will be interchanged" 1
FAIL: gcc.dg/tree-ssa/vrp47.c scan-tree-dump-times dom1 "x[^ ]* & y" 1
FAIL: gcc.dg/vect/bb-slp-25.c scan-tree-dump-times slp "basic block vectorized using SLP" 1
FAIL: gcc.dg/vect/bb-slp-25.c -flto scan-tree-dump-times slp "basic block vectorized using SLP" 1
=== gcc Summary for unix/-m32 ===
# of expected passes 78846
# of unexpected failures 4
# of unexpected successes 6
# of expected failures 242
# of unsupported tests 1696
Running target unix/-m64
FAIL: gcc.dg/sibcall-6.c execution test
XPASS: gcc.dg/uninit-B.c uninit i warning (test for warnings, line 12)
XPASS: gcc.dg/uninit-pr19430.c (test for warnings, line 32)
XPASS: gcc.dg/uninit-pr19430.c uninitialized (test for warnings, line 41)
FAIL: c-c++-common/cxxbitfields-3.c scan-assembler movl.*, var
XPASS: gcc.dg/graphite/interchange-14.c scan-tree-dump-times graphite "will be interchanged" 1
XPASS: gcc.dg/graphite/interchange-15.c scan-tree-dump-times graphite "will be interchanged" 1
XPASS: gcc.dg/graphite/interchange-mvt.c scan-tree-dump-times graphite "will be interchanged" 1
FAIL: gcc.dg/matrix/transpose-3.c execution, -fprofile-use -fipa-matrix-reorg -fdump-ipa-matrix-reorg -O3 -fwhole-program -fno-tree-fre
FAIL: gcc.dg/tree-ssa/vrp47.c scan-tree-dump-times dom1 "x[^ ]* & y" 1
FAIL: gcc.dg/vect/bb-slp-25.c scan-tree-dump-times slp "basic block vectorized using SLP" 1
FAIL: gcc.dg/vect/bb-slp-25.c -flto scan-tree-dump-times slp "basic block vectorized using SLP" 1
FAIL: gcc.target/i386/pr49866.c (test for excess errors)
=== gcc Summary for unix/-m64 ===
# of expected passes 79023
# of unexpected failures 7
# of unexpected successes 6
# of expected failures 243
# of unsupported tests 2044
=== gcc Summary ===
# of expected passes 157869
# of unexpected failures 11
# of unexpected successes 12
# of expected failures 485
# of unsupported tests 3740
/opt/gcc/build_w/gcc/xgcc version 4.7.0 20110915 (experimental) [trunk revision 178892p3] (GCC)
=== gfortran tests ===
Running target unix/-m32
=== gfortran Summary for unix/-m32 ===
# of expected passes 39443
# of expected failures 52
# of unsupported tests 209
Running target unix/-m64
=== gfortran Summary for unix/-m64 ===
# of expected passes 39730
# of expected failures 52
# of unsupported tests 71
=== gfortran Summary ===
# of expected passes 79173
# of expected failures 104
# of unsupported tests 280
/opt/gcc/build_w/gcc/testsuite/gfortran/../../gfortran version 4.7.0 20110915 (experimental) [trunk revision 178892p3] (GCC)
=== gnat tests ===
Running target unix/-m32
=== gnat Summary for unix/-m32 ===
# of expected passes 917
# of expected failures 11
# of unsupported tests 4
Running target unix/-m64
=== gnat Summary for unix/-m64 ===
# of expected passes 917
# of expected failures 11
# of unsupported tests 4
=== gnat Summary ===
# of expected passes 1834
# of expected failures 22
# of unsupported tests 8
/opt/gcc/build_w/gcc/gnatmake version 4.7.0 20110915 (experimental) [trunk revision 178892p3]
=== obj-c++ tests ===
Running target unix/-m32
=== obj-c++ Summary for unix/-m32 ===
# of expected passes 3155
# of expected failures 2
# of unsupported tests 68
Running target unix/-m64
=== obj-c++ Summary for unix/-m64 ===
# of expected passes 3105
# of expected failures 19
# of unsupported tests 73
=== obj-c++ Summary ===
# of expected passes 6260
# of expected failures 21
# of unsupported tests 141
/opt/gcc/build_w/gcc/testsuite/obj-c++/../../g++ version 4.7.0 20110915 (experimental) [trunk revision 178892p3] (GCC)
=== objc tests ===
Running target unix/-m32
=== objc Summary for unix/-m32 ===
# of expected passes 6075
# of expected failures 6
# of unsupported tests 85
Running target unix/-m64
=== objc Summary for unix/-m64 ===
# of expected passes 6027
# of expected failures 14
# of unsupported tests 91
=== objc Summary ===
# of expected passes 12102
# of expected failures 20
# of unsupported tests 176
/opt/gcc/build_w/gcc/xgcc version 4.7.0 20110915 (experimental) [trunk revision 178892p3] (GCC)
=== boehm-gc tests ===
Running target unix/-m32
=== boehm-gc Summary for unix/-m32 ===
# of expected passes 12
# of unsupported tests 1
Running target unix/-m64
=== boehm-gc Summary for unix/-m64 ===
# of expected passes 12
# of unsupported tests 1
=== boehm-gc Summary ===
# of expected passes 24
# of unsupported tests 2
=== libffi tests ===
Running target unix/-m32
=== libffi Summary for unix/-m32 ===
# of expected passes 1634
# of expected failures 10
# of unsupported tests 15
Running target unix/-m64
=== libffi Summary for unix/-m64 ===
# of expected passes 1634
# of expected failures 10
# of unsupported tests 15
=== libffi Summary ===
# of expected passes 3268
# of expected failures 20
# of unsupported tests 30
=== libgomp tests ===
Running target unix/-m32
=== libgomp Summary for unix/-m32 ===
# of expected passes 2988
# of unsupported tests 3
Running target unix/-m64
=== libgomp Summary for unix/-m64 ===
# of expected passes 2988
# of unsupported tests 3
=== libgomp Summary ===
# of expected passes 5976
# of unsupported tests 6
=== libjava tests ===
Running target unix/-m32
FAIL: PR16923.c compilation
=== libjava Summary for unix/-m32 ===
# of expected passes 2572
# of unexpected failures 1
Running target unix/-m64
=== libjava Summary for unix/-m64 ===
# of expected passes 2574
=== libjava Summary ===
# of expected passes 5146
# of unexpected failures 1
=== libstdc++ tests ===
Running target unix/-m32
=== libstdc++ Summary for unix/-m32 ===
# of expected passes 7245
# of expected failures 46
# of unsupported tests 731
Running target unix/-m64
=== libstdc++ Summary for unix/-m64 ===
# of expected passes 7243
# of expected failures 46
# of unsupported tests 732
=== libstdc++ Summary ===
# of expected passes 14488
# of expected failures 92
# of unsupported tests 1463
Compiler version: 4.7.0 20110915 (experimental) [trunk revision 178892p3] (GCC)
Platform: x86_64-apple-darwin10.8.0
configure flags: --prefix=/opt/gcc/gcc4.7w --enable-languages=c,c++,fortran,objc,obj-c++,java,ada,lto --with-gmp=/opt/sw64 --with-libiconv-prefix=/opt/sw64 --with-system-zlib --with-cloog=/opt/sw64 --enable-cloog-backend=isl --enable-lto