This is the mail archive of the gcc-testresults@gcc.gnu.org mailing list for the GCC project.
Index Nav: | [Date Index] [Subject Index] [Author Index] [Thread Index] | |
---|---|---|
Message Nav: | [Date Prev] [Date Next] | [Thread Prev] [Thread Next] |
Other format: | [Raw text] |
Native configuration is i386-unknown-freebsd9.0 === g++ tests === Running target unix FAIL: g++.dg/cdce3.C (test for excess errors) UNRESOLVED: g++.dg/cdce3.C compilation failed to produce executable UNRESOLVED: g++.dg/cdce3.C scan-tree-dump cdce "cdce3.C:96: note: function call is shrink-wrapped into error conditions." UNRESOLVED: g++.dg/cdce3.C scan-tree-dump cdce "cdce3.C:97: note: function call is shrink-wrapped into error conditions." UNRESOLVED: g++.dg/cdce3.C scan-tree-dump cdce "cdce3.C:98: note: function call is shrink-wrapped into error conditions." UNRESOLVED: g++.dg/cdce3.C scan-tree-dump cdce "cdce3.C:99: note: function call is shrink-wrapped into error conditions." UNRESOLVED: g++.dg/cdce3.C scan-tree-dump cdce "cdce3.C:100: note: function call is shrink-wrapped into error conditions." UNRESOLVED: g++.dg/cdce3.C scan-tree-dump cdce "cdce3.C:101: note: function call is shrink-wrapped into error conditions." UNRESOLVED: g++.dg/cdce3.C scan-tree-dump cdce "cdce3.C:102: note: function call is shrink-wrapped into error conditions." UNRESOLVED: g++.dg/cdce3.C scan-tree-dump cdce "cdce3.C:103: note: function call is shrink-wrapped into error conditions." UNRESOLVED: g++.dg/cdce3.C scan-tree-dump cdce "cdce3.C:104: note: function call is shrink-wrapped into error conditions." UNRESOLVED: g++.dg/cdce3.C scan-tree-dump cdce "cdce3.C:105: note: function call is shrink-wrapped into error conditions." UNRESOLVED: g++.dg/cdce3.C scan-tree-dump cdce "cdce3.C:106: note: function call is shrink-wrapped into error conditions." UNRESOLVED: g++.dg/cdce3.C scan-tree-dump cdce "cdce3.C:107: note: function call is shrink-wrapped into error conditions." UNRESOLVED: g++.dg/cdce3.C scan-tree-dump cdce "cdce3.C:108: note: function call is shrink-wrapped into error conditions." UNRESOLVED: g++.dg/cdce3.C scan-tree-dump cdce "cdce3.C:109: note: function call is shrink-wrapped into error conditions." FAIL: c-c++-common/Wconversion-real.c (test for warnings, line 27) FAIL: c-c++-common/Wconversion-real.c (test for warnings, line 28) UNRESOLVED: attribute_plugin.c compilation, -I. -I/scratch/tmp/gerald/gcc-HEAD/gcc/testsuite -I/scratch/tmp/gerald/gcc-HEAD/gcc/testsuite/../../gcc -I/scratch/tmp/gerald/OBJ-0906-2306/gcc/testsuite/g++/../../../gcc -I/scratch/tmp/gerald/gcc-HEAD/gcc/testsuite/../../include -I/scratch/tmp/gerald/gcc-HEAD/gcc/testsuite/../../libcpp/include -I/home/gerald/9-i386/include -I/scratch/tmp/gerald/OBJ-0906-2306/gcc/testsuite/g++/../../../intl -DIN_GCC -fPIC -shared UNRESOLVED: pragma_plugin.c compilation, -I. -I/scratch/tmp/gerald/gcc-HEAD/gcc/testsuite -I/scratch/tmp/gerald/gcc-HEAD/gcc/testsuite/../../gcc -I/scratch/tmp/gerald/OBJ-0906-2306/gcc/testsuite/g++/../../../gcc -I/scratch/tmp/gerald/gcc-HEAD/gcc/testsuite/../../include -I/scratch/tmp/gerald/gcc-HEAD/gcc/testsuite/../../libcpp/include -I/home/gerald/9-i386/include -I/scratch/tmp/gerald/OBJ-0906-2306/gcc/testsuite/g++/../../../intl -DIN_GCC -fPIC -shared UNRESOLVED: selfassign.c compilation, -I. -I/scratch/tmp/gerald/gcc-HEAD/gcc/testsuite -I/scratch/tmp/gerald/gcc-HEAD/gcc/testsuite/../../gcc -I/scratch/tmp/gerald/OBJ-0906-2306/gcc/testsuite/g++/../../../gcc -I/scratch/tmp/gerald/gcc-HEAD/gcc/testsuite/../../include -I/scratch/tmp/gerald/gcc-HEAD/gcc/testsuite/../../libcpp/include -I/home/gerald/9-i386/include -I/scratch/tmp/gerald/OBJ-0906-2306/gcc/testsuite/g++/../../../intl -O -DIN_GCC -fPIC -shared UNRESOLVED: dumb_plugin.c compilation, -I. -I/scratch/tmp/gerald/gcc-HEAD/gcc/testsuite -I/scratch/tmp/gerald/gcc-HEAD/gcc/testsuite/../../gcc -I/scratch/tmp/gerald/OBJ-0906-2306/gcc/testsuite/g++/../../../gcc -I/scratch/tmp/gerald/gcc-HEAD/gcc/testsuite/../../include -I/scratch/tmp/gerald/gcc-HEAD/gcc/testsuite/../../libcpp/include -I/home/gerald/9-i386/include -I/scratch/tmp/gerald/OBJ-0906-2306/gcc/testsuite/g++/../../../intl -DIN_GCC -fPIC -shared UNRESOLVED: header_plugin.c compilation, -I. -I/scratch/tmp/gerald/gcc-HEAD/gcc/testsuite -I/scratch/tmp/gerald/gcc-HEAD/gcc/testsuite/../../gcc -I/scratch/tmp/gerald/OBJ-0906-2306/gcc/testsuite/g++/../../../gcc -I/scratch/tmp/gerald/gcc-HEAD/gcc/testsuite/../../include -I/scratch/tmp/gerald/gcc-HEAD/gcc/testsuite/../../libcpp/include -I/home/gerald/9-i386/include -I/scratch/tmp/gerald/OBJ-0906-2306/gcc/testsuite/g++/../../../intl -DIN_GCC -fPIC -shared UNRESOLVED: decl_plugin.c compilation, -I. -I/scratch/tmp/gerald/gcc-HEAD/gcc/testsuite -I/scratch/tmp/gerald/gcc-HEAD/gcc/testsuite/../../gcc -I/scratch/tmp/gerald/OBJ-0906-2306/gcc/testsuite/g++/../../../gcc -I/scratch/tmp/gerald/gcc-HEAD/gcc/testsuite/../../include -I/scratch/tmp/gerald/gcc-HEAD/gcc/testsuite/../../libcpp/include -I/home/gerald/9-i386/include -I/scratch/tmp/gerald/OBJ-0906-2306/gcc/testsuite/g++/../../../intl -DIN_GCC -fPIC -shared FAIL: g++.old-deja/g++.other/init18.C execution test FAIL: g++.old-deja/g++.other/init19.C execution test === g++ Summary === # of expected passes 27594 # of unexpected failures 5 # of expected failures 160 # of unresolved testcases 21 # of unsupported tests 175 /scratch/tmp/gerald/OBJ-0906-2306/gcc/testsuite/g++/../../g++ version 4.7.0 20110906 (experimental) (GCC) === gcc tests === Running target unix FAIL: gcc.c-torture/execute/20080502-1.c execution, -O0 FAIL: gcc.c-torture/execute/conversion.c execution, -O0 FAIL: gcc.c-torture/execute/conversion.c execution, -O1 FAIL: gcc.c-torture/execute/ieee/copysign1.c execution, -O1 FAIL: gcc.c-torture/execute/ieee/copysign2.c execution, -O1 FAIL: gcc.c-torture/execute/ieee/copysign2.c execution, -O2 FAIL: gcc.c-torture/execute/ieee/copysign2.c execution, -O3 -fomit-frame-pointer FAIL: gcc.c-torture/execute/ieee/copysign2.c execution, -O3 -fomit-frame-pointer -funroll-loops FAIL: gcc.c-torture/execute/ieee/copysign2.c execution, -O3 -fomit-frame-pointer -funroll-all-loops -finline-functions FAIL: gcc.c-torture/execute/ieee/copysign2.c execution, -O3 -g FAIL: gcc.c-torture/execute/ieee/copysign2.c execution, -Os FAIL: gcc.c-torture/execute/ieee/copysign2.c execution, -O2 -flto -flto-partition=none FAIL: gcc.c-torture/execute/ieee/copysign2.c execution, -O2 -flto FAIL: gcc.dg/builtins-20.c (test for excess errors) FAIL: gcc.dg/builtins-57.c (test for excess errors) FAIL: gcc.dg/builtins-58.c scan-assembler-not pow FAIL: gcc.dg/builtins-59.c scan-tree-dump gimple "__builtin_cexpi" FAIL: gcc.dg/builtins-59.c scan-tree-dump-not gimple "sincos" FAIL: gcc.dg/builtins-61.c scan-tree-dump optimized "cexpi" FAIL: gcc.dg/builtins-61.c scan-tree-dump optimized "sin" FAIL: gcc.dg/builtins-61.c scan-tree-dump optimized "cos" FAIL: gcc.dg/builtins-61.c scan-tree-dump optimized "return 0.0" FAIL: gcc.dg/builtins-62.c scan-tree-dump-times optimized "cexpi" 3 FAIL: gcc.dg/builtins-65.c (test for excess errors) FAIL: gcc.dg/c99-tgmath-2.c (test for excess errors) UNRESOLVED: gcc.dg/c99-tgmath-2.c scan-assembler sinf FAIL: gcc.dg/c99-tgmath-3.c (test for excess errors) FAIL: gcc.dg/c99-tgmath-4.c (test for excess errors) UNRESOLVED: gcc.dg/c99-tgmath-4.c scan-assembler cpowf XPASS: gcc.dg/uninit-B.c uninit i warning (test for warnings, line 12) XPASS: gcc.dg/uninit-pr19430.c (test for warnings, line 32) XPASS: gcc.dg/uninit-pr19430.c uninitialized (test for warnings, line 41) FAIL: gcc.dg/utf-array-short-wchar.c (test for errors, line 39) FAIL: gcc.dg/utf-array-short-wchar.c (test for errors, line 41) FAIL: gcc.dg/utf-array-short-wchar.c (test for excess errors) FAIL: c-c++-common/Wconversion-real.c -Wc++-compat (test for warnings, line 27) FAIL: c-c++-common/Wconversion-real.c -Wc++-compat (test for warnings, line 28) FAIL: gcc.dg/matrix/transpose-3.c execution, -fprofile-use -fipa-matrix-reorg -fdump-ipa-matrix-reorg -O3 -fwhole-program -fno-tree-fre FAIL: largefile.c -O0 -g -I. (internal compiler error) FAIL: largefile.c -O0 -g -I. (test for excess errors) FAIL: gcc.dg/pch/largefile.c -O0 -g assembly comparison FAIL: largefile.c -O0 -I. (internal compiler error) FAIL: largefile.c -O0 -I. (test for excess errors) FAIL: gcc.dg/pch/largefile.c -O0 assembly comparison FAIL: largefile.c -O1 -I. (internal compiler error) FAIL: largefile.c -O1 -I. (test for excess errors) FAIL: gcc.dg/pch/largefile.c -O1 assembly comparison FAIL: largefile.c -O2 -I. (internal compiler error) FAIL: largefile.c -O2 -I. (test for excess errors) FAIL: gcc.dg/pch/largefile.c -O2 assembly comparison FAIL: largefile.c -O3 -fomit-frame-pointer -I. (internal compiler error) FAIL: largefile.c -O3 -fomit-frame-pointer -I. (test for excess errors) FAIL: gcc.dg/pch/largefile.c -O3 -fomit-frame-pointer assembly comparison FAIL: largefile.c -O3 -g -I. (internal compiler error) FAIL: largefile.c -O3 -g -I. (test for excess errors) FAIL: gcc.dg/pch/largefile.c -O3 -g assembly comparison FAIL: largefile.c -Os -I. (internal compiler error) FAIL: largefile.c -Os -I. (test for excess errors) FAIL: gcc.dg/pch/largefile.c -Os assembly comparison UNRESOLVED: selfassign.c compilation, -I. -I/scratch/tmp/gerald/gcc-HEAD/gcc/testsuite -I/scratch/tmp/gerald/gcc-HEAD/gcc/testsuite/../../gcc -I/scratch/tmp/gerald/OBJ-0906-2306/gcc/testsuite/gcc/../../../gcc -I/scratch/tmp/gerald/gcc-HEAD/gcc/testsuite/../../include -I/scratch/tmp/gerald/gcc-HEAD/gcc/testsuite/../../libcpp/include -I/home/gerald/9-i386/include -I/scratch/tmp/gerald/OBJ-0906-2306/gcc/testsuite/gcc/../../../intl -O -DIN_GCC -fPIC -shared UNRESOLVED: ggcplug.c compilation, -I. -I/scratch/tmp/gerald/gcc-HEAD/gcc/testsuite -I/scratch/tmp/gerald/gcc-HEAD/gcc/testsuite/../../gcc -I/scratch/tmp/gerald/OBJ-0906-2306/gcc/testsuite/gcc/../../../gcc -I/scratch/tmp/gerald/gcc-HEAD/gcc/testsuite/../../include -I/scratch/tmp/gerald/gcc-HEAD/gcc/testsuite/../../libcpp/include -I/home/gerald/9-i386/include -I/scratch/tmp/gerald/OBJ-0906-2306/gcc/testsuite/gcc/../../../intl -O -DIN_GCC -fPIC -shared UNRESOLVED: one_time_plugin.c compilation, -I. -I/scratch/tmp/gerald/gcc-HEAD/gcc/testsuite -I/scratch/tmp/gerald/gcc-HEAD/gcc/testsuite/../../gcc -I/scratch/tmp/gerald/OBJ-0906-2306/gcc/testsuite/gcc/../../../gcc -I/scratch/tmp/gerald/gcc-HEAD/gcc/testsuite/../../include -I/scratch/tmp/gerald/gcc-HEAD/gcc/testsuite/../../libcpp/include -I/home/gerald/9-i386/include -I/scratch/tmp/gerald/OBJ-0906-2306/gcc/testsuite/gcc/../../../intl -DIN_GCC -fPIC -shared UNRESOLVED: start_unit_plugin.c compilation, -I. -I/scratch/tmp/gerald/gcc-HEAD/gcc/testsuite -I/scratch/tmp/gerald/gcc-HEAD/gcc/testsuite/../../gcc -I/scratch/tmp/gerald/OBJ-0906-2306/gcc/testsuite/gcc/../../../gcc -I/scratch/tmp/gerald/gcc-HEAD/gcc/testsuite/../../include -I/scratch/tmp/gerald/gcc-HEAD/gcc/testsuite/../../libcpp/include -I/home/gerald/9-i386/include -I/scratch/tmp/gerald/OBJ-0906-2306/gcc/testsuite/gcc/../../../intl -DIN_GCC -fPIC -shared UNRESOLVED: finish_unit_plugin.c compilation, -I. -I/scratch/tmp/gerald/gcc-HEAD/gcc/testsuite -I/scratch/tmp/gerald/gcc-HEAD/gcc/testsuite/../../gcc -I/scratch/tmp/gerald/OBJ-0906-2306/gcc/testsuite/gcc/../../../gcc -I/scratch/tmp/gerald/gcc-HEAD/gcc/testsuite/../../include -I/scratch/tmp/gerald/gcc-HEAD/gcc/testsuite/../../libcpp/include -I/home/gerald/9-i386/include -I/scratch/tmp/gerald/OBJ-0906-2306/gcc/testsuite/gcc/../../../intl -DIN_GCC -fPIC -shared FAIL: gcc.dg/torture/builtin-convert-1.c -O1 (test for excess errors) FAIL: gcc.dg/torture/builtin-convert-1.c -O2 (test for excess errors) FAIL: gcc.dg/torture/builtin-convert-1.c -O3 -fomit-frame-pointer (test for excess errors) FAIL: gcc.dg/torture/builtin-convert-1.c -O3 -g (test for excess errors) FAIL: gcc.dg/torture/builtin-convert-1.c -Os (test for excess errors) FAIL: gcc.dg/torture/builtin-convert-1.c -O2 -flto -flto-partition=none (test for excess errors) FAIL: gcc.dg/torture/builtin-convert-1.c -O2 -flto (test for excess errors) FAIL: gcc.dg/torture/builtin-convert-2.c -O1 (test for excess errors) FAIL: gcc.dg/torture/builtin-convert-2.c -O2 (test for excess errors) FAIL: gcc.dg/torture/builtin-convert-2.c -O3 -fomit-frame-pointer (test for excess errors) FAIL: gcc.dg/torture/builtin-convert-2.c -O3 -g (test for excess errors) FAIL: gcc.dg/torture/builtin-convert-2.c -Os (test for excess errors) FAIL: gcc.dg/torture/builtin-convert-2.c -O2 -flto -flto-partition=none (test for excess errors) FAIL: gcc.dg/torture/builtin-convert-2.c -O2 -flto (test for excess errors) FAIL: gcc.dg/torture/builtin-convert-3.c -O1 (test for excess errors) FAIL: gcc.dg/torture/builtin-convert-3.c -O2 (test for excess errors) FAIL: gcc.dg/torture/builtin-convert-3.c -O3 -fomit-frame-pointer (test for excess errors) FAIL: gcc.dg/torture/builtin-convert-3.c -O3 -g (test for excess errors) FAIL: gcc.dg/torture/builtin-convert-3.c -Os (test for excess errors) FAIL: gcc.dg/torture/builtin-convert-3.c -O2 -flto -flto-partition=none (test for excess errors) FAIL: gcc.dg/torture/builtin-convert-3.c -O2 -flto (test for excess errors) FAIL: gcc.dg/torture/builtin-power-1.c -O0 (test for excess errors) FAIL: gcc.dg/torture/builtin-power-1.c -O1 (test for excess errors) FAIL: gcc.dg/torture/builtin-power-1.c -O2 (test for excess errors) FAIL: gcc.dg/torture/builtin-power-1.c -O3 -fomit-frame-pointer (test for excess errors) FAIL: gcc.dg/torture/builtin-power-1.c -O3 -g (test for excess errors) FAIL: gcc.dg/torture/builtin-power-1.c -Os (test for excess errors) FAIL: gcc.dg/torture/builtin-power-1.c -O2 -flto -flto-partition=none (test for excess errors) FAIL: gcc.dg/torture/builtin-power-1.c -O2 -flto (test for excess errors) FAIL: gcc.dg/torture/fp-int-convert-float.c -O0 execution test FAIL: gcc.dg/torture/fp-int-convert-float.c -O1 execution test FAIL: gcc.dg/torture/fp-int-convert-float.c -O2 execution test FAIL: gcc.dg/torture/fp-int-convert-float.c -O3 -fomit-frame-pointer execution test FAIL: gcc.dg/torture/fp-int-convert-float.c -O3 -g execution test FAIL: gcc.dg/torture/fp-int-convert-float.c -Os execution test FAIL: gcc.dg/torture/fp-int-convert-float.c -O2 -flto -flto-partition=none execution test FAIL: gcc.dg/torture/fp-int-convert-float.c -O2 -flto execution test FAIL: gcc.dg/torture/fp-int-convert-float80.c -O0 execution test FAIL: gcc.dg/torture/fp-int-convert-float80.c -O1 execution test FAIL: gcc.dg/torture/fp-int-convert-float80.c -O2 execution test FAIL: gcc.dg/torture/fp-int-convert-float80.c -O3 -fomit-frame-pointer execution test FAIL: gcc.dg/torture/fp-int-convert-float80.c -O3 -g execution test FAIL: gcc.dg/torture/fp-int-convert-float80.c -Os execution test FAIL: gcc.dg/torture/fp-int-convert-float80.c -O2 -flto -flto-partition=none execution test FAIL: gcc.dg/torture/fp-int-convert-float80.c -O2 -flto execution test FAIL: gcc.dg/torture/fp-int-convert-long-double.c -O0 execution test FAIL: gcc.dg/torture/fp-int-convert-long-double.c -O1 execution test FAIL: gcc.dg/torture/fp-int-convert-long-double.c -O2 execution test FAIL: gcc.dg/torture/fp-int-convert-long-double.c -O3 -fomit-frame-pointer execution test FAIL: gcc.dg/torture/fp-int-convert-long-double.c -O3 -g execution test FAIL: gcc.dg/torture/fp-int-convert-long-double.c -Os execution test FAIL: gcc.dg/torture/fp-int-convert-long-double.c -O2 -flto -flto-partition=none execution test FAIL: gcc.dg/torture/fp-int-convert-long-double.c -O2 -flto execution test FAIL: gcc.dg/torture/tls/run-gd.c -O0 (test for excess errors) FAIL: gcc.dg/torture/tls/run-gd.c -O1 (test for excess errors) FAIL: gcc.dg/torture/tls/run-gd.c -O2 (test for excess errors) FAIL: gcc.dg/torture/tls/run-gd.c -O3 -fomit-frame-pointer (test for excess errors) FAIL: gcc.dg/torture/tls/run-gd.c -O3 -g (test for excess errors) FAIL: gcc.dg/torture/tls/run-gd.c -Os (test for excess errors) FAIL: gcc.dg/torture/tls/run-gd.c -O2 -flto -flto-partition=none (test for excess errors) FAIL: gcc.dg/torture/tls/run-gd.c -O2 -flto (test for excess errors) FAIL: gcc.dg/torture/tls/run-ld.c -O0 (test for excess errors) FAIL: gcc.dg/torture/tls/run-ld.c -O1 (test for excess errors) FAIL: gcc.dg/torture/tls/run-ld.c -O2 (test for excess errors) FAIL: gcc.dg/torture/tls/run-ld.c -O3 -fomit-frame-pointer (test for excess errors) FAIL: gcc.dg/torture/tls/run-ld.c -O3 -g (test for excess errors) FAIL: gcc.dg/torture/tls/run-ld.c -Os (test for excess errors) FAIL: gcc.dg/torture/tls/run-ld.c -O2 -flto -flto-partition=none (test for excess errors) FAIL: gcc.dg/torture/tls/run-ld.c -O2 -flto (test for excess errors) FAIL: gcc.dg/tree-ssa/vrp47.c scan-tree-dump-times dom1 "x[^ ]* & y" 1 FAIL: gcc.target/i386/excess-precision-1.c execution test FAIL: gcc.target/i386/excess-precision-3.c execution test FAIL: gcc.target/i386/pr36578-1.c execution test FAIL: gcc.target/i386/pr36578-2.c execution test === gcc Summary === # of expected passes 79452 # of unexpected failures 128 # of unexpected successes 3 # of expected failures 239 # of unresolved testcases 7 # of unsupported tests 1067 /scratch/tmp/gerald/OBJ-0906-2306/gcc/xgcc version 4.7.0 20110906 (experimental) (GCC) === gfortran tests === Running target unix FAIL: gfortran.dg/actual_array_constructor_1.f90 -O1 (internal compiler error) FAIL: gfortran.dg/actual_array_constructor_1.f90 -O1 (test for excess errors) UNRESOLVED: gfortran.dg/actual_array_constructor_1.f90 -O1 compilation failed to produce executable FAIL: gfortran.dg/actual_array_constructor_1.f90 -O2 (internal compiler error) FAIL: gfortran.dg/actual_array_constructor_1.f90 -O2 (test for excess errors) UNRESOLVED: gfortran.dg/actual_array_constructor_1.f90 -O2 compilation failed to produce executable FAIL: gfortran.dg/actual_array_constructor_1.f90 -O3 -fomit-frame-pointer (internal compiler error) FAIL: gfortran.dg/actual_array_constructor_1.f90 -O3 -fomit-frame-pointer (test for excess errors) UNRESOLVED: gfortran.dg/actual_array_constructor_1.f90 -O3 -fomit-frame-pointer compilation failed to produce executable FAIL: gfortran.dg/actual_array_constructor_1.f90 -O3 -fomit-frame-pointer -funroll-loops (internal compiler error) FAIL: gfortran.dg/actual_array_constructor_1.f90 -O3 -fomit-frame-pointer -funroll-loops (test for excess errors) UNRESOLVED: gfortran.dg/actual_array_constructor_1.f90 -O3 -fomit-frame-pointer -funroll-loops compilation failed to produce executable FAIL: gfortran.dg/actual_array_constructor_1.f90 -O3 -fomit-frame-pointer -funroll-all-loops -finline-functions (internal compiler error) FAIL: gfortran.dg/actual_array_constructor_1.f90 -O3 -fomit-frame-pointer -funroll-all-loops -finline-functions (test for excess errors) UNRESOLVED: gfortran.dg/actual_array_constructor_1.f90 -O3 -fomit-frame-pointer -funroll-all-loops -finline-functions compilation failed to produce executable FAIL: gfortran.dg/actual_array_constructor_1.f90 -O3 -g (internal compiler error) FAIL: gfortran.dg/actual_array_constructor_1.f90 -O3 -g (test for excess errors) UNRESOLVED: gfortran.dg/actual_array_constructor_1.f90 -O3 -g compilation failed to produce executable FAIL: gfortran.dg/class_45b.f03 -O1 (test for excess errors) UNRESOLVED: gfortran.dg/class_45b.f03 -O1 compilation failed to produce executable FAIL: gfortran.dg/class_45b.f03 -O2 (test for excess errors) UNRESOLVED: gfortran.dg/class_45b.f03 -O2 compilation failed to produce executable FAIL: gfortran.dg/class_45b.f03 -O3 -fomit-frame-pointer (test for excess errors) UNRESOLVED: gfortran.dg/class_45b.f03 -O3 -fomit-frame-pointer compilation failed to produce executable FAIL: gfortran.dg/class_45b.f03 -O3 -fomit-frame-pointer -funroll-loops (test for excess errors) UNRESOLVED: gfortran.dg/class_45b.f03 -O3 -fomit-frame-pointer -funroll-loops compilation failed to produce executable FAIL: gfortran.dg/class_45b.f03 -O3 -fomit-frame-pointer -funroll-all-loops -finline-functions (test for excess errors) UNRESOLVED: gfortran.dg/class_45b.f03 -O3 -fomit-frame-pointer -funroll-all-loops -finline-functions compilation failed to produce executable FAIL: gfortran.dg/class_45b.f03 -O3 -g (test for excess errors) UNRESOLVED: gfortran.dg/class_45b.f03 -O3 -g compilation failed to produce executable FAIL: gfortran.dg/class_45b.f03 -Os (test for excess errors) UNRESOLVED: gfortran.dg/class_45b.f03 -Os compilation failed to produce executable XPASS: gfortran.dg/large_real_kind_2.F90 -O0 (test for excess errors) XPASS: gfortran.dg/large_real_kind_2.F90 -O1 (test for excess errors) XPASS: gfortran.dg/large_real_kind_2.F90 -O2 (test for excess errors) XPASS: gfortran.dg/large_real_kind_2.F90 -O3 -fomit-frame-pointer (test for excess errors) XPASS: gfortran.dg/large_real_kind_2.F90 -O3 -fomit-frame-pointer -funroll-loops (test for excess errors) XPASS: gfortran.dg/large_real_kind_2.F90 -O3 -fomit-frame-pointer -funroll-all-loops -finline-functions (test for excess errors) XPASS: gfortran.dg/large_real_kind_2.F90 -O3 -g (test for excess errors) XPASS: gfortran.dg/large_real_kind_2.F90 -Os (test for excess errors) XPASS: gfortran.dg/large_real_kind_3.F90 -O0 (test for excess errors) XPASS: gfortran.dg/large_real_kind_3.F90 -O1 (test for excess errors) XPASS: gfortran.dg/large_real_kind_3.F90 -O2 (test for excess errors) XPASS: gfortran.dg/large_real_kind_3.F90 -O3 -fomit-frame-pointer (test for excess errors) XPASS: gfortran.dg/large_real_kind_3.F90 -O3 -fomit-frame-pointer -funroll-loops (test for excess errors) XPASS: gfortran.dg/large_real_kind_3.F90 -O3 -fomit-frame-pointer -funroll-all-loops -finline-functions (test for excess errors) XPASS: gfortran.dg/large_real_kind_3.F90 -O3 -g (test for excess errors) XPASS: gfortran.dg/large_real_kind_3.F90 -Os (test for excess errors) === gfortran Summary === # of expected passes 39289 # of unexpected failures 19 # of unexpected successes 16 # of expected failures 41 # of unresolved testcases 13 # of unsupported tests 212 /scratch/tmp/gerald/OBJ-0906-2306/gcc/testsuite/gfortran/../../gfortran version 4.7.0 20110906 (experimental) (GCC) === objc tests === Running target unix === objc Summary === # of expected passes 2976 # of expected failures 6 # of unsupported tests 74 /scratch/tmp/gerald/OBJ-0906-2306/gcc/xgcc version 4.7.0 20110906 (experimental) (GCC) === boehm-gc tests === Running target unix === boehm-gc Summary === # of expected passes 12 # of unsupported tests 1 === libffi tests === Running target unix === libffi Summary === # of expected passes 1634 # of expected failures 10 # of unsupported tests 15 === libgomp tests === Running target unix === libgomp Summary === # of expected passes 2942 # of unsupported tests 3 === libjava tests === Running target unix FAIL: Throw_2 execution - source compiled test FAIL: Throw_2 -findirect-dispatch execution - source compiled test FAIL: Throw_2 -O3 execution - source compiled test FAIL: Throw_2 -O3 -findirect-dispatch execution - source compiled test === libjava Summary === # of expected passes 2566 # of unexpected failures 4 # of untested testcases 4 === libmudflap tests === Running target unix FAIL: libmudflap.c++/pass55-frag.cxx ( -O) execution test === libmudflap Summary === # of expected passes 1893 # of unexpected failures 1 === libstdc++ tests === Running target unix FAIL: 22_locale/locale/cons/12438.cc execution test FAIL: 26_numerics/headers/cmath/c99_classification_macros_c.cc (test for excess errors) FAIL: 27_io/objects/wchar_t/9662.cc execution test === libstdc++ Summary === # of expected passes 7569 # of unexpected failures 3 # of expected failures 45 # of unsupported tests 548 === libstdc++ Summary === Compiler version: 4.7.0 20110906 (experimental) (GCC) Platform: i386-unknown-freebsd9.0 configure flags: --prefix=/home/gerald/gcc-ref9-i386 --with-gmp=/home/gerald/9-i386
Index Nav: | [Date Index] [Subject Index] [Author Index] [Thread Index] | |
---|---|---|
Message Nav: | [Date Prev] [Date Next] | [Thread Prev] [Thread Next] |