This is the mail archive of the
gcc-testresults@gcc.gnu.org
mailing list for the GCC project.
Results for 4.7.0 20110823 (experimental) [trunk revision 178019] (GCC) testsuite on x86_64-unknown-linux-gnu
- From: x32 at gnu-35 dot sc dot intel dot com (H.J. Lu (x32))
- To: gcc-testresults at gcc dot gnu dot org
- Date: Tue, 23 Aug 2011 18:39:43 -0700
- Subject: Results for 4.7.0 20110823 (experimental) [trunk revision 178019] (GCC) testsuite on x86_64-unknown-linux-gnu
LAST_UPDATED: Wed Aug 24 00:25:50 UTC 2011 (revision 178019)
Native configuration is x86_64-unknown-linux-gnu
=== g++ tests ===
Running target unix/-mx32
FAIL: g++.dg/tree-prof/partition2.C compilation, -Os -fprofile-use
UNRESOLVED: g++.dg/tree-prof/partition2.C execution, -Os -fprofile-use
=== g++ Summary ===
# of expected passes 28329
# of unexpected failures 1
# of expected failures 158
# of unresolved testcases 1
# of unsupported tests 333
/export/gnu/import/svn/gcc-test-x32/bld/gcc/testsuite/g++/../../g++ version 4.7.0 20110823 (experimental) [trunk revision 178019] (GCC)
=== gcc tests ===
Running target unix/-mx32
FAIL: gcc.c-torture/execute/builtins/strstr-asm.c compilation, -O2 -flto -flto-partition=none
UNRESOLVED: gcc.c-torture/execute/builtins/strstr-asm.c execution, -O2 -flto -flto-partition=none
FAIL: gcc.c-torture/execute/builtins/strstr-asm.c compilation, -O2 -flto
UNRESOLVED: gcc.c-torture/execute/builtins/strstr-asm.c execution, -O2 -flto
XPASS: gcc.dg/inline_3.c (test for excess errors)
XPASS: gcc.dg/inline_4.c (test for excess errors)
XPASS: gcc.dg/uninit-B.c uninit i warning (test for warnings, line 12)
XPASS: gcc.dg/uninit-pr19430.c (test for warnings, line 32)
XPASS: gcc.dg/uninit-pr19430.c uninitialized (test for warnings, line 41)
XPASS: gcc.dg/unroll_2.c (test for excess errors)
XPASS: gcc.dg/unroll_3.c (test for excess errors)
XPASS: gcc.dg/unroll_4.c (test for excess errors)
XPASS: gcc.dg/guality/example.c -O0 execution test
XPASS: gcc.dg/guality/guality.c -O0 execution test
FAIL: gcc.dg/guality/inline-params.c -O1 execution test
XPASS: gcc.dg/guality/pr41353-1.c -O0 line 28 j == 28 + 37
XPASS: gcc.dg/guality/pr41353-1.c -O1 line 28 j == 28 + 37
XPASS: gcc.dg/guality/pr41353-1.c -O2 line 28 j == 28 + 37
XPASS: gcc.dg/guality/pr41353-1.c -O3 -fomit-frame-pointer line 28 j == 28 + 37
XPASS: gcc.dg/guality/pr41353-1.c -O3 -g line 28 j == 28 + 37
XPASS: gcc.dg/guality/pr41353-1.c -Os line 28 j == 28 + 37
XPASS: gcc.dg/guality/pr41353-1.c -O2 -flto -flto-partition=none line 28 j == 28 + 37
XPASS: gcc.dg/guality/pr41353-1.c -O2 -flto line 28 j == 28 + 37
XPASS: gcc.dg/guality/pr41447-1.c -O0 execution test
XPASS: gcc.dg/guality/pr41447-1.c -O1 execution test
XPASS: gcc.dg/guality/pr41447-1.c -O2 execution test
XPASS: gcc.dg/guality/pr41447-1.c -O3 -fomit-frame-pointer execution test
XPASS: gcc.dg/guality/pr41447-1.c -O3 -g execution test
XPASS: gcc.dg/guality/pr41447-1.c -Os execution test
XPASS: gcc.dg/guality/pr41447-1.c -O2 -flto -flto-partition=none execution test
XPASS: gcc.dg/guality/pr41447-1.c -O2 -flto execution test
XPASS: gcc.dg/guality/pr41616-1.c -O0 execution test
XPASS: gcc.dg/guality/pr41616-1.c -O1 execution test
XPASS: gcc.dg/guality/pr41616-1.c -O2 execution test
XPASS: gcc.dg/guality/pr41616-1.c -O3 -fomit-frame-pointer execution test
XPASS: gcc.dg/guality/pr41616-1.c -O3 -g execution test
XPASS: gcc.dg/guality/pr41616-1.c -Os execution test
FAIL: gcc.dg/guality/pr43051-1.c -O1 line 34 c == &a[0]
FAIL: gcc.dg/guality/pr43051-1.c -O1 line 36 e == &a[1]
FAIL: gcc.dg/guality/pr43051-1.c -O1 line 39 c == &a[0]
FAIL: gcc.dg/guality/pr43051-1.c -O1 line 41 e == &a[1]
FAIL: gcc.dg/guality/pr43051-1.c -O2 line 34 c == &a[0]
FAIL: gcc.dg/guality/pr43051-1.c -O2 line 36 e == &a[1]
FAIL: gcc.dg/guality/pr43051-1.c -O2 line 39 c == &a[0]
FAIL: gcc.dg/guality/pr43051-1.c -O2 line 41 e == &a[1]
FAIL: gcc.dg/guality/pr43051-1.c -O3 -fomit-frame-pointer line 34 c == &a[0]
FAIL: gcc.dg/guality/pr43051-1.c -O3 -fomit-frame-pointer line 36 e == &a[1]
FAIL: gcc.dg/guality/pr43051-1.c -O3 -fomit-frame-pointer line 39 c == &a[0]
FAIL: gcc.dg/guality/pr43051-1.c -O3 -fomit-frame-pointer line 41 e == &a[1]
FAIL: gcc.dg/guality/pr43051-1.c -O3 -fomit-frame-pointer -funroll-loops line 36 e == &a[1]
FAIL: gcc.dg/guality/pr43051-1.c -O3 -fomit-frame-pointer -funroll-loops line 41 e == &a[1]
FAIL: gcc.dg/guality/pr43051-1.c -O3 -fomit-frame-pointer -funroll-all-loops -finline-functions line 36 e == &a[1]
FAIL: gcc.dg/guality/pr43051-1.c -O3 -fomit-frame-pointer -funroll-all-loops -finline-functions line 41 e == &a[1]
FAIL: gcc.dg/guality/pr43051-1.c -O3 -g line 34 c == &a[0]
FAIL: gcc.dg/guality/pr43051-1.c -O3 -g line 36 e == &a[1]
FAIL: gcc.dg/guality/pr43051-1.c -O3 -g line 39 c == &a[0]
FAIL: gcc.dg/guality/pr43051-1.c -O3 -g line 41 e == &a[1]
FAIL: gcc.dg/guality/pr43051-1.c -Os line 36 e == &a[1]
FAIL: gcc.dg/guality/pr43051-1.c -Os line 41 e == &a[1]
FAIL: gcc.dg/guality/pr43051-1.c -O2 -flto -flto-partition=none line 34 c == &a[0]
FAIL: gcc.dg/guality/pr43051-1.c -O2 -flto -flto-partition=none line 36 e == &a[1]
FAIL: gcc.dg/guality/pr43051-1.c -O2 -flto -flto-partition=none line 39 c == &a[0]
FAIL: gcc.dg/guality/pr43051-1.c -O2 -flto -flto-partition=none line 41 e == &a[1]
FAIL: gcc.dg/guality/pr43051-1.c -O2 -flto line 34 c == &a[0]
FAIL: gcc.dg/guality/pr43051-1.c -O2 -flto line 36 e == &a[1]
FAIL: gcc.dg/guality/pr43051-1.c -O2 -flto line 39 c == &a[0]
FAIL: gcc.dg/guality/pr43051-1.c -O2 -flto line 41 e == &a[1]
FAIL: gcc.dg/guality/sra-1.c -O1 line 43 a.i == 4
FAIL: gcc.dg/guality/sra-1.c -O1 line 43 a.j == 14
FAIL: gcc.dg/guality/vla-1.c -O0 line 17 sizeof (a) == 6
FAIL: gcc.dg/guality/vla-1.c -O0 line 24 sizeof (a) == 17 * sizeof (short)
FAIL: gcc.dg/guality/vla-1.c -O1 line 17 sizeof (a) == 6
FAIL: gcc.dg/guality/vla-1.c -O1 line 24 sizeof (a) == 17 * sizeof (short)
FAIL: gcc.dg/guality/vla-1.c -O2 line 17 sizeof (a) == 6
FAIL: gcc.dg/guality/vla-1.c -O2 line 24 sizeof (a) == 17 * sizeof (short)
FAIL: gcc.dg/guality/vla-1.c -O3 -fomit-frame-pointer line 17 sizeof (a) == 6
FAIL: gcc.dg/guality/vla-1.c -O3 -fomit-frame-pointer line 24 sizeof (a) == 17 * sizeof (short)
FAIL: gcc.dg/guality/vla-1.c -O3 -g line 17 sizeof (a) == 6
FAIL: gcc.dg/guality/vla-1.c -O3 -g line 24 sizeof (a) == 17 * sizeof (short)
FAIL: gcc.dg/guality/vla-1.c -Os line 17 sizeof (a) == 6
FAIL: gcc.dg/guality/vla-1.c -Os line 24 sizeof (a) == 17 * sizeof (short)
FAIL: gcc.dg/guality/vla-1.c -O2 -flto -flto-partition=none line 17 sizeof (a) == 6
FAIL: gcc.dg/guality/vla-1.c -O2 -flto -flto-partition=none line 24 sizeof (a) == 17 * sizeof (short)
FAIL: gcc.dg/guality/vla-1.c -O2 -flto line 17 sizeof (a) == 6
FAIL: gcc.dg/guality/vla-1.c -O2 -flto line 24 sizeof (a) == 17 * sizeof (short)
FAIL: gcc.dg/guality/vla-2.c -O0 line 16 sizeof (a) == 5 * sizeof (int)
FAIL: gcc.dg/guality/vla-2.c -O0 line 25 sizeof (a) == 6 * sizeof (int)
FAIL: gcc.dg/guality/vla-2.c -O1 line 16 sizeof (a) == 5 * sizeof (int)
FAIL: gcc.dg/guality/vla-2.c -O1 line 25 sizeof (a) == 6 * sizeof (int)
FAIL: gcc.dg/guality/vla-2.c -O2 line 16 sizeof (a) == 5 * sizeof (int)
FAIL: gcc.dg/guality/vla-2.c -O2 line 25 sizeof (a) == 6 * sizeof (int)
FAIL: gcc.dg/guality/vla-2.c -O3 -fomit-frame-pointer line 16 sizeof (a) == 5 * sizeof (int)
FAIL: gcc.dg/guality/vla-2.c -O3 -fomit-frame-pointer line 25 sizeof (a) == 6 * sizeof (int)
FAIL: gcc.dg/guality/vla-2.c -O3 -g line 16 sizeof (a) == 5 * sizeof (int)
FAIL: gcc.dg/guality/vla-2.c -O3 -g line 25 sizeof (a) == 6 * sizeof (int)
FAIL: gcc.dg/guality/vla-2.c -Os line 16 sizeof (a) == 5 * sizeof (int)
FAIL: gcc.dg/guality/vla-2.c -Os line 25 sizeof (a) == 6 * sizeof (int)
FAIL: gcc.dg/guality/vla-2.c -O2 -flto -flto-partition=none line 16 sizeof (a) == 5 * sizeof (int)
FAIL: gcc.dg/guality/vla-2.c -O2 -flto -flto-partition=none line 25 sizeof (a) == 6 * sizeof (int)
FAIL: gcc.dg/guality/vla-2.c -O2 -flto line 16 sizeof (a) == 5 * sizeof (int)
FAIL: gcc.dg/guality/vla-2.c -O2 -flto line 25 sizeof (a) == 6 * sizeof (int)
FAIL: gcc.dg/tree-ssa/vrp47.c scan-tree-dump-times dom1 "x[^ ]* & y" 1
FAIL: gcc.target/i386/avx-1.c (internal compiler error)
FAIL: gcc.target/i386/avx-1.c (test for excess errors)
FAIL: gcc.target/i386/avx2-i32gatherd-1.c (internal compiler error)
FAIL: gcc.target/i386/avx2-i32gatherd-1.c (test for excess errors)
UNRESOLVED: gcc.target/i386/avx2-i32gatherd-1.c scan-assembler vpgatherdd[ \\\\t]+[^\\n]*%xmm[0-9]
FAIL: gcc.target/i386/avx2-i32gatherd-2.c (internal compiler error)
FAIL: gcc.target/i386/avx2-i32gatherd-2.c (test for excess errors)
WARNING: gcc.target/i386/avx2-i32gatherd-2.c compilation failed to produce executable
FAIL: gcc.target/i386/avx2-i32gatherd-3.c (internal compiler error)
FAIL: gcc.target/i386/avx2-i32gatherd-3.c (test for excess errors)
UNRESOLVED: gcc.target/i386/avx2-i32gatherd-3.c scan-assembler vpgatherdd[ \\\\t]+[^\\n]*%xmm[0-9]
FAIL: gcc.target/i386/avx2-i32gatherd-4.c (internal compiler error)
FAIL: gcc.target/i386/avx2-i32gatherd-4.c (test for excess errors)
WARNING: gcc.target/i386/avx2-i32gatherd-4.c compilation failed to produce executable
FAIL: gcc.target/i386/avx2-i32gatherd256-1.c (internal compiler error)
FAIL: gcc.target/i386/avx2-i32gatherd256-1.c (test for excess errors)
UNRESOLVED: gcc.target/i386/avx2-i32gatherd256-1.c scan-assembler vpgatherdd[ \\\\t]+[^\\n]*%ymm[0-9]
FAIL: gcc.target/i386/avx2-i32gatherd256-2.c (internal compiler error)
FAIL: gcc.target/i386/avx2-i32gatherd256-2.c (test for excess errors)
WARNING: gcc.target/i386/avx2-i32gatherd256-2.c compilation failed to produce executable
FAIL: gcc.target/i386/avx2-i32gatherd256-3.c (internal compiler error)
FAIL: gcc.target/i386/avx2-i32gatherd256-3.c (test for excess errors)
UNRESOLVED: gcc.target/i386/avx2-i32gatherd256-3.c scan-assembler vpgatherdd[ \\\\t]+[^\\n]*%ymm[0-9]
FAIL: gcc.target/i386/avx2-i32gatherd256-4.c (internal compiler error)
FAIL: gcc.target/i386/avx2-i32gatherd256-4.c (test for excess errors)
WARNING: gcc.target/i386/avx2-i32gatherd256-4.c compilation failed to produce executable
FAIL: gcc.target/i386/avx2-i32gatherpd-1.c (internal compiler error)
FAIL: gcc.target/i386/avx2-i32gatherpd-1.c (test for excess errors)
UNRESOLVED: gcc.target/i386/avx2-i32gatherpd-1.c scan-assembler vgatherdpd[ \\\\t]+[^\\n]*%xmm[0-9]
FAIL: gcc.target/i386/avx2-i32gatherpd-2.c (internal compiler error)
FAIL: gcc.target/i386/avx2-i32gatherpd-2.c (test for excess errors)
WARNING: gcc.target/i386/avx2-i32gatherpd-2.c compilation failed to produce executable
FAIL: gcc.target/i386/avx2-i32gatherpd-3.c (internal compiler error)
FAIL: gcc.target/i386/avx2-i32gatherpd-3.c (test for excess errors)
UNRESOLVED: gcc.target/i386/avx2-i32gatherpd-3.c scan-assembler vgatherdpd[ \\\\t]+[^\\n]*%xmm[0-9]
FAIL: gcc.target/i386/avx2-i32gatherpd-4.c (internal compiler error)
FAIL: gcc.target/i386/avx2-i32gatherpd-4.c (test for excess errors)
WARNING: gcc.target/i386/avx2-i32gatherpd-4.c compilation failed to produce executable
FAIL: gcc.target/i386/avx2-i32gatherpd256-1.c (internal compiler error)
FAIL: gcc.target/i386/avx2-i32gatherpd256-1.c (test for excess errors)
UNRESOLVED: gcc.target/i386/avx2-i32gatherpd256-1.c scan-assembler vgatherdpd[ \\\\t]+[^\\n]*%ymm[0-9]
FAIL: gcc.target/i386/avx2-i32gatherpd256-2.c (internal compiler error)
FAIL: gcc.target/i386/avx2-i32gatherpd256-2.c (test for excess errors)
WARNING: gcc.target/i386/avx2-i32gatherpd256-2.c compilation failed to produce executable
FAIL: gcc.target/i386/avx2-i32gatherpd256-3.c (internal compiler error)
FAIL: gcc.target/i386/avx2-i32gatherpd256-3.c (test for excess errors)
UNRESOLVED: gcc.target/i386/avx2-i32gatherpd256-3.c scan-assembler vgatherdpd[ \\\\t]+[^\\n]*%ymm[0-9]
FAIL: gcc.target/i386/avx2-i32gatherpd256-4.c (internal compiler error)
FAIL: gcc.target/i386/avx2-i32gatherpd256-4.c (test for excess errors)
WARNING: gcc.target/i386/avx2-i32gatherpd256-4.c compilation failed to produce executable
FAIL: gcc.target/i386/avx2-i32gatherps-1.c (internal compiler error)
FAIL: gcc.target/i386/avx2-i32gatherps-1.c (test for excess errors)
UNRESOLVED: gcc.target/i386/avx2-i32gatherps-1.c scan-assembler vgatherdps[ \\\\t]+[^\\n]*%xmm[0-9]
FAIL: gcc.target/i386/avx2-i32gatherps-2.c (internal compiler error)
FAIL: gcc.target/i386/avx2-i32gatherps-2.c (test for excess errors)
WARNING: gcc.target/i386/avx2-i32gatherps-2.c compilation failed to produce executable
FAIL: gcc.target/i386/avx2-i32gatherps-3.c (internal compiler error)
FAIL: gcc.target/i386/avx2-i32gatherps-3.c (test for excess errors)
UNRESOLVED: gcc.target/i386/avx2-i32gatherps-3.c scan-assembler vgatherdps[ \\\\t]+[^\\n]*%xmm[0-9]
FAIL: gcc.target/i386/avx2-i32gatherps-4.c (internal compiler error)
FAIL: gcc.target/i386/avx2-i32gatherps-4.c (test for excess errors)
WARNING: gcc.target/i386/avx2-i32gatherps-4.c compilation failed to produce executable
FAIL: gcc.target/i386/avx2-i32gatherps256-1.c (internal compiler error)
FAIL: gcc.target/i386/avx2-i32gatherps256-1.c (test for excess errors)
UNRESOLVED: gcc.target/i386/avx2-i32gatherps256-1.c scan-assembler vgatherdps[ \\\\t]+[^\\n]*%ymm[0-9]
FAIL: gcc.target/i386/avx2-i32gatherps256-2.c (internal compiler error)
FAIL: gcc.target/i386/avx2-i32gatherps256-2.c (test for excess errors)
WARNING: gcc.target/i386/avx2-i32gatherps256-2.c compilation failed to produce executable
FAIL: gcc.target/i386/avx2-i32gatherps256-3.c (internal compiler error)
FAIL: gcc.target/i386/avx2-i32gatherps256-3.c (test for excess errors)
UNRESOLVED: gcc.target/i386/avx2-i32gatherps256-3.c scan-assembler vgatherdps[ \\\\t]+[^\\n]*%ymm[0-9]
FAIL: gcc.target/i386/avx2-i32gatherps256-4.c (internal compiler error)
FAIL: gcc.target/i386/avx2-i32gatherps256-4.c (test for excess errors)
WARNING: gcc.target/i386/avx2-i32gatherps256-4.c compilation failed to produce executable
FAIL: gcc.target/i386/avx2-i32gatherq-1.c (internal compiler error)
FAIL: gcc.target/i386/avx2-i32gatherq-1.c (test for excess errors)
UNRESOLVED: gcc.target/i386/avx2-i32gatherq-1.c scan-assembler vpgatherdq[ \\\\t]+[^\\n]*%xmm[0-9]
FAIL: gcc.target/i386/avx2-i32gatherq-2.c (internal compiler error)
FAIL: gcc.target/i386/avx2-i32gatherq-2.c (test for excess errors)
WARNING: gcc.target/i386/avx2-i32gatherq-2.c compilation failed to produce executable
FAIL: gcc.target/i386/avx2-i32gatherq-3.c (internal compiler error)
FAIL: gcc.target/i386/avx2-i32gatherq-3.c (test for excess errors)
UNRESOLVED: gcc.target/i386/avx2-i32gatherq-3.c scan-assembler vpgatherdq[ \\\\t]+[^\\n]*%xmm[0-9]
FAIL: gcc.target/i386/avx2-i32gatherq-4.c (internal compiler error)
FAIL: gcc.target/i386/avx2-i32gatherq-4.c (test for excess errors)
WARNING: gcc.target/i386/avx2-i32gatherq-4.c compilation failed to produce executable
FAIL: gcc.target/i386/avx2-i32gatherq256-1.c (internal compiler error)
FAIL: gcc.target/i386/avx2-i32gatherq256-1.c (test for excess errors)
UNRESOLVED: gcc.target/i386/avx2-i32gatherq256-1.c scan-assembler vpgatherdq[ \\\\t]+[^\\n]*%ymm[0-9]
FAIL: gcc.target/i386/avx2-i32gatherq256-2.c (internal compiler error)
FAIL: gcc.target/i386/avx2-i32gatherq256-2.c (test for excess errors)
WARNING: gcc.target/i386/avx2-i32gatherq256-2.c compilation failed to produce executable
FAIL: gcc.target/i386/avx2-i32gatherq256-3.c (internal compiler error)
FAIL: gcc.target/i386/avx2-i32gatherq256-3.c (test for excess errors)
UNRESOLVED: gcc.target/i386/avx2-i32gatherq256-3.c scan-assembler vpgatherdq[ \\\\t]+[^\\n]*%ymm[0-9]
FAIL: gcc.target/i386/avx2-i32gatherq256-4.c (internal compiler error)
FAIL: gcc.target/i386/avx2-i32gatherq256-4.c (test for excess errors)
WARNING: gcc.target/i386/avx2-i32gatherq256-4.c compilation failed to produce executable
FAIL: gcc.target/i386/avx2-i64gatherd-1.c (internal compiler error)
FAIL: gcc.target/i386/avx2-i64gatherd-1.c (test for excess errors)
UNRESOLVED: gcc.target/i386/avx2-i64gatherd-1.c scan-assembler vpgatherqd[ \\\\t]+[^\\n]*%xmm[0-9]
FAIL: gcc.target/i386/avx2-i64gatherd-2.c (internal compiler error)
FAIL: gcc.target/i386/avx2-i64gatherd-2.c (test for excess errors)
WARNING: gcc.target/i386/avx2-i64gatherd-2.c compilation failed to produce executable
FAIL: gcc.target/i386/avx2-i64gatherd-3.c (internal compiler error)
FAIL: gcc.target/i386/avx2-i64gatherd-3.c (test for excess errors)
UNRESOLVED: gcc.target/i386/avx2-i64gatherd-3.c scan-assembler vpgatherqd[ \\\\t]+[^\\n]*%xmm[0-9]
FAIL: gcc.target/i386/avx2-i64gatherd-4.c (internal compiler error)
FAIL: gcc.target/i386/avx2-i64gatherd-4.c (test for excess errors)
WARNING: gcc.target/i386/avx2-i64gatherd-4.c compilation failed to produce executable
FAIL: gcc.target/i386/avx2-i64gatherd256-1.c (internal compiler error)
FAIL: gcc.target/i386/avx2-i64gatherd256-1.c (test for excess errors)
UNRESOLVED: gcc.target/i386/avx2-i64gatherd256-1.c scan-assembler vpgatherqd[ \\\\t]+[^\\n]*%xmm[0-9]
FAIL: gcc.target/i386/avx2-i64gatherd256-2.c (internal compiler error)
FAIL: gcc.target/i386/avx2-i64gatherd256-2.c (test for excess errors)
WARNING: gcc.target/i386/avx2-i64gatherd256-2.c compilation failed to produce executable
FAIL: gcc.target/i386/avx2-i64gatherd256-3.c (internal compiler error)
FAIL: gcc.target/i386/avx2-i64gatherd256-3.c (test for excess errors)
UNRESOLVED: gcc.target/i386/avx2-i64gatherd256-3.c scan-assembler vpgatherqd[ \\\\t]+[^\\n]*%xmm[0-9]
FAIL: gcc.target/i386/avx2-i64gatherd256-4.c (internal compiler error)
FAIL: gcc.target/i386/avx2-i64gatherd256-4.c (test for excess errors)
WARNING: gcc.target/i386/avx2-i64gatherd256-4.c compilation failed to produce executable
FAIL: gcc.target/i386/avx2-i64gatherpd-1.c (internal compiler error)
FAIL: gcc.target/i386/avx2-i64gatherpd-1.c (test for excess errors)
UNRESOLVED: gcc.target/i386/avx2-i64gatherpd-1.c scan-assembler vgatherqpd[ \\\\t]+[^\\n]*%xmm[0-9]
FAIL: gcc.target/i386/avx2-i64gatherpd-2.c (internal compiler error)
FAIL: gcc.target/i386/avx2-i64gatherpd-2.c (test for excess errors)
WARNING: gcc.target/i386/avx2-i64gatherpd-2.c compilation failed to produce executable
FAIL: gcc.target/i386/avx2-i64gatherpd-3.c (internal compiler error)
FAIL: gcc.target/i386/avx2-i64gatherpd-3.c (test for excess errors)
UNRESOLVED: gcc.target/i386/avx2-i64gatherpd-3.c scan-assembler vgatherqpd[ \\\\t]+[^\\n]*%xmm[0-9]
FAIL: gcc.target/i386/avx2-i64gatherpd-4.c (internal compiler error)
FAIL: gcc.target/i386/avx2-i64gatherpd-4.c (test for excess errors)
WARNING: gcc.target/i386/avx2-i64gatherpd-4.c compilation failed to produce executable
FAIL: gcc.target/i386/avx2-i64gatherpd256-1.c (internal compiler error)
FAIL: gcc.target/i386/avx2-i64gatherpd256-1.c (test for excess errors)
UNRESOLVED: gcc.target/i386/avx2-i64gatherpd256-1.c scan-assembler vgatherqpd[ \\\\t]+[^\\n]*%ymm[0-9]
FAIL: gcc.target/i386/avx2-i64gatherpd256-2.c (internal compiler error)
FAIL: gcc.target/i386/avx2-i64gatherpd256-2.c (test for excess errors)
WARNING: gcc.target/i386/avx2-i64gatherpd256-2.c compilation failed to produce executable
FAIL: gcc.target/i386/avx2-i64gatherpd256-3.c (internal compiler error)
FAIL: gcc.target/i386/avx2-i64gatherpd256-3.c (test for excess errors)
UNRESOLVED: gcc.target/i386/avx2-i64gatherpd256-3.c scan-assembler vgatherqpd[ \\\\t]+[^\\n]*%ymm[0-9]
FAIL: gcc.target/i386/avx2-i64gatherpd256-4.c (internal compiler error)
FAIL: gcc.target/i386/avx2-i64gatherpd256-4.c (test for excess errors)
WARNING: gcc.target/i386/avx2-i64gatherpd256-4.c compilation failed to produce executable
FAIL: gcc.target/i386/avx2-i64gatherps-1.c (internal compiler error)
FAIL: gcc.target/i386/avx2-i64gatherps-1.c (test for excess errors)
UNRESOLVED: gcc.target/i386/avx2-i64gatherps-1.c scan-assembler vgatherqps[ \\\\t]+[^\\n]*%xmm[0-9]
FAIL: gcc.target/i386/avx2-i64gatherps-2.c (internal compiler error)
FAIL: gcc.target/i386/avx2-i64gatherps-2.c (test for excess errors)
WARNING: gcc.target/i386/avx2-i64gatherps-2.c compilation failed to produce executable
FAIL: gcc.target/i386/avx2-i64gatherps-3.c (internal compiler error)
FAIL: gcc.target/i386/avx2-i64gatherps-3.c (test for excess errors)
UNRESOLVED: gcc.target/i386/avx2-i64gatherps-3.c scan-assembler vgatherqps[ \\\\t]+[^\\n]*%xmm[0-9]
FAIL: gcc.target/i386/avx2-i64gatherps-4.c (internal compiler error)
FAIL: gcc.target/i386/avx2-i64gatherps-4.c (test for excess errors)
WARNING: gcc.target/i386/avx2-i64gatherps-4.c compilation failed to produce executable
FAIL: gcc.target/i386/avx2-i64gatherps256-1.c (internal compiler error)
FAIL: gcc.target/i386/avx2-i64gatherps256-1.c (test for excess errors)
UNRESOLVED: gcc.target/i386/avx2-i64gatherps256-1.c scan-assembler vgatherqps[ \\\\t]+[^\\n]*%xmm[0-9]
FAIL: gcc.target/i386/avx2-i64gatherps256-2.c (internal compiler error)
FAIL: gcc.target/i386/avx2-i64gatherps256-2.c (test for excess errors)
WARNING: gcc.target/i386/avx2-i64gatherps256-2.c compilation failed to produce executable
FAIL: gcc.target/i386/avx2-i64gatherps256-3.c (internal compiler error)
FAIL: gcc.target/i386/avx2-i64gatherps256-3.c (test for excess errors)
UNRESOLVED: gcc.target/i386/avx2-i64gatherps256-3.c scan-assembler vgatherqps[ \\\\t]+[^\\n]*%xmm[0-9]
FAIL: gcc.target/i386/avx2-i64gatherps256-4.c (internal compiler error)
FAIL: gcc.target/i386/avx2-i64gatherps256-4.c (test for excess errors)
WARNING: gcc.target/i386/avx2-i64gatherps256-4.c compilation failed to produce executable
FAIL: gcc.target/i386/avx2-i64gatherq-1.c (internal compiler error)
FAIL: gcc.target/i386/avx2-i64gatherq-1.c (test for excess errors)
UNRESOLVED: gcc.target/i386/avx2-i64gatherq-1.c scan-assembler vpgatherqq[ \\\\t]+[^\\n]*%xmm[0-9]
FAIL: gcc.target/i386/avx2-i64gatherq-2.c (internal compiler error)
FAIL: gcc.target/i386/avx2-i64gatherq-2.c (test for excess errors)
WARNING: gcc.target/i386/avx2-i64gatherq-2.c compilation failed to produce executable
FAIL: gcc.target/i386/avx2-i64gatherq-3.c (internal compiler error)
FAIL: gcc.target/i386/avx2-i64gatherq-3.c (test for excess errors)
UNRESOLVED: gcc.target/i386/avx2-i64gatherq-3.c scan-assembler vpgatherqq[ \\\\t]+[^\\n]*%xmm[0-9]
FAIL: gcc.target/i386/avx2-i64gatherq-4.c (internal compiler error)
FAIL: gcc.target/i386/avx2-i64gatherq-4.c (test for excess errors)
WARNING: gcc.target/i386/avx2-i64gatherq-4.c compilation failed to produce executable
FAIL: gcc.target/i386/avx2-i64gatherq256-1.c (internal compiler error)
FAIL: gcc.target/i386/avx2-i64gatherq256-1.c (test for excess errors)
UNRESOLVED: gcc.target/i386/avx2-i64gatherq256-1.c scan-assembler vpgatherqq[ \\\\t]+[^\\n]*%ymm[0-9]
FAIL: gcc.target/i386/avx2-i64gatherq256-2.c (internal compiler error)
FAIL: gcc.target/i386/avx2-i64gatherq256-2.c (test for excess errors)
WARNING: gcc.target/i386/avx2-i64gatherq256-2.c compilation failed to produce executable
FAIL: gcc.target/i386/avx2-i64gatherq256-3.c (internal compiler error)
FAIL: gcc.target/i386/avx2-i64gatherq256-3.c (test for excess errors)
UNRESOLVED: gcc.target/i386/avx2-i64gatherq256-3.c scan-assembler vpgatherqq[ \\\\t]+[^\\n]*%ymm[0-9]
FAIL: gcc.target/i386/avx2-i64gatherq256-4.c (internal compiler error)
FAIL: gcc.target/i386/avx2-i64gatherq256-4.c (test for excess errors)
WARNING: gcc.target/i386/avx2-i64gatherq256-4.c compilation failed to produce executable
XPASS: gcc.target/i386/builtin-apply-mmx.c execution test
FAIL: gcc.target/i386/pr45670.c scan-assembler-not lea[lq]
FAIL: gcc.target/i386/sse-13.c (internal compiler error)
FAIL: gcc.target/i386/sse-13.c (test for excess errors)
FAIL: gcc.target/i386/sse-22.c (internal compiler error)
FAIL: gcc.target/i386/sse-22.c (test for excess errors)
FAIL: gcc.target/i386/sse-22a.c (internal compiler error)
FAIL: gcc.target/i386/sse-22a.c (test for excess errors)
FAIL: gcc.target/i386/sse-23.c (internal compiler error)
FAIL: gcc.target/i386/sse-23.c (test for excess errors)
FAIL: gcc.target/i386/sse-24.c (internal compiler error)
FAIL: gcc.target/i386/sse-24.c (test for excess errors)
=== gcc Summary ===
# of expected passes 82430
# of unexpected failures 209
# of unexpected successes 33
# of expected failures 267
# of unresolved testcases 34
# of unsupported tests 1165
/export/gnu/import/svn/gcc-test-x32/bld/gcc/xgcc version 4.7.0 20110823 (experimental) [trunk revision 178019] (GCC)
=== gfortran tests ===
Running target unix/-mx32
=== gfortran Summary ===
# of expected passes 39664
# of expected failures 52
# of unsupported tests 56
/export/gnu/import/svn/gcc-test-x32/bld/gcc/testsuite/gfortran/../../gfortran version 4.7.0 20110823 (experimental) [trunk revision 178019] (GCC)
=== objc tests ===
Running target unix/-mx32
=== objc Summary ===
# of expected passes 2976
# of expected failures 6
# of unsupported tests 74
/export/gnu/import/svn/gcc-test-x32/bld/gcc/xgcc version 4.7.0 20110823 (experimental) [trunk revision 178019] (GCC)
=== libgomp tests ===
Running target unix/-mx32
FAIL: libgomp.graphite/force-parallel-1.c execution test
=== libgomp Summary ===
# of expected passes 2977
# of unexpected failures 1
=== libmudflap tests ===
Running target unix/-mx32
FAIL: libmudflap.c++/pass55-frag.cxx ( -O) execution test
=== libmudflap Summary ===
# of expected passes 1426
# of unexpected failures 1
=== libstdc++ tests ===
Running target unix/-mx32
=== libstdc++ Summary ===
# of expected passes 8639
# of expected failures 46
# of unsupported tests 140
Compiler version: 4.7.0 20110823 (experimental) [trunk revision 178019] (GCC)
Platform: x86_64-unknown-linux-gnu
configure flags: --prefix=/usr/local --enable-clocale=gnu --with-system-zlib --enable-shared --with-demangler-in-ld --with-multilib-list=m32,m64,mx32 --with-fpmath=sse --enable-languages=c,c++,fortran,objc