This is the mail archive of the
gcc-testresults@gcc.gnu.org
mailing list for the GCC project.
Results for 4.7.0 20110812 (experimental) [trunk revision 177698] (GCC) testsuite on i386-pc-solaris2.10
- From: Rainer Orth <ro at CeBiTec dot Uni-Bielefeld dot DE>
- To: gcc-testresults at gcc dot gnu dot org
- Date: Mon, 15 Aug 2011 11:14:29 +0200 (MEST)
- Subject: Results for 4.7.0 20110812 (experimental) [trunk revision 177698] (GCC) testsuite on i386-pc-solaris2.10
LAST_UPDATED: Fri Aug 12 16:15:17 UTC 2011 (revision 177698)
=== acats tests ===
=== acats Summary ===
# of expected passes 2321
# of unexpected failures 0
Native configuration is i386-pc-solaris2.10
=== g++ tests ===
Running target unix
FAIL: g++.dg/tree-ssa/pr41186.C scan-tree-dump fre1 "Replaced b1.D.[0-9]*.i with 0"
FAIL: g++.dg/tree-ssa/pr41186.C scan-tree-dump fre1 "Replaced b1.D.[0-9]*.f with 1"
FAIL: g++.dg/lto/20091219 cp_lto_20091219_0.o-cp_lto_20091219_0.o link, -O3 -flto
UNRESOLVED: g++.dg/lto/20091219 cp_lto_20091219_0.o-cp_lto_20091219_0.o execute -O3 -flto
UNRESOLVED: decl_plugin.c compilation, -I. -I/vol/gcc/src/hg/trunk/local/gcc/testsuite -I/vol/gcc/src/hg/trunk/local/gcc/testsuite/../../gcc -I/var/gcc/regression/trunk/10-gcc/build/gcc/testsuite/g++/../../../gcc -I/vol/gcc/src/hg/trunk/local/gcc/testsuite/../../include -I/vol/gcc/src/hg/trunk/local/gcc/testsuite/../../libcpp/include -I/vol/gcc/include -I/vol/gcc/include -I/vol/gcc/include -I/var/gcc/regression/trunk/10-gcc/build/gcc/testsuite/g++/../../../intl -DIN_GCC -fPIC -shared
FAIL: g++.dg/tree-prof/partition2.C compilation, -Os -fprofile-use
UNRESOLVED: g++.dg/tree-prof/partition2.C execution, -Os -fprofile-use
=== g++ Summary for unix ===
# of expected passes 27572
# of unexpected failures 4
# of expected failures 159
# of unresolved testcases 3
# of unsupported tests 190
Running target unix/-m64
FAIL: g++.dg/tree-ssa/pr41186.C scan-tree-dump fre1 "Replaced b1.D.[0-9]*.i with 0"
FAIL: g++.dg/tree-ssa/pr41186.C scan-tree-dump fre1 "Replaced b1.D.[0-9]*.f with 1"
FAIL: g++.dg/lto/20091219 cp_lto_20091219_0.o-cp_lto_20091219_0.o link, -O3 -flto
UNRESOLVED: g++.dg/lto/20091219 cp_lto_20091219_0.o-cp_lto_20091219_0.o execute -O3 -flto
UNRESOLVED: decl_plugin.c compilation, -I. -I/vol/gcc/src/hg/trunk/local/gcc/testsuite -I/vol/gcc/src/hg/trunk/local/gcc/testsuite/../../gcc -I/var/gcc/regression/trunk/10-gcc/build/gcc/testsuite/g++/../../../gcc -I/vol/gcc/src/hg/trunk/local/gcc/testsuite/../../include -I/vol/gcc/src/hg/trunk/local/gcc/testsuite/../../libcpp/include -I/vol/gcc/include -I/vol/gcc/include -I/vol/gcc/include -I/var/gcc/regression/trunk/10-gcc/build/gcc/testsuite/g++/../../../intl -DIN_GCC -fPIC -shared
FAIL: g++.dg/tree-prof/partition2.C compilation, -Os -fprofile-use
UNRESOLVED: g++.dg/tree-prof/partition2.C execution, -Os -fprofile-use
=== g++ Summary for unix/-m64 ===
# of expected passes 27801
# of unexpected failures 4
# of expected failures 159
# of unresolved testcases 3
# of unsupported tests 391
=== g++ Summary ===
# of expected passes 55373
# of unexpected failures 8
# of expected failures 318
# of unresolved testcases 6
# of unsupported tests 581
/var/gcc/regression/trunk/10-gcc/build/gcc/testsuite/g++/../../g++ version 4.7.0 20110812 (experimental) [trunk revision 177698] (GCC)
=== gcc tests ===
Running target unix
FAIL: gcc.dg/builtins-67.c (test for excess errors)
XPASS: gcc.dg/uninit-B.c uninit i warning (test for warnings, line 12)
XPASS: gcc.dg/uninit-pr19430.c (test for warnings, line 32)
XPASS: gcc.dg/uninit-pr19430.c uninitialized (test for warnings, line 41)
FAIL: gcc.dg/tree-ssa/vrp47.c scan-tree-dump-times dom1 "x[^ ]* & y" 1
FAIL: gcc.target/i386/conversion.c (test for excess errors)
FAIL: gcc.target/i386/pr25293.c (internal compiler error)
FAIL: gcc.target/i386/pr25293.c (test for excess errors)
=== gcc Summary for unix ===
# of expected passes 79068
# of unexpected failures 5
# of unexpected successes 3
# of expected failures 244
# of unsupported tests 889
Running target unix/-m64
FAIL: gcc.dg/builtins-67.c (test for excess errors)
XPASS: gcc.dg/uninit-B.c uninit i warning (test for warnings, line 12)
XPASS: gcc.dg/uninit-pr19430.c (test for warnings, line 32)
XPASS: gcc.dg/uninit-pr19430.c uninitialized (test for warnings, line 41)
FAIL: gcc.dg/tree-prof/bb-reorg.c execution, -fprofile-use -D_PROFILE_USE
FAIL: gcc.dg/tree-ssa/vrp47.c scan-tree-dump-times dom1 "x[^ ]* & y" 1
FAIL: gcc.target/i386/conversion.c (test for excess errors)
=== gcc Summary for unix/-m64 ===
# of expected passes 79230
# of unexpected failures 4
# of unexpected successes 3
# of expected failures 244
# of unsupported tests 1291
=== gcc Summary ===
# of expected passes 158298
# of unexpected failures 9
# of unexpected successes 6
# of expected failures 488
# of unsupported tests 2180
/var/gcc/regression/trunk/10-gcc/build/gcc/xgcc version 4.7.0 20110812 (experimental) [trunk revision 177698] (GCC)
=== gfortran tests ===
Running target unix
XPASS: gfortran.dg/graphite/interchange-1.f -O scan-tree-dump-times graphite "will be interchanged" 1
=== gfortran Summary for unix ===
# of expected passes 39243
# of unexpected successes 1
# of expected failures 52
# of unsupported tests 228
Running target unix/-m64
XPASS: gfortran.dg/graphite/interchange-1.f -O scan-tree-dump-times graphite "will be interchanged" 1
=== gfortran Summary for unix/-m64 ===
# of expected passes 39538
# of unexpected successes 1
# of expected failures 52
# of unsupported tests 90
=== gfortran Summary ===
# of expected passes 78781
# of unexpected successes 2
# of expected failures 104
# of unsupported tests 318
/var/gcc/regression/trunk/10-gcc/build/gcc/testsuite/gfortran/../../gfortran version 4.7.0 20110812 (experimental) [trunk revision 177698] (GCC)
=== gnat tests ===
Running target unix
=== gnat Summary for unix ===
# of expected passes 911
# of expected failures 11
# of unsupported tests 5
Running target unix/-m64
=== gnat Summary for unix/-m64 ===
# of expected passes 911
# of expected failures 11
# of unsupported tests 5
=== gnat Summary ===
# of expected passes 1822
# of expected failures 22
# of unsupported tests 10
/var/gcc/regression/trunk/10-gcc/build/gcc/gnatmake version 4.7.0 20110812 (experimental) [trunk revision 177698]
=== go tests ===
Running target unix
FAIL: ./select5-out.go compilation, -O2 -g
FAIL: go.test/test/fixedbugs/bug273.go execution, -O2 -g
WARNING: program timed out.
=== go Summary for unix ===
# of expected passes 2984
# of unexpected failures 2
# of expected failures 23
# of untested testcases 1
Running target unix/-m64
=== go Summary for unix/-m64 ===
# of expected passes 2987
# of expected failures 23
=== go Summary ===
# of expected passes 5971
# of unexpected failures 2
# of expected failures 46
# of untested testcases 1
/var/gcc/regression/trunk/10-gcc/build/gcc/testsuite/go/../../gccgo version 4.7.0 20110812 (experimental) [trunk revision 177698] (GCC)
=== obj-c++ tests ===
Running target unix
=== obj-c++ Summary for unix ===
# of expected passes 1448
# of expected failures 2
# of unsupported tests 86
Running target unix/-m64
=== obj-c++ Summary for unix/-m64 ===
# of expected passes 1440
# of expected failures 10
# of unsupported tests 86
=== obj-c++ Summary ===
# of expected passes 2888
# of expected failures 12
# of unsupported tests 172
/var/gcc/regression/trunk/10-gcc/build/gcc/testsuite/obj-c++/../../g++ version 4.7.0 20110812 (experimental) [trunk revision 177698] (GCC)
=== objc tests ===
Running target unix
=== objc Summary for unix ===
# of expected passes 2976
# of expected failures 6
# of unsupported tests 74
Running target unix/-m64
=== objc Summary for unix/-m64 ===
# of expected passes 2976
# of expected failures 6
# of unsupported tests 74
=== objc Summary ===
# of expected passes 5952
# of expected failures 12
# of unsupported tests 148
/var/gcc/regression/trunk/10-gcc/build/gcc/xgcc version 4.7.0 20110812 (experimental) [trunk revision 177698] (GCC)
=== boehm-gc tests ===
Running target unix
=== boehm-gc Summary for unix ===
# of expected passes 12
# of unsupported tests 1
Running target unix/-m64
=== boehm-gc Summary for unix/-m64 ===
# of expected passes 12
# of unsupported tests 1
=== boehm-gc Summary ===
# of expected passes 24
# of unsupported tests 2
=== libffi tests ===
Running target unix
=== libffi Summary for unix ===
# of expected passes 1634
# of expected failures 10
# of unsupported tests 15
Running target unix/-m64
=== libffi Summary for unix/-m64 ===
# of expected passes 1634
# of expected failures 10
# of unsupported tests 15
=== libffi Summary ===
# of expected passes 3268
# of expected failures 20
# of unsupported tests 30
=== libgo tests ===
Running target unix
FAIL: crypto/rand
FAIL: http/spdy
=== libgo Summary for unix ===
# of expected passes 122
# of unexpected failures 2
# of untested testcases 2
Running target unix/-m64
FAIL: exec
FAIL: html
FAIL: http
FAIL: log
FAIL: mime
FAIL: netchan
FAIL: os
FAIL: rpc
FAIL: strconv
FAIL: template
FAIL: time
FAIL: websocket
FAIL: archive/tar
FAIL: archive/zip
FAIL: compress/flate
FAIL: compress/lzw
FAIL: compress/zlib
FAIL: crypto/dsa
FAIL: crypto/ecdsa
FAIL: crypto/elliptic
FAIL: crypto/openpgp
FAIL: crypto/rand
FAIL: crypto/rsa
FAIL: debug/dwarf
FAIL: debug/elf
FAIL: debug/macho
FAIL: debug/pe
FAIL: go/parser
FAIL: go/printer
FAIL: go/typechecker
FAIL: http/cgi
FAIL: image/jpeg
FAIL: image/png
FAIL: io/ioutil
FAIL: mime/multipart
FAIL: path/filepath
FAIL: rpc/jsonrpc
=== libgo Summary for unix/-m64 ===
# of expected passes 87
# of unexpected failures 37
# of untested testcases 2
=== libgo Summary ===
# of expected passes 209
# of unexpected failures 39
# of untested testcases 4
/var/gcc/regression/trunk/10-gcc/build/./gcc/gccgo version 4.7.0 20110812 (experimental) [trunk revision 177698] (GCC)
=== libgomp tests ===
Running target unix
FAIL: libgomp.graphite/force-parallel-1.c execution test
=== libgomp Summary for unix ===
# of expected passes 2939
# of unexpected failures 1
# of unsupported tests 3
Running target unix/-m64
FAIL: libgomp.graphite/force-parallel-1.c execution test
=== libgomp Summary for unix/-m64 ===
# of expected passes 2939
# of unexpected failures 1
# of unsupported tests 3
=== libgomp Summary ===
# of expected passes 5878
# of unexpected failures 2
# of unsupported tests 6
=== libjava tests ===
Running target unix
=== libjava Summary for unix ===
# of expected passes 2574
Running target unix/-m64
=== libjava Summary for unix/-m64 ===
# of expected passes 2574
=== libjava Summary ===
# of expected passes 5148
=== libstdc++ tests ===
Running target unix
XPASS: 22_locale/num_put/put/char/14220.cc execution test
XPASS: 22_locale/num_put/put/wchar_t/14220.cc execution test
=== libstdc++ Summary for unix ===
# of expected passes 7724
# of unexpected successes 2
# of expected failures 47
# of unsupported tests 495
Running target unix/-m64
=== libstdc++ Summary for unix/-m64 ===
# of expected passes 7726
# of expected failures 47
# of unsupported tests 495
=== libstdc++ Summary ===
# of expected passes 15450
# of unexpected successes 2
# of expected failures 94
# of unsupported tests 990
Compiler version: 4.7.0 20110812 (experimental) [trunk revision 177698] (GCC)
Platform: i386-pc-solaris2.10
configure flags: --prefix=/vol/gcc --target=i386-pc-solaris2.10 --enable-objc-gc --with-host-libstdcxx='-L/vol/gcc-4.4/lib -Wl,-Bstatic -lstdc++ -Wl,-Bdynamic -lm' --with-boot-ldflags='-static-libstdc++ -static-libgcc -L/vol/gcc-4.4/lib' --with-gmp-include=/vol/gcc/include --with-gmp-lib=/vol/gcc/lib --with-mpfr-include=/vol/gcc/include --with-mpfr-lib=/vol/gcc/lib --with-mpc-include=/vol/gcc/include --with-mpc-lib=/vol/gcc/lib --enable-languages=all,ada,obj-c++,go --with-ppl-include=/vol/gcc/include --with-ppl-lib=/vol/gcc/lib --with-cloog-include=/vol/gcc/include --with-cloog-lib=/vol/gcc/lib --enable-cloog-backend=ppl
BOOT_CFLAGS=-g -O2