This is the mail archive of the
gcc-testresults@gcc.gnu.org
mailing list for the GCC project.
Results for 4.6.2 20110810 (prerelease) [gcc-4_6-branch revision 177627] (GCC) testsuite on hppa2.0w-hp-hpux11.11
- From: John David Anglin <dave at hiauly3 dot hia dot nrc dot ca>
- To: dave at hiauly3 dot hia dot nrc dot ca, gcc-testresults at gcc dot gnu dot org
- Date: Thu, 11 Aug 2011 19:23:18 -0400 (EDT)
- Subject: Results for 4.6.2 20110810 (prerelease) [gcc-4_6-branch revision 177627] (GCC) testsuite on hppa2.0w-hp-hpux11.11
=== acats tests ===
FAIL: c9a011b
=== acats Summary ===
# of expected passes 2320
# of unexpected failures 1
Native configuration is hppa2.0w-hp-hpux11.11
=== g++ tests ===
Running target unix
WARNING: g++.dg/ext/label13.C compilation failed to produce executable
WARNING: program timed out.
=== g++ Summary ===
# of expected passes 23450
# of expected failures 169
# of unsupported tests 589
/mnt/gnu/gcc/objdir-test/gcc/testsuite/g++/../../g++ version 4.6.2 20110810 (prerelease) [gcc-4_6-branch revision 177627] (GCC)
=== gcc tests ===
Running target unix
WARNING: program timed out.
FAIL: gcc.dg/ipa/ipa-sra-2.c scan-tree-dump eipa_sra "About to replace expr cow_.*D.->red with \\*ISRA"
FAIL: gcc.dg/ipa/ipa-sra-2.c scan-tree-dump eipa_sra "About to replace expr cow_.*D.->green with ISRA"
FAIL: gcc.dg/ipa/ipa-sra-2.c scan-tree-dump eipa_sra "About to replace expr calf_.*D.->red with \\*ISRA"
FAIL: gcc.dg/ipa/ipa-sra-2.c scan-tree-dump eipa_sra "About to replace expr calf_.*D.->green with ISRA"
FAIL: gcc.dg/ipa/ipa-sra-6.c scan-tree-dump-times eipa_sra "foo " 1
=== gcc Summary ===
# of expected passes 56052
# of unexpected failures 5
# of expected failures 132
# of unsupported tests 1168
/mnt/gnu/gcc/objdir-test/gcc/xgcc version 4.6.2 20110810 (prerelease) [gcc-4_6-branch revision 177627] (GCC)
=== gfortran tests ===
Running target unix
FAIL: gfortran.dg/pr45636.f90 -O scan-tree-dump-times forwprop2 "memset" 0
FAIL: gfortran.dg/guality/pr41558.f90 -O0 line 7 s == 'foo'
FAIL: gfortran.dg/guality/pr41558.f90 -O1 line 7 s == 'foo'
FAIL: gfortran.dg/guality/pr41558.f90 -O2 line 7 s == 'foo'
FAIL: gfortran.dg/guality/pr41558.f90 -O3 -fomit-frame-pointer line 7 s == 'foo'
FAIL: gfortran.dg/guality/pr41558.f90 -O3 -fomit-frame-pointer -funroll-loops line 7 s == 'foo'
FAIL: gfortran.dg/guality/pr41558.f90 -O3 -fomit-frame-pointer -funroll-all-loops -finline-functions line 7 s == 'foo'
FAIL: gfortran.dg/guality/pr41558.f90 -O3 -g line 7 s == 'foo'
FAIL: gfortran.dg/guality/pr41558.f90 -Os line 7 s == 'foo'
=== gfortran Summary ===
# of expected passes 37328
# of unexpected failures 9
# of expected failures 41
# of unsupported tests 375
/mnt/gnu/gcc/objdir-test/gcc/testsuite/gfortran/../../gfortran version 4.6.2 20110810 (prerelease) [gcc-4_6-branch revision 177627] (GCC)
=== gnat tests ===
Running target unix
=== gnat Summary ===
# of expected passes 872
# of expected failures 10
# of unsupported tests 3
/mnt/gnu/gcc/objdir-test/gcc/gnatmake version 4.6.2 20110810 (prerelease) [gcc-4_6-branch revision 177627]
=== obj-c++ tests ===
Running target unix
=== obj-c++ Summary ===
# of expected passes 1344
# of expected failures 2
# of unsupported tests 69
/mnt/gnu/gcc/objdir-test/gcc/testsuite/obj-c++/../../g++ version 4.6.2 20110810 (prerelease) [gcc-4_6-branch revision 177627] (GCC)
=== objc tests ===
Running target unix
=== objc Summary ===
# of expected passes 2844
# of expected failures 8
# of unsupported tests 65
/mnt/gnu/gcc/objdir-test/gcc/xgcc version 4.6.2 20110810 (prerelease) [gcc-4_6-branch revision 177627] (GCC)
=== libffi tests ===
Running target unix
=== libffi Summary ===
# of expected passes 1634
# of expected failures 10
# of unsupported tests 15
=== libgomp tests ===
Running target unix
=== libgomp Summary ===
# of expected passes 2580
# of unsupported tests 10
=== libjava tests ===
Running target unix
FAIL: LargeFile execution - source compiled test
FAIL: LargeFile -findirect-dispatch execution - source compiled test
FAIL: LargeFile -O3 execution - source compiled test
FAIL: LargeFile -O3 -findirect-dispatch execution - source compiled test
=== libjava Summary ===
# of expected passes 2566
# of unexpected failures 4
# of untested testcases 4
=== libstdc++ tests ===
Running target unix
=== libstdc++ Summary ===
# of expected passes 6867
# of expected failures 82
# of unsupported tests 737
Compiler version: 4.6.2 20110810 (prerelease) [gcc-4_6-branch revision 177627] (GCC)
Platform: hppa2.0w-hp-hpux11.11
configure flags:Test Run By dave on Wed Aug 10 22:49:30 EDT 2011