This is the mail archive of the
gcc-testresults@gcc.gnu.org
mailing list for the GCC project.
Results for 4.6.2 20110805 (prerelease) (GCC) testsuite on arm-none-linux-gnueabi
- From: CodeSourcery Automatic Testing System <gcc at codesourcery dot com>
- To: gcc-testresults at gcc dot gnu dot org
- Date: Sat, 6 Aug 2011 07:20:31 -0700 (PDT)
- Subject: Results for 4.6.2 20110805 (prerelease) (GCC) testsuite on arm-none-linux-gnueabi
LAST_UPDATED: Sat Aug 6 06:03:10 UTC 2011 (/branches/gcc-4_6-branch revision 177422)
Target is arm-none-linux-gnueabi
Host is i686-pc-linux-gnu
=== g++ tests ===
Running target qemu-default
FAIL: g++.dg/abi/local1.C execution test
FAIL: g++.dg/lto/20091022-2 cp_lto_20091022-2_0.o-cp_lto_20091022-2_0.o link, -O3 -flto -Winline
UNRESOLVED: g++.dg/lto/20091022-2 cp_lto_20091022-2_0.o-cp_lto_20091022-2_0.o execute -O3 -flto -Winline
FAIL: g++.dg/lto/20091219 cp_lto_20091219_0.o-cp_lto_20091219_0.o link, -O3 -flto
UNRESOLVED: g++.dg/lto/20091219 cp_lto_20091219_0.o-cp_lto_20091219_0.o execute -O3 -flto
FAIL: g++.dg/lto/20101014-1 cp_lto_20101014-1_0.o-cp_lto_20101014-1_0.o link, -O0 -flto -flto-partition=none
UNRESOLVED: g++.dg/lto/20101014-1 cp_lto_20101014-1_0.o-cp_lto_20101014-1_0.o execute -O0 -flto -flto-partition=none
FAIL: g++.dg/lto/20101014-1 cp_lto_20101014-1_0.o-cp_lto_20101014-1_0.o link, -O0 -flto -flto-partition=1to1
UNRESOLVED: g++.dg/lto/20101014-1 cp_lto_20101014-1_0.o-cp_lto_20101014-1_0.o execute -O0 -flto -flto-partition=1to1
FAIL: g++.dg/lto/20101014-1 cp_lto_20101014-1_0.o-cp_lto_20101014-1_0.o link, -O0 -flto
UNRESOLVED: g++.dg/lto/20101014-1 cp_lto_20101014-1_0.o-cp_lto_20101014-1_0.o execute -O0 -flto
FAIL: g++.dg/vect/pr36648.cc scan-tree-dump-times vect "vectorized 1 loops" 1
FAIL: g++.dg/vect/pr36648.cc scan-tree-dump-times vect "vectorizing stmts using SLP" 1
=== g++ Summary ===
# of expected passes 26497
# of unexpected failures 8
# of expected failures 164
# of unresolved testcases 5
# of unsupported tests 394
/scratch/gcc/nightly-2011-08-05-4.6/arm-none-linux-gnueabi/obj/test-4.6-0-arm-none-linux-gnueabi/host-i686-pc-linux-gnu/fsf-4.6/bin/arm-none-linux-gnueabi-g++ version 4.6.2 20110805 (prerelease) (GCC)
Host is i686-pc-linux-gnu
=== gcc tests ===
Running target qemu-default
FAIL: gcc.dg/uninit-13.c unconditional (test for warnings, line 8)
FAIL: gcc.dg/uninit-13.c (test for excess errors)
FAIL: gcc.dg/lto/20110201-1 c_lto_20110201-1_0.o-c_lto_20110201-1_0.o link, -O0 -flto
UNRESOLVED: gcc.dg/lto/20110201-1 c_lto_20110201-1_0.o-c_lto_20110201-1_0.o execute -O0 -flto
XPASS: gcc.dg/tree-ssa/20040204-1.c scan-tree-dump-times optimized "link_error" 0
FAIL: gcc.dg/vect/pr48172.c execution test
XPASS: gcc.dg/vect/vect-16.c scan-tree-dump-times vect "vectorized 1 loops" 1
FAIL: gcc.dg/vect/vect-72.c scan-tree-dump-times vect "Alignment of access forced using peeling" 0
FAIL: gcc.dg/vect/vect-multitypes-11.c scan-tree-dump-times vect "vectorized 1 loops" 1
FAIL: gcc.dg/vect/vect-multitypes-12.c scan-tree-dump-times vect "vectorized 1 loops" 1
FAIL: gcc.dg/vect/vect-peel-3.c scan-tree-dump-times vect "Vectorizing an unaligned access" 1
FAIL: gcc.dg/vect/vect-peel-4.c scan-tree-dump-times vect "Vectorizing an unaligned access" 1
FAIL: gcc.dg/vect/vect-reduc-dot-s16b.c scan-tree-dump-times vect "vectorized 1 loops" 0
FAIL: gcc.dg/vect/vect-reduc-pattern-1a.c scan-tree-dump-times vect "vectorized 1 loops" 0
FAIL: gcc.dg/vect/vect-reduc-pattern-1b.c scan-tree-dump-times vect "vectorized 1 loops" 0
FAIL: gcc.dg/vect/vect-reduc-pattern-1c.c scan-tree-dump-times vect "vectorized 1 loops" 0
FAIL: gcc.dg/vect/vect-reduc-pattern-2a.c scan-tree-dump-times vect "vectorized 1 loops" 0
FAIL: gcc.dg/vect/vect-reduc-pattern-2b.c scan-tree-dump-times vect "vectorized 1 loops" 0
XPASS: gcc.dg/vect/slp-reduc-3.c scan-tree-dump-times vect "vectorizing stmts using SLP" 1
FAIL: gcc.dg/vect/bb-slp-10.c scan-tree-dump-times slp "unsupported alignment in basic block." 1
FAIL: gcc.dg/vect/wrapv-vect-reduc-pattern-2c.c scan-tree-dump-times vect "vectorized 1 loops" 0
XPASS: gcc.dg/vect/no-scevccp-outer-16.c scan-tree-dump-times vect "OUTER LOOP VECTORIZED." 1
XPASS: gcc.dg/vect/no-scevccp-outer-17.c scan-tree-dump-times vect "OUTER LOOP VECTORIZED." 1
XPASS: gcc.dg/vect/no-scevccp-outer-19.c scan-tree-dump-times vect "OUTER LOOP VECTORIZED." 1
XPASS: gcc.dg/vect/no-scevccp-outer-21.c scan-tree-dump-times vect "OUTER LOOP VECTORIZED." 1
FAIL: gcc.target/arm/pr42575.c scan-assembler-not mov
FAIL: gcc.target/arm/sync-1.c execution test
=== gcc Summary ===
# of expected passes 74520
# of unexpected failures 19
# of unexpected successes 7
# of expected failures 201
# of unresolved testcases 1
# of unsupported tests 1017
/scratch/gcc/nightly-2011-08-05-4.6/arm-none-linux-gnueabi/obj/test-4.6-0-arm-none-linux-gnueabi/host-i686-pc-linux-gnu/fsf-4.6/bin/arm-none-linux-gnueabi-gcc version 4.6.2 20110805 (prerelease) (GCC)
Host is i686-pc-linux-gnu
=== libstdc++ tests ===
Running target qemu-default
FAIL: 21_strings/basic_string/inserters_extractors/wchar_t/28277.cc execution test
FAIL: 27_io/basic_ostream/inserters_character/wchar_t/28277-3.cc execution test
FAIL: 27_io/basic_ostream/inserters_character/wchar_t/28277-4.cc execution test
FAIL: ext/vstring/inserters_extractors/wchar_t/28277.cc execution test
=== libstdc++ Summary ===
# of expected passes 8048
# of unexpected failures 4
# of expected failures 82
# of unsupported tests 134
Host is i686-pc-linux-gnu
=== g++ tests ===
Running target qemu-default-thumb/-mthumb
FAIL: g++.dg/abi/local1.C execution test
FAIL: g++.dg/lto/20091022-2 cp_lto_20091022-2_0.o-cp_lto_20091022-2_0.o link, -O3 -flto -Winline
UNRESOLVED: g++.dg/lto/20091022-2 cp_lto_20091022-2_0.o-cp_lto_20091022-2_0.o execute -O3 -flto -Winline
FAIL: g++.dg/lto/20091219 cp_lto_20091219_0.o-cp_lto_20091219_0.o link, -O3 -flto
UNRESOLVED: g++.dg/lto/20091219 cp_lto_20091219_0.o-cp_lto_20091219_0.o execute -O3 -flto
FAIL: g++.dg/lto/20101014-1 cp_lto_20101014-1_0.o-cp_lto_20101014-1_0.o link, -O0 -flto -flto-partition=none
UNRESOLVED: g++.dg/lto/20101014-1 cp_lto_20101014-1_0.o-cp_lto_20101014-1_0.o execute -O0 -flto -flto-partition=none
FAIL: g++.dg/lto/20101014-1 cp_lto_20101014-1_0.o-cp_lto_20101014-1_0.o link, -O0 -flto -flto-partition=1to1
UNRESOLVED: g++.dg/lto/20101014-1 cp_lto_20101014-1_0.o-cp_lto_20101014-1_0.o execute -O0 -flto -flto-partition=1to1
FAIL: g++.dg/lto/20101014-1 cp_lto_20101014-1_0.o-cp_lto_20101014-1_0.o link, -O0 -flto
UNRESOLVED: g++.dg/lto/20101014-1 cp_lto_20101014-1_0.o-cp_lto_20101014-1_0.o execute -O0 -flto
=== g++ Summary ===
# of expected passes 26435
# of unexpected failures 6
# of expected failures 164
# of unresolved testcases 5
# of unsupported tests 402
/scratch/gcc/nightly-2011-08-05-4.6/arm-none-linux-gnueabi/obj/test-4.6-0-arm-none-linux-gnueabi/host-i686-pc-linux-gnu/fsf-4.6/bin/arm-none-linux-gnueabi-g++ version 4.6.2 20110805 (prerelease) (GCC)
Host is i686-pc-linux-gnu
=== gcc tests ===
Running target qemu-default-thumb/-mthumb
XPASS: gcc.c-torture/execute/941014-1.c execution, -O0
FAIL: gcc.c-torture/execute/pr45070.c execution, -Os
FAIL: gcc.dg/uninit-13.c unconditional (test for warnings, line 8)
FAIL: gcc.dg/uninit-13.c (test for excess errors)
FAIL: gcc.dg/lto/20110201-1 c_lto_20110201-1_0.o-c_lto_20110201-1_0.o link, -O0 -flto
UNRESOLVED: gcc.dg/lto/20110201-1 c_lto_20110201-1_0.o-c_lto_20110201-1_0.o execute -O0 -flto
XPASS: gcc.dg/tree-ssa/20040204-1.c scan-tree-dump-times optimized "link_error" 0
FAIL: gcc.target/arm/pr42172-1.c scan-assembler-times ldr 1
FAIL: gcc.target/arm/sync-1.c execution test
=== gcc Summary ===
# of expected passes 69528
# of unexpected failures 6
# of unexpected successes 2
# of expected failures 136
# of unresolved testcases 1
# of unsupported tests 2896
/scratch/gcc/nightly-2011-08-05-4.6/arm-none-linux-gnueabi/obj/test-4.6-0-arm-none-linux-gnueabi/host-i686-pc-linux-gnu/fsf-4.6/bin/arm-none-linux-gnueabi-gcc version 4.6.2 20110805 (prerelease) (GCC)
Host is i686-pc-linux-gnu
=== libstdc++ tests ===
Running target qemu-default-thumb/-mthumb
FAIL: 21_strings/basic_string/inserters_extractors/wchar_t/28277.cc execution test
FAIL: 27_io/basic_ostream/inserters_character/wchar_t/28277-3.cc execution test
FAIL: 27_io/basic_ostream/inserters_character/wchar_t/28277-4.cc execution test
FAIL: ext/vstring/inserters_extractors/wchar_t/28277.cc execution test
=== libstdc++ Summary ===
# of expected passes 8048
# of unexpected failures 4
# of expected failures 82
# of unsupported tests 134
Compiler version: 4.6.2 20110805 (prerelease) (GCC)
Platform: arm-none-linux-gnueabi
configure flags: --build=i686-pc-linux-gnu --host=i686-pc-linux-gnu --target=arm-none-linux-gnueabi --enable-threads --disable-libmudflap --disable-libssp --disable-libstdcxx-pch --with-gnu-as --with-gnu-ld --enable-languages=c,c++ --enable-shared --enable-lto --enable-symvers=gnu --enable-__cxa_atexit --disable-nls --prefix=/opt/codesourcery --with-sysroot=/opt/codesourcery/arm-none-linux-gnueabi/libc --with-build-sysroot=/scratch/gcc/nightly-2011-08-05-4.6/arm-none-linux-gnueabi/install/arm-none-linux-gnueabi/libc --with-gmp=/scratch/gcc/nightly-2011-08-05-4.6/arm-none-linux-gnueabi/obj/host-libs-4.6-0-arm-none-linux-gnueabi-i686-pc-linux-gnu/usr --with-mpfr=/scratch/gcc/nightly-2011-08-05-4.6/arm-none-linux-gnueabi/obj/host-libs-4.6-0-arm-none-linux-gnueabi-i686-pc-linux-gnu/usr --with-mpc=/scratch/gcc/nightly-2011-08-05-4.6/arm-none-linux-gnueabi/obj/host-libs-4.6-0-arm-none-linux-gnueabi-i686-pc-linux-gnu/usr --with-ppl=/scratch/gcc/nightly-2011-08-05-4.6/arm-none-linux-
gnueabi/obj/host-libs-4.6-0-arm-none-linux-gnueabi-i686-pc-linux-gnu/usr --with-host-libstdcxx='-static-libgcc -Wl,-Bstatic,-lstdc++,-Bdynamic -lm' --with-cloog=/scratch/gcc/nightly-2011-08-05-4.6/arm-none-linux-gnueabi/obj/host-libs-4.6-0-arm-none-linux-gnueabi-i686-pc-linux-gnu/usr --with-libelf=/scratch/gcc/nightly-2011-08-05-4.6/arm-none-linux-gnueabi/obj/host-libs-4.6-0-arm-none-linux-gnueabi-i686-pc-linux-gnu/usr --disable-libgomp --enable-poison-system-directories --with-build-time-tools=/scratch/gcc/nightly-2011-08-05-4.6/arm-none-linux-gnueabi/install/arm-none-linux-gnueabi/bin --with-build-time-tools=/scratch/gcc/nightly-2011-08-05-4.6/arm-none-linux-gnueabi/install/arm-none-linux-gnueabi/bin