This is the mail archive of the
gcc-testresults@gcc.gnu.org
mailing list for the GCC project.
Results for 4.7.0 20110731 (experimental) [trunk revision 176976] (GCC) testsuite on hppa64-hp-hpux11.00
- From: John David Anglin <dave at hiauly2 dot hia dot nrc dot ca>
- To: dave at hiauly2 dot hia dot nrc dot ca, gcc-testresults at gcc dot gnu dot org
- Date: Fri, 5 Aug 2011 17:52:05 -0400 (EDT)
- Subject: Results for 4.7.0 20110731 (experimental) [trunk revision 176976] (GCC) testsuite on hppa64-hp-hpux11.00
Native configuration is hppa64-hp-hpux11.00
=== g++ tests ===
Running target unix
WARNING: program timed out.
=== g++ Summary ===
# of expected passes 25521
# of expected failures 159
# of unsupported tests 599
/home/gnu/gcc/objdir/gcc/testsuite/g++/../../g++ version 4.7.0 20110731 (experimental) [trunk revision 176976] (GCC)
=== gcc tests ===
Running target unix
WARNING: program timed out.
FAIL: gcc.c-torture/compile/limits-fndefn.c -O1 (test for excess errors)
WARNING: program timed out.
FAIL: gcc.c-torture/compile/limits-fndefn.c -O2 (test for excess errors)
WARNING: program timed out.
FAIL: gcc.c-torture/compile/limits-fndefn.c -O3 -fomit-frame-pointer (test for excess errors)
WARNING: program timed out.
FAIL: gcc.c-torture/compile/limits-fndefn.c -O3 -g (test for excess errors)
WARNING: program timed out.
FAIL: gcc.c-torture/compile/limits-fndefn.c -Os (test for excess errors)
WARNING: program timed out.
FAIL: gcc.c-torture/compile/limits-fndefn.c -O2 -flto -flto-partition=none (test for excess errors)
WARNING: program timed out.
FAIL: gcc.c-torture/compile/limits-fndefn.c -O2 -flto (test for excess errors)
WARNING: program timed out.
FAIL: gcc.c-torture/compile/limits-structnest.c -O2 (test for excess errors)
WARNING: program timed out.
FAIL: gcc.c-torture/compile/limits-structnest.c -O3 -fomit-frame-pointer (test for excess errors)
WARNING: program timed out.
FAIL: gcc.c-torture/compile/limits-structnest.c -O3 -g (test for excess errors)
WARNING: program timed out.
FAIL: gcc.c-torture/compile/limits-structnest.c -Os (test for excess errors)
WARNING: program timed out.
FAIL: gcc.c-torture/compile/limits-structnest.c -O2 -flto -flto-partition=none (test for excess errors)
WARNING: program timed out.
FAIL: gcc.c-torture/compile/limits-structnest.c -O2 -flto (test for excess errors)
FAIL: gcc.dg/20030711-1.c execution test
WARNING: program timed out.
WARNING: program timed out.
FAIL: gcc.dg/c99-intconst-1.c (test for excess errors)
WARNING: program timed out.
FAIL: gcc.dg/pr48141.c (test for excess errors)
WARNING: program timed out.
FAIL: gcc.dg/lto/20090116 c_lto_20090116_0.o-c_lto_20090116_0.o link, -O1 -flto -flto-partition=1to1 -fPIC (internal compiler error)
UNRESOLVED: gcc.dg/lto/20090116 c_lto_20090116_0.o-c_lto_20090116_0.o execute -O1 -flto -flto-partition=1to1 -fPIC
FAIL: gcc.dg/tls/alias-1.c (test for excess errors)
FAIL: gcc.dg/tree-ssa/vrp47.c scan-tree-dump-times dom1 "x[^ ]* & y" 1
FAIL: gcc.dg/tree-ssa/vrp47.c scan-tree-dump-times vrp1 "x[^ ]* \\^ 1" 1
=== gcc Summary ===
# of expected passes 67614
# of unexpected failures 20
# of expected failures 116
# of unresolved testcases 1
# of unsupported tests 1280
/home/gnu/gcc/objdir/gcc/xgcc version 4.7.0 20110731 (experimental) [trunk revision 176976] (GCC)
=== gfortran tests ===
Running target unix
=== gfortran Summary ===
# of expected passes 38157
# of expected failures 41
# of unsupported tests 358
/home/gnu/gcc/objdir/gcc/testsuite/gfortran/../../gfortran version 4.7.0 20110731 (experimental) [trunk revision 176976] (GCC)
=== obj-c++ tests ===
Running target unix
=== obj-c++ Summary ===
# of expected passes 1438
# of expected failures 10
# of unsupported tests 86
/home/gnu/gcc/objdir/gcc/testsuite/obj-c++/../../g++ version 4.7.0 20110731 (experimental) [trunk revision 176976] (GCC)
=== objc tests ===
Running target unix
=== objc Summary ===
# of expected passes 2978
# of unsupported tests 75
/home/gnu/gcc/objdir/gcc/xgcc version 4.7.0 20110731 (experimental) [trunk revision 176976] (GCC)
=== libgomp tests ===
Running target unix
=== libgomp Summary ===
# of expected passes 2580
# of unsupported tests 10
=== libstdc++ tests ===
Running target unix
=== libstdc++ Summary ===
# of expected passes 6112
# of expected failures 45
# of unsupported tests 651
Compiler version: 4.7.0 20110731 (experimental) [trunk revision 176976] (GCC)
Platform: hppa64-hp-hpux11.00
configure flags:Test Run By dave on Wed Aug 3 14:01:09 2011