This is the mail archive of the
gcc-testresults@gcc.gnu.org
mailing list for the GCC project.
Results for 4.7.0 20110802 (experimental) [trunk revision 168284] (GCC) testsuite on x86_64-apple-darwin10.8.0
- From: Bradley J Lucier <lucier at math dot purdue dot edu>
- To: gcc-testresults at gcc dot gnu dot org
- Date: Tue, 2 Aug 2011 21:11:56 -0400
- Subject: Results for 4.7.0 20110802 (experimental) [trunk revision 168284] (GCC) testsuite on x86_64-apple-darwin10.8.0
LAST_UPDATED: Tue Dec 28 02:31:06 UTC 2010 (revision 168284)
Native configuration is x86_64-apple-darwin10.8.0
=== g++ tests ===
Running target unix
WARNING: g++.dg/ext/label13.C compilation failed to produce executable
FAIL: c-c++-common/cxxbitfields-3.c scan-assembler movl.*, var
FAIL: g++.dg/tree-prof/partition2.C execution, -Os -fprofile-use
=== g++ Summary ===
# of expected passes 26356
# of unexpected failures 2
# of expected failures 156
# of unsupported tests 373
/Users/lucier/programs/gcc/objdirs/mainline/gcc/testsuite/g++/../../g++ version 4.7.0 20110802 (experimental) [trunk revision 168284] (GCC)
=== gcc tests ===
Running target unix
FAIL: gcc.dg/sibcall-6.c execution test
FAIL: c-c++-common/cxxbitfields-3.c scan-assembler movl.*, var
FAIL: gcc.dg/matrix/transpose-3.c execution, -fprofile-use -fipa-matrix-reorg -fdump-ipa-matrix-reorg -O3 -fwhole-program -fno-tree-fre
FAIL: gcc.dg/tree-ssa/forwprop-15.c (test for excess errors)
UNRESOLVED: gcc.dg/tree-ssa/forwprop-15.c scan-tree-dump-times forwprop1 " == " 0
UNRESOLVED: gcc.dg/tree-ssa/forwprop-15.c scan-tree-dump-times forwprop1 " != " 0
FAIL: gcc.dg/tree-ssa/vrp47.c scan-tree-dump-times dom1 "x[^ ]* & y" 1
FAIL: gcc.dg/tree-ssa/vrp47.c scan-tree-dump-times vrp1 "x[^ ]* \\^ 1" 1
FAIL: gcc.target/i386/andor-2.c scan-assembler-not sete
FAIL: gcc.target/i386/pr49866.c (test for excess errors)
=== gcc Summary ===
# of expected passes 64775
# of unexpected failures 8
# of expected failures 184
# of unresolved testcases 2
# of unsupported tests 1671
/Users/lucier/programs/gcc/objdirs/mainline/gcc/xgcc version 4.7.0 20110802 (experimental) [trunk revision 168284] (GCC)
=== gfortran tests ===
Running target unix
FAIL: gfortran.dg/debug/pr35154-dwarf2.f -gdwarf-2 -g3 (internal compiler error)
FAIL: gfortran.dg/debug/pr35154-dwarf2.f -gdwarf-2 -g3 (test for excess errors)
UNRESOLVED: gfortran.dg/debug/pr35154-dwarf2.f scan-assembler DIE[^\\n]*DW_TAG_common_block
UNRESOLVED: gfortran.dg/debug/pr35154-dwarf2.f scan-assembler (DW_AT_name: "__BLNK__"|"__BLNK__[^\\n]*"[^\\n]*DW_AT_name)
UNRESOLVED: gfortran.dg/debug/pr35154-dwarf2.f scan-assembler DIE[^\\n]*DW_TAG_variable
UNRESOLVED: gfortran.dg/debug/pr35154-dwarf2.f scan-assembler "i[^\\n]*"[^\\n]*DW_AT_name
UNRESOLVED: gfortran.dg/debug/pr35154-dwarf2.f scan-assembler "j[^\\n]*"[^\\n]*DW_AT_name
UNRESOLVED: gfortran.dg/debug/pr35154-dwarf2.f scan-assembler DIE[^\\n]*DW_TAG_common_block
UNRESOLVED: gfortran.dg/debug/pr35154-dwarf2.f scan-assembler (DW_AT_name: "label"|"label[^\\n]*"[^\\n]*DW_AT_name)
UNRESOLVED: gfortran.dg/debug/pr35154-dwarf2.f scan-assembler DIE[^\\n]*DW_TAG_variable
UNRESOLVED: gfortran.dg/debug/pr35154-dwarf2.f scan-assembler "l[^\\n]*"[^\\n]*DW_AT_name
UNRESOLVED: gfortran.dg/debug/pr35154-dwarf2.f scan-assembler "m[^\\n]*"[^\\n]*DW_AT_name
FAIL: gfortran.dg/debug/pr37738.f -gdwarf-2 -g3 (internal compiler error)
FAIL: gfortran.dg/debug/pr37738.f -gdwarf-2 -g3 (test for excess errors)
UNRESOLVED: gfortran.dg/debug/pr37738.f scan-assembler-times DIE[^\\n]*DW_TAG_common_block 3
WARNING: program timed out.
=== gfortran Summary ===
# of expected passes 39141
# of unexpected failures 4
# of expected failures 41
# of unresolved testcases 11
# of unsupported tests 69
/Users/lucier/programs/gcc/objdirs/mainline/gcc/testsuite/gfortran/../../gfortran version 4.7.0 20110802 (experimental) [trunk revision 168284] (GCC)
=== objc tests ===
Running target unix
WARNING: program timed out.
=== objc Summary ===
# of expected passes 5879
# of expected failures 14
# of unsupported tests 77
/Users/lucier/programs/gcc/objdirs/mainline/gcc/xgcc version 4.7.0 20110802 (experimental) [trunk revision 168284] (GCC)
=== boehm-gc tests ===
Running target unix
=== boehm-gc Summary ===
# of expected passes 12
# of unsupported tests 1
=== libffi tests ===
Running target unix
=== libffi Summary ===
# of expected passes 1634
# of expected failures 10
# of unsupported tests 15
=== libgomp tests ===
Running target unix
=== libgomp Summary ===
# of expected passes 2894
# of unsupported tests 3
=== libjava tests ===
Running target unix
=== libjava Summary ===
# of expected passes 2574
=== libstdc++ tests ===
Running target unix
WARNING: program timed out.
=== libstdc++ Summary ===
# of expected passes 7230
# of expected failures 46
# of unsupported tests 723
=== libstdc++ Summary ===
Compiler version: 4.7.0 20110802 (experimental) [trunk revision 168284] (GCC)
Platform: x86_64-apple-darwin10.8.0
configure flags: --prefix=/pkgs/gcc-mainline --disable-multilib --enable-checking=release
BOOT_CFLAGS=-g -O2 -mdynamic-no-pic
Counting all warnings,
there are 0 warnings in stage3 of this bootstrap.
Number of warnings per file:
Number of warning types: