This is the mail archive of the
gcc-testresults@gcc.gnu.org
mailing list for the GCC project.
Results for 4.7.0 20110727 (experimental) [trunk revision 176823] (GCC) testsuite on hppa2.0w-hp-hpux11.00
- From: John David Anglin <dave at hiauly2 dot hia dot nrc dot ca>
- To: dave at hiauly2 dot hia dot nrc dot ca, gcc-testresults at gcc dot gnu dot org
- Date: Sun, 31 Jul 2011 13:12:24 -0400 (EDT)
- Subject: Results for 4.7.0 20110727 (experimental) [trunk revision 176823] (GCC) testsuite on hppa2.0w-hp-hpux11.00
=== acats tests ===
=== acats Summary ===
# of expected passes 2321
# of unexpected failures 0
Native configuration is hppa2.0w-hp-hpux11.00
=== g++ tests ===
Running target unix
WARNING: g++.dg/ext/label13.C compilation failed to produce executable
WARNING: program timed out.
=== g++ Summary ===
# of expected passes 23913
# of expected failures 158
# of unsupported tests 598
/home/gnu/gcc/objdir/gcc/testsuite/g++/../../g++ version 4.7.0 20110727 (experimental) [trunk revision 176823] (GCC)
=== gcc tests ===
Running target unix
WARNING: program timed out.
FAIL: gcc.dg/tree-ssa/vrp47.c scan-tree-dump-times dom1 "x[^ ]* & y" 1
FAIL: gcc.dg/tree-ssa/vrp47.c scan-tree-dump-times vrp1 "x[^ ]* \\^ 1" 1
=== gcc Summary ===
# of expected passes 56645
# of unexpected failures 2
# of expected failures 112
# of unsupported tests 1184
/home/gnu/gcc/objdir/gcc/xgcc version 4.7.0 20110727 (experimental) [trunk revision 176823] (GCC)
=== gfortran tests ===
Running target unix
FAIL: gfortran.dg/pr45636.f90 -O scan-tree-dump-times forwprop2 "memset" 0
=== gfortran Summary ===
# of expected passes 37856
# of unexpected failures 1
# of expected failures 41
# of unsupported tests 384
/home/gnu/gcc/objdir/gcc/testsuite/gfortran/../../gfortran version 4.7.0 20110727 (experimental) [trunk revision 176823] (GCC)
=== gnat tests ===
Running target unix
=== gnat Summary ===
# of expected passes 912
# of expected failures 11
# of unsupported tests 5
/home/gnu/gcc/objdir/gcc/gnatmake version 4.7.0 20110727 (experimental) [trunk revision 176823]
=== obj-c++ tests ===
Running target unix
=== obj-c++ Summary ===
# of expected passes 1404
# of expected failures 2
# of unsupported tests 69
/home/gnu/gcc/objdir/gcc/testsuite/obj-c++/../../g++ version 4.7.0 20110727 (experimental) [trunk revision 176823] (GCC)
=== objc tests ===
Running target unix
=== objc Summary ===
# of expected passes 2906
# of unsupported tests 65
/home/gnu/gcc/objdir/gcc/xgcc version 4.7.0 20110727 (experimental) [trunk revision 176823] (GCC)
=== libgomp tests ===
Running target unix
=== libgomp Summary ===
# of expected passes 2572
# of unsupported tests 10
=== libstdc++ tests ===
Running target unix
WARNING: program timed out.
FAIL: 23_containers/vector/bool/modifiers/insert/31370.cc execution test
=== libstdc++ Summary ===
# of expected passes 6111
# of unexpected failures 1
# of expected failures 45
# of unsupported tests 651
Compiler version: 4.7.0 20110727 (experimental) [trunk revision 176823] (GCC)
Platform: hppa2.0w-hp-hpux11.00
configure flags:Test Run By dave on Fri Jul 29 04:43:45 EDT 2011