This is the mail archive of the
gcc-testresults@gcc.gnu.org
mailing list for the GCC project.
Results for 4.7.0 20110724 (experimental) (GCC) testsuite on i386-unknown-freebsd9.0
- From: Gerald Pfeifer <gerald at FreeBSD dot org>
- To: gcc-testresults at gcc dot gnu dot org
- Date: Sun, 24 Jul 2011 19:31:31 GMT
- Subject: Results for 4.7.0 20110724 (experimental) (GCC) testsuite on i386-unknown-freebsd9.0
Native configuration is i386-unknown-freebsd9.0
=== g++ tests ===
Running target unix
FAIL: g++.dg/cdce3.C (test for excess errors)
WARNING: g++.dg/cdce3.C compilation failed to produce executable
UNRESOLVED: g++.dg/cdce3.C scan-tree-dump cdce "cdce3.C:96: note: function call is shrink-wrapped into error conditions."
UNRESOLVED: g++.dg/cdce3.C scan-tree-dump cdce "cdce3.C:97: note: function call is shrink-wrapped into error conditions."
UNRESOLVED: g++.dg/cdce3.C scan-tree-dump cdce "cdce3.C:98: note: function call is shrink-wrapped into error conditions."
UNRESOLVED: g++.dg/cdce3.C scan-tree-dump cdce "cdce3.C:99: note: function call is shrink-wrapped into error conditions."
UNRESOLVED: g++.dg/cdce3.C scan-tree-dump cdce "cdce3.C:100: note: function call is shrink-wrapped into error conditions."
UNRESOLVED: g++.dg/cdce3.C scan-tree-dump cdce "cdce3.C:101: note: function call is shrink-wrapped into error conditions."
UNRESOLVED: g++.dg/cdce3.C scan-tree-dump cdce "cdce3.C:102: note: function call is shrink-wrapped into error conditions."
UNRESOLVED: g++.dg/cdce3.C scan-tree-dump cdce "cdce3.C:103: note: function call is shrink-wrapped into error conditions."
UNRESOLVED: g++.dg/cdce3.C scan-tree-dump cdce "cdce3.C:104: note: function call is shrink-wrapped into error conditions."
UNRESOLVED: g++.dg/cdce3.C scan-tree-dump cdce "cdce3.C:105: note: function call is shrink-wrapped into error conditions."
UNRESOLVED: g++.dg/cdce3.C scan-tree-dump cdce "cdce3.C:106: note: function call is shrink-wrapped into error conditions."
UNRESOLVED: g++.dg/cdce3.C scan-tree-dump cdce "cdce3.C:107: note: function call is shrink-wrapped into error conditions."
UNRESOLVED: g++.dg/cdce3.C scan-tree-dump cdce "cdce3.C:108: note: function call is shrink-wrapped into error conditions."
UNRESOLVED: g++.dg/cdce3.C scan-tree-dump cdce "cdce3.C:109: note: function call is shrink-wrapped into error conditions."
FAIL: g++.dg/eh/async-unwind1.C (internal compiler error)
FAIL: g++.dg/eh/async-unwind1.C (test for excess errors)
WARNING: g++.dg/eh/async-unwind1.C compilation failed to produce executable
FAIL: g++.dg/eh/async-unwind2.C (internal compiler error)
FAIL: g++.dg/eh/async-unwind2.C (test for excess errors)
WARNING: g++.dg/eh/async-unwind2.C compilation failed to produce executable
FAIL: c-c++-common/Wconversion-real.c (test for warnings, line 27)
FAIL: c-c++-common/Wconversion-real.c (test for warnings, line 28)
UNRESOLVED: attribute_plugin.c compilation, -I. -I/scratch/tmp/gerald/gcc-HEAD/gcc/testsuite -I/scratch/tmp/gerald/gcc-HEAD/gcc/testsuite/../../gcc -I/scratch/tmp/gerald/OBJ-0724-1739/gcc/testsuite/g++/../../../gcc -I/scratch/tmp/gerald/gcc-HEAD/gcc/testsuite/../../include -I/scratch/tmp/gerald/gcc-HEAD/gcc/testsuite/../../libcpp/include -I/home/gerald/9-i386/include -I/scratch/tmp/gerald/OBJ-0724-1739/gcc/testsuite/g++/../../../intl -DIN_GCC -fPIC -shared
UNRESOLVED: pragma_plugin.c compilation, -I. -I/scratch/tmp/gerald/gcc-HEAD/gcc/testsuite -I/scratch/tmp/gerald/gcc-HEAD/gcc/testsuite/../../gcc -I/scratch/tmp/gerald/OBJ-0724-1739/gcc/testsuite/g++/../../../gcc -I/scratch/tmp/gerald/gcc-HEAD/gcc/testsuite/../../include -I/scratch/tmp/gerald/gcc-HEAD/gcc/testsuite/../../libcpp/include -I/home/gerald/9-i386/include -I/scratch/tmp/gerald/OBJ-0724-1739/gcc/testsuite/g++/../../../intl -DIN_GCC -fPIC -shared
UNRESOLVED: selfassign.c compilation, -I. -I/scratch/tmp/gerald/gcc-HEAD/gcc/testsuite -I/scratch/tmp/gerald/gcc-HEAD/gcc/testsuite/../../gcc -I/scratch/tmp/gerald/OBJ-0724-1739/gcc/testsuite/g++/../../../gcc -I/scratch/tmp/gerald/gcc-HEAD/gcc/testsuite/../../include -I/scratch/tmp/gerald/gcc-HEAD/gcc/testsuite/../../libcpp/include -I/home/gerald/9-i386/include -I/scratch/tmp/gerald/OBJ-0724-1739/gcc/testsuite/g++/../../../intl -O -DIN_GCC -fPIC -shared
UNRESOLVED: dumb_plugin.c compilation, -I. -I/scratch/tmp/gerald/gcc-HEAD/gcc/testsuite -I/scratch/tmp/gerald/gcc-HEAD/gcc/testsuite/../../gcc -I/scratch/tmp/gerald/OBJ-0724-1739/gcc/testsuite/g++/../../../gcc -I/scratch/tmp/gerald/gcc-HEAD/gcc/testsuite/../../include -I/scratch/tmp/gerald/gcc-HEAD/gcc/testsuite/../../libcpp/include -I/home/gerald/9-i386/include -I/scratch/tmp/gerald/OBJ-0724-1739/gcc/testsuite/g++/../../../intl -DIN_GCC -fPIC -shared
UNRESOLVED: header_plugin.c compilation, -I. -I/scratch/tmp/gerald/gcc-HEAD/gcc/testsuite -I/scratch/tmp/gerald/gcc-HEAD/gcc/testsuite/../../gcc -I/scratch/tmp/gerald/OBJ-0724-1739/gcc/testsuite/g++/../../../gcc -I/scratch/tmp/gerald/gcc-HEAD/gcc/testsuite/../../include -I/scratch/tmp/gerald/gcc-HEAD/gcc/testsuite/../../libcpp/include -I/home/gerald/9-i386/include -I/scratch/tmp/gerald/OBJ-0724-1739/gcc/testsuite/g++/../../../intl -DIN_GCC -fPIC -shared
FAIL: g++.dg/torture/20080625-1.C -Os (internal compiler error)
FAIL: g++.dg/torture/20080625-1.C -Os (test for excess errors)
FAIL: g++.dg/torture/pr31081-2.C -Os (internal compiler error)
FAIL: g++.dg/torture/pr31081-2.C -Os (test for excess errors)
FAIL: g++.dg/torture/pr33340.C -Os (internal compiler error)
FAIL: g++.dg/torture/pr33340.C -Os (test for excess errors)
FAIL: g++.dg/torture/pr33735.C -Os (internal compiler error)
FAIL: g++.dg/torture/pr33735.C -Os (test for excess errors)
FAIL: g++.dg/torture/pr35164-1.C -Os (internal compiler error)
FAIL: g++.dg/torture/pr35164-1.C -Os (test for excess errors)
FAIL: g++.dg/torture/pr35164-2.C -Os (internal compiler error)
FAIL: g++.dg/torture/pr35164-2.C -Os (test for excess errors)
FAIL: g++.dg/torture/pr40102.C -Os (internal compiler error)
FAIL: g++.dg/torture/pr40102.C -Os (test for excess errors)
FAIL: g++.dg/torture/pr40642.C -Os (internal compiler error)
FAIL: g++.dg/torture/pr40642.C -Os (test for excess errors)
FAIL: g++.dg/torture/pr44813.C -Os (internal compiler error)
FAIL: g++.dg/torture/pr44813.C -Os (test for excess errors)
FAIL: g++.dg/torture/pr48271.C -Os (internal compiler error)
FAIL: g++.dg/torture/pr48271.C -Os (test for excess errors)
FAIL: g++.dg/torture/pr49115.C -Os (internal compiler error)
FAIL: g++.dg/torture/pr49115.C -Os (test for excess errors)
WARNING: g++.dg/torture/pr49115.C -Os compilation failed to produce executable
FAIL: g++.dg/torture/stackalign/eh-alloca-1.C -Os (internal compiler error)
FAIL: g++.dg/torture/stackalign/eh-alloca-1.C -Os (test for excess errors)
WARNING: g++.dg/torture/stackalign/eh-alloca-1.C -Os compilation failed to produce executable
FAIL: g++.dg/torture/stackalign/eh-fastcall-1.C -Os (internal compiler error)
FAIL: g++.dg/torture/stackalign/eh-fastcall-1.C -Os (test for excess errors)
WARNING: g++.dg/torture/stackalign/eh-fastcall-1.C -Os compilation failed to produce executable
FAIL: g++.dg/torture/stackalign/eh-global-1.C -Os (internal compiler error)
FAIL: g++.dg/torture/stackalign/eh-global-1.C -Os (test for excess errors)
WARNING: g++.dg/torture/stackalign/eh-global-1.C -Os compilation failed to produce executable
FAIL: g++.dg/torture/stackalign/eh-inline-1.C -Os (internal compiler error)
FAIL: g++.dg/torture/stackalign/eh-inline-1.C -Os (test for excess errors)
WARNING: g++.dg/torture/stackalign/eh-inline-1.C -Os compilation failed to produce executable
FAIL: g++.dg/torture/stackalign/eh-inline-2.C -Os (internal compiler error)
FAIL: g++.dg/torture/stackalign/eh-inline-2.C -Os (test for excess errors)
WARNING: g++.dg/torture/stackalign/eh-inline-2.C -Os compilation failed to produce executable
FAIL: g++.dg/torture/stackalign/eh-thiscall-1.C -Os (internal compiler error)
FAIL: g++.dg/torture/stackalign/eh-thiscall-1.C -Os (test for excess errors)
WARNING: g++.dg/torture/stackalign/eh-thiscall-1.C -Os compilation failed to produce executable
FAIL: g++.dg/torture/stackalign/eh-vararg-1.C -Os (internal compiler error)
FAIL: g++.dg/torture/stackalign/eh-vararg-1.C -Os (test for excess errors)
WARNING: g++.dg/torture/stackalign/eh-vararg-1.C -Os compilation failed to produce executable
FAIL: g++.dg/torture/stackalign/eh-vararg-2.C -Os (internal compiler error)
FAIL: g++.dg/torture/stackalign/eh-vararg-2.C -Os (test for excess errors)
WARNING: g++.dg/torture/stackalign/eh-vararg-2.C -Os compilation failed to produce executable
FAIL: g++.dg/torture/stackalign/stdcall-1.C -Os (internal compiler error)
FAIL: g++.dg/torture/stackalign/stdcall-1.C -Os (test for excess errors)
FAIL: g++.dg/torture/stackalign/eh-alloca-1.C -Os (internal compiler error)
FAIL: g++.dg/torture/stackalign/eh-alloca-1.C -Os (test for excess errors)
WARNING: g++.dg/torture/stackalign/eh-alloca-1.C -Os compilation failed to produce executable
FAIL: g++.dg/torture/stackalign/eh-fastcall-1.C -Os (internal compiler error)
FAIL: g++.dg/torture/stackalign/eh-fastcall-1.C -Os (test for excess errors)
WARNING: g++.dg/torture/stackalign/eh-fastcall-1.C -Os compilation failed to produce executable
FAIL: g++.dg/torture/stackalign/eh-global-1.C -Os (internal compiler error)
FAIL: g++.dg/torture/stackalign/eh-global-1.C -Os (test for excess errors)
WARNING: g++.dg/torture/stackalign/eh-global-1.C -Os compilation failed to produce executable
FAIL: g++.dg/torture/stackalign/eh-inline-1.C -Os (internal compiler error)
FAIL: g++.dg/torture/stackalign/eh-inline-1.C -Os (test for excess errors)
WARNING: g++.dg/torture/stackalign/eh-inline-1.C -Os compilation failed to produce executable
FAIL: g++.dg/torture/stackalign/eh-inline-2.C -Os (internal compiler error)
FAIL: g++.dg/torture/stackalign/eh-inline-2.C -Os (test for excess errors)
WARNING: g++.dg/torture/stackalign/eh-inline-2.C -Os compilation failed to produce executable
FAIL: g++.dg/torture/stackalign/eh-thiscall-1.C -Os (internal compiler error)
FAIL: g++.dg/torture/stackalign/eh-thiscall-1.C -Os (test for excess errors)
WARNING: g++.dg/torture/stackalign/eh-thiscall-1.C -Os compilation failed to produce executable
FAIL: g++.dg/torture/stackalign/eh-vararg-1.C -Os (internal compiler error)
FAIL: g++.dg/torture/stackalign/eh-vararg-1.C -Os (test for excess errors)
WARNING: g++.dg/torture/stackalign/eh-vararg-1.C -Os compilation failed to produce executable
FAIL: g++.dg/torture/stackalign/eh-vararg-2.C -Os (internal compiler error)
FAIL: g++.dg/torture/stackalign/eh-vararg-2.C -Os (test for excess errors)
WARNING: g++.dg/torture/stackalign/eh-vararg-2.C -Os compilation failed to produce executable
FAIL: g++.dg/torture/stackalign/stdcall-1.C -Os (internal compiler error)
FAIL: g++.dg/torture/stackalign/stdcall-1.C -Os (test for excess errors)
FAIL: g++.dg/tree-prof/partition2.C compilation, -Os -fprofile-use
UNRESOLVED: g++.dg/tree-prof/partition2.C execution, -Os -fprofile-use
FAIL: g++.old-deja/g++.other/init18.C execution test
FAIL: g++.old-deja/g++.other/init19.C execution test
=== g++ Summary ===
# of expected passes 27382
# of unexpected failures 68
# of expected failures 157
# of unresolved testcases 20
# of unsupported tests 175
/scratch/tmp/gerald/OBJ-0724-1739/gcc/testsuite/g++/../../g++ version 4.7.0 20110724 (experimental) (GCC)
=== gcc tests ===
Running target unix
FAIL: gcc.c-torture/compile/pr49474.c -Os (internal compiler error)
FAIL: gcc.c-torture/compile/pr49474.c -Os (test for excess errors)
FAIL: gcc.c-torture/execute/builtins/memcpy-chk.c compilation, -Os (internal compiler error)
UNRESOLVED: gcc.c-torture/execute/builtins/memcpy-chk.c execution, -Os
FAIL: gcc.c-torture/execute/builtins/memmove-chk.c compilation, -Os (internal compiler error)
UNRESOLVED: gcc.c-torture/execute/builtins/memmove-chk.c execution, -Os
FAIL: gcc.c-torture/execute/builtins/mempcpy-chk.c compilation, -Os (internal compiler error)
UNRESOLVED: gcc.c-torture/execute/builtins/mempcpy-chk.c execution, -Os
FAIL: gcc.c-torture/execute/builtins/memset-chk.c compilation, -Os (internal compiler error)
UNRESOLVED: gcc.c-torture/execute/builtins/memset-chk.c execution, -Os
FAIL: gcc.c-torture/execute/builtins/snprintf-chk.c compilation, -Os (internal compiler error)
UNRESOLVED: gcc.c-torture/execute/builtins/snprintf-chk.c execution, -Os
FAIL: gcc.c-torture/execute/builtins/sprintf-chk.c compilation, -Os (internal compiler error)
UNRESOLVED: gcc.c-torture/execute/builtins/sprintf-chk.c execution, -Os
FAIL: gcc.c-torture/execute/builtins/stpcpy-chk.c compilation, -Os (internal compiler error)
UNRESOLVED: gcc.c-torture/execute/builtins/stpcpy-chk.c execution, -Os
FAIL: gcc.c-torture/execute/builtins/strcat-chk.c compilation, -Os (internal compiler error)
UNRESOLVED: gcc.c-torture/execute/builtins/strcat-chk.c execution, -Os
FAIL: gcc.c-torture/execute/builtins/strcpy-chk.c compilation, -Os (internal compiler error)
UNRESOLVED: gcc.c-torture/execute/builtins/strcpy-chk.c execution, -Os
FAIL: gcc.c-torture/execute/builtins/strncat-chk.c compilation, -Os (internal compiler error)
UNRESOLVED: gcc.c-torture/execute/builtins/strncat-chk.c execution, -Os
FAIL: gcc.c-torture/execute/builtins/strncpy-chk.c compilation, -Os (internal compiler error)
UNRESOLVED: gcc.c-torture/execute/builtins/strncpy-chk.c execution, -Os
FAIL: gcc.c-torture/execute/builtins/vsnprintf-chk.c compilation, -Os (internal compiler error)
UNRESOLVED: gcc.c-torture/execute/builtins/vsnprintf-chk.c execution, -Os
FAIL: gcc.c-torture/execute/builtins/vsprintf-chk.c compilation, -Os (internal compiler error)
UNRESOLVED: gcc.c-torture/execute/builtins/vsprintf-chk.c execution, -Os
FAIL: gcc.c-torture/execute/20080502-1.c execution, -O0
FAIL: gcc.c-torture/execute/built-in-setjmp.c compilation, -Os (internal compiler error)
UNRESOLVED: gcc.c-torture/execute/built-in-setjmp.c execution, -Os
FAIL: gcc.c-torture/execute/conversion.c execution, -O0
FAIL: gcc.c-torture/execute/conversion.c execution, -O1
FAIL: gcc.c-torture/execute/nestfunc-5.c compilation, -Os (internal compiler error)
UNRESOLVED: gcc.c-torture/execute/nestfunc-5.c execution, -Os
FAIL: gcc.c-torture/execute/nestfunc-6.c compilation, -Os (internal compiler error)
UNRESOLVED: gcc.c-torture/execute/nestfunc-6.c execution, -Os
FAIL: gcc.c-torture/execute/ieee/copysign1.c execution, -O2
FAIL: gcc.c-torture/execute/ieee/copysign1.c execution, -O3 -fomit-frame-pointer
FAIL: gcc.c-torture/execute/ieee/copysign1.c execution, -O3 -fomit-frame-pointer -funroll-loops
FAIL: gcc.c-torture/execute/ieee/copysign1.c execution, -O3 -fomit-frame-pointer -funroll-all-loops -finline-functions
FAIL: gcc.c-torture/execute/ieee/copysign1.c execution, -O3 -g
FAIL: gcc.c-torture/execute/ieee/copysign1.c execution, -O2 -flto -flto-partition=none
FAIL: gcc.c-torture/execute/ieee/copysign1.c execution, -O2 -flto
FAIL: gcc.c-torture/execute/ieee/copysign2.c execution, -O1
FAIL: gcc.c-torture/execute/ieee/copysign2.c execution, -O2
FAIL: gcc.c-torture/execute/ieee/copysign2.c execution, -O3 -fomit-frame-pointer
FAIL: gcc.c-torture/execute/ieee/copysign2.c execution, -O3 -fomit-frame-pointer -funroll-loops
FAIL: gcc.c-torture/execute/ieee/copysign2.c execution, -O3 -fomit-frame-pointer -funroll-all-loops -finline-functions
FAIL: gcc.c-torture/execute/ieee/copysign2.c execution, -O3 -g
FAIL: gcc.c-torture/execute/ieee/copysign2.c execution, -Os
FAIL: gcc.c-torture/execute/ieee/copysign2.c execution, -O2 -flto -flto-partition=none
FAIL: gcc.c-torture/execute/ieee/copysign2.c execution, -O2 -flto
FAIL: gcc.dg/builtins-20.c (test for excess errors)
FAIL: gcc.dg/builtins-57.c (test for excess errors)
FAIL: gcc.dg/builtins-58.c scan-assembler-not pow
FAIL: gcc.dg/builtins-59.c scan-tree-dump gimple "__builtin_cexpi"
FAIL: gcc.dg/builtins-59.c scan-tree-dump-not gimple "sincos"
FAIL: gcc.dg/builtins-61.c scan-tree-dump optimized "cexpi"
FAIL: gcc.dg/builtins-61.c scan-tree-dump optimized "sin"
FAIL: gcc.dg/builtins-61.c scan-tree-dump optimized "cos"
FAIL: gcc.dg/builtins-61.c scan-tree-dump optimized "return 0.0"
FAIL: gcc.dg/builtins-62.c scan-tree-dump-times optimized "cexpi" 3
FAIL: gcc.dg/builtins-65.c (test for excess errors)
FAIL: gcc.dg/c99-tgmath-2.c (test for excess errors)
UNRESOLVED: gcc.dg/c99-tgmath-2.c scan-assembler sinf
FAIL: gcc.dg/c99-tgmath-3.c (test for excess errors)
FAIL: gcc.dg/c99-tgmath-4.c (test for excess errors)
UNRESOLVED: gcc.dg/c99-tgmath-4.c scan-assembler cpowf
FAIL: gcc.dg/pr36998.c (internal compiler error)
FAIL: gcc.dg/pr36998.c (test for excess errors)
FAIL: gcc.dg/utf-array-short-wchar.c (test for errors, line 39)
FAIL: gcc.dg/utf-array-short-wchar.c (test for errors, line 41)
FAIL: gcc.dg/utf-array-short-wchar.c (test for excess errors)
FAIL: c-c++-common/Wconversion-real.c -Wc++-compat (test for warnings, line 27)
FAIL: c-c++-common/Wconversion-real.c -Wc++-compat (test for warnings, line 28)
FAIL: gcc.dg/matrix/transpose-3.c execution, -fprofile-use -fipa-matrix-reorg -fdump-ipa-matrix-reorg -O3 -fwhole-program -fno-tree-fre
FAIL: largefile.c -O0 -g -I. (internal compiler error)
FAIL: largefile.c -O0 -g -I. (test for excess errors)
FAIL: gcc.dg/pch/largefile.c -O0 -g assembly comparison
FAIL: largefile.c -O0 -I. (internal compiler error)
FAIL: largefile.c -O0 -I. (test for excess errors)
FAIL: gcc.dg/pch/largefile.c -O0 assembly comparison
FAIL: largefile.c -O1 -I. (internal compiler error)
FAIL: largefile.c -O1 -I. (test for excess errors)
FAIL: gcc.dg/pch/largefile.c -O1 assembly comparison
FAIL: largefile.c -O2 -I. (internal compiler error)
FAIL: largefile.c -O2 -I. (test for excess errors)
FAIL: gcc.dg/pch/largefile.c -O2 assembly comparison
FAIL: largefile.c -O3 -fomit-frame-pointer -I. (internal compiler error)
FAIL: largefile.c -O3 -fomit-frame-pointer -I. (test for excess errors)
FAIL: gcc.dg/pch/largefile.c -O3 -fomit-frame-pointer assembly comparison
FAIL: largefile.c -O3 -g -I. (internal compiler error)
FAIL: largefile.c -O3 -g -I. (test for excess errors)
FAIL: gcc.dg/pch/largefile.c -O3 -g assembly comparison
FAIL: largefile.c -Os -I. (internal compiler error)
FAIL: largefile.c -Os -I. (test for excess errors)
FAIL: gcc.dg/pch/largefile.c -Os assembly comparison
UNRESOLVED: selfassign.c compilation, -I. -I/scratch/tmp/gerald/gcc-HEAD/gcc/testsuite -I/scratch/tmp/gerald/gcc-HEAD/gcc/testsuite/../../gcc -I/scratch/tmp/gerald/OBJ-0724-1739/gcc/testsuite/gcc/../../../gcc -I/scratch/tmp/gerald/gcc-HEAD/gcc/testsuite/../../include -I/scratch/tmp/gerald/gcc-HEAD/gcc/testsuite/../../libcpp/include -I/home/gerald/9-i386/include -I/scratch/tmp/gerald/OBJ-0724-1739/gcc/testsuite/gcc/../../../intl -O -DIN_GCC -fPIC -shared
UNRESOLVED: ggcplug.c compilation, -I. -I/scratch/tmp/gerald/gcc-HEAD/gcc/testsuite -I/scratch/tmp/gerald/gcc-HEAD/gcc/testsuite/../../gcc -I/scratch/tmp/gerald/OBJ-0724-1739/gcc/testsuite/gcc/../../../gcc -I/scratch/tmp/gerald/gcc-HEAD/gcc/testsuite/../../include -I/scratch/tmp/gerald/gcc-HEAD/gcc/testsuite/../../libcpp/include -I/home/gerald/9-i386/include -I/scratch/tmp/gerald/OBJ-0724-1739/gcc/testsuite/gcc/../../../intl -O -DIN_GCC -fPIC -shared
UNRESOLVED: one_time_plugin.c compilation, -I. -I/scratch/tmp/gerald/gcc-HEAD/gcc/testsuite -I/scratch/tmp/gerald/gcc-HEAD/gcc/testsuite/../../gcc -I/scratch/tmp/gerald/OBJ-0724-1739/gcc/testsuite/gcc/../../../gcc -I/scratch/tmp/gerald/gcc-HEAD/gcc/testsuite/../../include -I/scratch/tmp/gerald/gcc-HEAD/gcc/testsuite/../../libcpp/include -I/home/gerald/9-i386/include -I/scratch/tmp/gerald/OBJ-0724-1739/gcc/testsuite/gcc/../../../intl -DIN_GCC -fPIC -shared
UNRESOLVED: start_unit_plugin.c compilation, -I. -I/scratch/tmp/gerald/gcc-HEAD/gcc/testsuite -I/scratch/tmp/gerald/gcc-HEAD/gcc/testsuite/../../gcc -I/scratch/tmp/gerald/OBJ-0724-1739/gcc/testsuite/gcc/../../../gcc -I/scratch/tmp/gerald/gcc-HEAD/gcc/testsuite/../../include -I/scratch/tmp/gerald/gcc-HEAD/gcc/testsuite/../../libcpp/include -I/home/gerald/9-i386/include -I/scratch/tmp/gerald/OBJ-0724-1739/gcc/testsuite/gcc/../../../intl -DIN_GCC -fPIC -shared
UNRESOLVED: finish_unit_plugin.c compilation, -I. -I/scratch/tmp/gerald/gcc-HEAD/gcc/testsuite -I/scratch/tmp/gerald/gcc-HEAD/gcc/testsuite/../../gcc -I/scratch/tmp/gerald/OBJ-0724-1739/gcc/testsuite/gcc/../../../gcc -I/scratch/tmp/gerald/gcc-HEAD/gcc/testsuite/../../include -I/scratch/tmp/gerald/gcc-HEAD/gcc/testsuite/../../libcpp/include -I/home/gerald/9-i386/include -I/scratch/tmp/gerald/OBJ-0724-1739/gcc/testsuite/gcc/../../../intl -DIN_GCC -fPIC -shared
FAIL: gcc.dg/torture/builtin-convert-1.c -O1 (test for excess errors)
FAIL: gcc.dg/torture/builtin-convert-1.c -O2 (test for excess errors)
FAIL: gcc.dg/torture/builtin-convert-1.c -O3 -fomit-frame-pointer (test for excess errors)
FAIL: gcc.dg/torture/builtin-convert-1.c -O3 -g (test for excess errors)
FAIL: gcc.dg/torture/builtin-convert-1.c -Os (test for excess errors)
FAIL: gcc.dg/torture/builtin-convert-1.c -O2 -flto -flto-partition=none (test for excess errors)
FAIL: gcc.dg/torture/builtin-convert-1.c -O2 -flto (test for excess errors)
FAIL: gcc.dg/torture/builtin-convert-2.c -O1 (test for excess errors)
FAIL: gcc.dg/torture/builtin-convert-2.c -O2 (test for excess errors)
FAIL: gcc.dg/torture/builtin-convert-2.c -O3 -fomit-frame-pointer (test for excess errors)
FAIL: gcc.dg/torture/builtin-convert-2.c -O3 -g (test for excess errors)
FAIL: gcc.dg/torture/builtin-convert-2.c -Os (test for excess errors)
FAIL: gcc.dg/torture/builtin-convert-2.c -O2 -flto -flto-partition=none (test for excess errors)
FAIL: gcc.dg/torture/builtin-convert-2.c -O2 -flto (test for excess errors)
FAIL: gcc.dg/torture/builtin-convert-3.c -O1 (test for excess errors)
FAIL: gcc.dg/torture/builtin-convert-3.c -O2 (test for excess errors)
FAIL: gcc.dg/torture/builtin-convert-3.c -O3 -fomit-frame-pointer (test for excess errors)
FAIL: gcc.dg/torture/builtin-convert-3.c -O3 -g (test for excess errors)
FAIL: gcc.dg/torture/builtin-convert-3.c -Os (test for excess errors)
FAIL: gcc.dg/torture/builtin-convert-3.c -O2 -flto -flto-partition=none (test for excess errors)
FAIL: gcc.dg/torture/builtin-convert-3.c -O2 -flto (test for excess errors)
FAIL: gcc.dg/torture/builtin-power-1.c -O0 (test for excess errors)
FAIL: gcc.dg/torture/builtin-power-1.c -O1 (test for excess errors)
FAIL: gcc.dg/torture/builtin-power-1.c -O2 (test for excess errors)
FAIL: gcc.dg/torture/builtin-power-1.c -O3 -fomit-frame-pointer (test for excess errors)
FAIL: gcc.dg/torture/builtin-power-1.c -O3 -g (test for excess errors)
FAIL: gcc.dg/torture/builtin-power-1.c -Os (test for excess errors)
FAIL: gcc.dg/torture/builtin-power-1.c -O2 -flto -flto-partition=none (test for excess errors)
FAIL: gcc.dg/torture/builtin-power-1.c -O2 -flto (test for excess errors)
FAIL: gcc.dg/torture/fp-int-convert-float.c -O0 execution test
FAIL: gcc.dg/torture/fp-int-convert-float.c -O1 execution test
FAIL: gcc.dg/torture/fp-int-convert-float.c -O2 execution test
FAIL: gcc.dg/torture/fp-int-convert-float.c -O3 -fomit-frame-pointer execution test
FAIL: gcc.dg/torture/fp-int-convert-float.c -O3 -g execution test
FAIL: gcc.dg/torture/fp-int-convert-float.c -Os execution test
FAIL: gcc.dg/torture/fp-int-convert-float.c -O2 -flto -flto-partition=none execution test
FAIL: gcc.dg/torture/fp-int-convert-float.c -O2 -flto execution test
FAIL: gcc.dg/torture/fp-int-convert-float80.c -O0 execution test
FAIL: gcc.dg/torture/fp-int-convert-float80.c -O1 execution test
FAIL: gcc.dg/torture/fp-int-convert-float80.c -O2 execution test
FAIL: gcc.dg/torture/fp-int-convert-float80.c -O3 -fomit-frame-pointer execution test
FAIL: gcc.dg/torture/fp-int-convert-float80.c -O3 -g execution test
FAIL: gcc.dg/torture/fp-int-convert-float80.c -Os execution test
FAIL: gcc.dg/torture/fp-int-convert-float80.c -O2 -flto -flto-partition=none execution test
FAIL: gcc.dg/torture/fp-int-convert-float80.c -O2 -flto execution test
FAIL: gcc.dg/torture/fp-int-convert-long-double.c -O0 execution test
FAIL: gcc.dg/torture/fp-int-convert-long-double.c -O1 execution test
FAIL: gcc.dg/torture/fp-int-convert-long-double.c -O2 execution test
FAIL: gcc.dg/torture/fp-int-convert-long-double.c -O3 -fomit-frame-pointer execution test
FAIL: gcc.dg/torture/fp-int-convert-long-double.c -O3 -g execution test
FAIL: gcc.dg/torture/fp-int-convert-long-double.c -Os execution test
FAIL: gcc.dg/torture/fp-int-convert-long-double.c -O2 -flto -flto-partition=none execution test
FAIL: gcc.dg/torture/fp-int-convert-long-double.c -O2 -flto execution test
FAIL: gcc.dg/torture/stackalign/nested-5.c -Os (internal compiler error)
FAIL: gcc.dg/torture/stackalign/nested-5.c -Os (test for excess errors)
WARNING: gcc.dg/torture/stackalign/nested-5.c -Os compilation failed to produce executable
FAIL: gcc.dg/torture/stackalign/nested-6.c -Os (internal compiler error)
FAIL: gcc.dg/torture/stackalign/nested-6.c -Os (test for excess errors)
WARNING: gcc.dg/torture/stackalign/nested-6.c -Os compilation failed to produce executable
FAIL: gcc.dg/torture/stackalign/setjmp-1.c -Os (internal compiler error)
FAIL: gcc.dg/torture/stackalign/setjmp-1.c -Os (test for excess errors)
WARNING: gcc.dg/torture/stackalign/setjmp-1.c -Os compilation failed to produce executable
FAIL: gcc.dg/torture/stackalign/vararg-1.c -Os (internal compiler error)
FAIL: gcc.dg/torture/stackalign/vararg-1.c -Os (test for excess errors)
WARNING: gcc.dg/torture/stackalign/vararg-1.c -Os compilation failed to produce executable
FAIL: gcc.dg/torture/stackalign/vararg-2.c -Os (internal compiler error)
FAIL: gcc.dg/torture/stackalign/vararg-2.c -Os (test for excess errors)
WARNING: gcc.dg/torture/stackalign/vararg-2.c -Os compilation failed to produce executable
FAIL: gcc.dg/torture/stackalign/vararg-3.c -Os (internal compiler error)
FAIL: gcc.dg/torture/stackalign/vararg-3.c -Os (test for excess errors)
WARNING: gcc.dg/torture/stackalign/vararg-3.c -Os compilation failed to produce executable
FAIL: gcc.dg/torture/stackalign/nested-5.c -Os (internal compiler error)
FAIL: gcc.dg/torture/stackalign/nested-5.c -Os (test for excess errors)
WARNING: gcc.dg/torture/stackalign/nested-5.c -Os compilation failed to produce executable
FAIL: gcc.dg/torture/stackalign/nested-6.c -Os (internal compiler error)
FAIL: gcc.dg/torture/stackalign/nested-6.c -Os (test for excess errors)
WARNING: gcc.dg/torture/stackalign/nested-6.c -Os compilation failed to produce executable
FAIL: gcc.dg/torture/stackalign/setjmp-1.c -Os (internal compiler error)
FAIL: gcc.dg/torture/stackalign/setjmp-1.c -Os (test for excess errors)
WARNING: gcc.dg/torture/stackalign/setjmp-1.c -Os compilation failed to produce executable
FAIL: gcc.dg/torture/stackalign/vararg-1.c -Os (internal compiler error)
FAIL: gcc.dg/torture/stackalign/vararg-1.c -Os (test for excess errors)
WARNING: gcc.dg/torture/stackalign/vararg-1.c -Os compilation failed to produce executable
FAIL: gcc.dg/torture/stackalign/vararg-2.c -Os (internal compiler error)
FAIL: gcc.dg/torture/stackalign/vararg-2.c -Os (test for excess errors)
WARNING: gcc.dg/torture/stackalign/vararg-2.c -Os compilation failed to produce executable
FAIL: gcc.dg/torture/stackalign/vararg-3.c -Os (internal compiler error)
FAIL: gcc.dg/torture/stackalign/vararg-3.c -Os (test for excess errors)
WARNING: gcc.dg/torture/stackalign/vararg-3.c -Os compilation failed to produce executable
FAIL: gcc.dg/torture/stackalign/nested-5.c -Os (internal compiler error)
FAIL: gcc.dg/torture/stackalign/nested-5.c -Os (test for excess errors)
WARNING: gcc.dg/torture/stackalign/nested-5.c -Os compilation failed to produce executable
FAIL: gcc.dg/torture/stackalign/nested-6.c -Os (internal compiler error)
FAIL: gcc.dg/torture/stackalign/nested-6.c -Os (test for excess errors)
WARNING: gcc.dg/torture/stackalign/nested-6.c -Os compilation failed to produce executable
FAIL: gcc.dg/torture/stackalign/setjmp-1.c -Os (internal compiler error)
FAIL: gcc.dg/torture/stackalign/setjmp-1.c -Os (test for excess errors)
WARNING: gcc.dg/torture/stackalign/setjmp-1.c -Os compilation failed to produce executable
FAIL: gcc.dg/torture/stackalign/vararg-1.c -Os (internal compiler error)
FAIL: gcc.dg/torture/stackalign/vararg-1.c -Os (test for excess errors)
WARNING: gcc.dg/torture/stackalign/vararg-1.c -Os compilation failed to produce executable
FAIL: gcc.dg/torture/stackalign/vararg-2.c -Os (internal compiler error)
FAIL: gcc.dg/torture/stackalign/vararg-2.c -Os (test for excess errors)
WARNING: gcc.dg/torture/stackalign/vararg-2.c -Os compilation failed to produce executable
FAIL: gcc.dg/torture/stackalign/vararg-3.c -Os (internal compiler error)
FAIL: gcc.dg/torture/stackalign/vararg-3.c -Os (test for excess errors)
WARNING: gcc.dg/torture/stackalign/vararg-3.c -Os compilation failed to produce executable
FAIL: gcc.dg/torture/stackalign/nested-5.c -Os (internal compiler error)
FAIL: gcc.dg/torture/stackalign/nested-5.c -Os (test for excess errors)
WARNING: gcc.dg/torture/stackalign/nested-5.c -Os compilation failed to produce executable
FAIL: gcc.dg/torture/stackalign/nested-6.c -Os (internal compiler error)
FAIL: gcc.dg/torture/stackalign/nested-6.c -Os (test for excess errors)
WARNING: gcc.dg/torture/stackalign/nested-6.c -Os compilation failed to produce executable
FAIL: gcc.dg/torture/stackalign/setjmp-1.c -Os (internal compiler error)
FAIL: gcc.dg/torture/stackalign/setjmp-1.c -Os (test for excess errors)
WARNING: gcc.dg/torture/stackalign/setjmp-1.c -Os compilation failed to produce executable
FAIL: gcc.dg/torture/stackalign/vararg-1.c -Os (internal compiler error)
FAIL: gcc.dg/torture/stackalign/vararg-1.c -Os (test for excess errors)
WARNING: gcc.dg/torture/stackalign/vararg-1.c -Os compilation failed to produce executable
FAIL: gcc.dg/torture/stackalign/vararg-2.c -Os (internal compiler error)
FAIL: gcc.dg/torture/stackalign/vararg-2.c -Os (test for excess errors)
WARNING: gcc.dg/torture/stackalign/vararg-2.c -Os compilation failed to produce executable
FAIL: gcc.dg/torture/stackalign/vararg-3.c -Os (internal compiler error)
FAIL: gcc.dg/torture/stackalign/vararg-3.c -Os (test for excess errors)
WARNING: gcc.dg/torture/stackalign/vararg-3.c -Os compilation failed to produce executable
FAIL: gcc.dg/torture/tls/run-gd.c -O0 (test for excess errors)
FAIL: gcc.dg/torture/tls/run-gd.c -O1 (test for excess errors)
FAIL: gcc.dg/torture/tls/run-gd.c -O2 (test for excess errors)
FAIL: gcc.dg/torture/tls/run-gd.c -O3 -fomit-frame-pointer (test for excess errors)
FAIL: gcc.dg/torture/tls/run-gd.c -O3 -g (test for excess errors)
FAIL: gcc.dg/torture/tls/run-gd.c -Os (test for excess errors)
FAIL: gcc.dg/torture/tls/run-gd.c -O2 -flto -flto-partition=none (test for excess errors)
FAIL: gcc.dg/torture/tls/run-gd.c -O2 -flto (test for excess errors)
FAIL: gcc.dg/torture/tls/run-ld.c -O0 (test for excess errors)
FAIL: gcc.dg/torture/tls/run-ld.c -O1 (test for excess errors)
FAIL: gcc.dg/torture/tls/run-ld.c -O2 (test for excess errors)
FAIL: gcc.dg/torture/tls/run-ld.c -O3 -fomit-frame-pointer (test for excess errors)
FAIL: gcc.dg/torture/tls/run-ld.c -O3 -g (test for excess errors)
FAIL: gcc.dg/torture/tls/run-ld.c -Os (test for excess errors)
FAIL: gcc.dg/torture/tls/run-ld.c -O2 -flto -flto-partition=none (test for excess errors)
FAIL: gcc.dg/torture/tls/run-ld.c -O2 -flto (test for excess errors)
FAIL: gcc.dg/tree-ssa/vrp47.c scan-tree-dump-times dom1 "x[^ ]* & y" 1
FAIL: gcc.dg/tree-ssa/vrp47.c scan-tree-dump-times vrp1 "x[^ ]* \\^ 1" 1
FAIL: gcc.target/i386/andor-2.c scan-assembler-not sete
FAIL: gcc.target/i386/excess-precision-1.c execution test
FAIL: gcc.target/i386/excess-precision-3.c execution test
FAIL: gcc.target/i386/pr36578-1.c execution test
FAIL: gcc.target/i386/pr36578-2.c execution test
=== gcc Summary ===
# of expected passes 77282
# of unexpected failures 204
# of expected failures 242
# of unresolved testcases 23
# of unsupported tests 1330
/scratch/tmp/gerald/OBJ-0724-1739/gcc/xgcc version 4.7.0 20110724 (experimental) (GCC)
=== gfortran tests ===
Running target unix
FAIL: gfortran.dg/auto_char_dummy_array_1.f90 -Os (internal compiler error)
FAIL: gfortran.dg/auto_char_dummy_array_1.f90 -Os (test for excess errors)
WARNING: gfortran.dg/auto_char_dummy_array_1.f90 -Os compilation failed to produce executable
FAIL: gfortran.dg/bessel_5.f90 -Os (internal compiler error)
FAIL: gfortran.dg/bessel_5.f90 -Os (test for excess errors)
WARNING: gfortran.dg/bessel_5.f90 -Os compilation failed to produce executable
FAIL: gfortran.dg/cr_lf.f90 -Os (internal compiler error)
FAIL: gfortran.dg/cr_lf.f90 -Os (test for excess errors)
WARNING: gfortran.dg/cr_lf.f90 -Os compilation failed to produce executable
XPASS: gfortran.dg/large_real_kind_2.F90 -O0 (test for excess errors)
XPASS: gfortran.dg/large_real_kind_2.F90 -O1 (test for excess errors)
XPASS: gfortran.dg/large_real_kind_2.F90 -O2 (test for excess errors)
XPASS: gfortran.dg/large_real_kind_2.F90 -O3 -fomit-frame-pointer (test for excess errors)
XPASS: gfortran.dg/large_real_kind_2.F90 -O3 -fomit-frame-pointer -funroll-loops (test for excess errors)
XPASS: gfortran.dg/large_real_kind_2.F90 -O3 -fomit-frame-pointer -funroll-all-loops -finline-functions (test for excess errors)
XPASS: gfortran.dg/large_real_kind_2.F90 -O3 -g (test for excess errors)
XPASS: gfortran.dg/large_real_kind_2.F90 -Os (test for excess errors)
XPASS: gfortran.dg/large_real_kind_3.F90 -O0 (test for excess errors)
XPASS: gfortran.dg/large_real_kind_3.F90 -O1 (test for excess errors)
XPASS: gfortran.dg/large_real_kind_3.F90 -O2 (test for excess errors)
XPASS: gfortran.dg/large_real_kind_3.F90 -O3 -fomit-frame-pointer (test for excess errors)
XPASS: gfortran.dg/large_real_kind_3.F90 -O3 -fomit-frame-pointer -funroll-loops (test for excess errors)
XPASS: gfortran.dg/large_real_kind_3.F90 -O3 -fomit-frame-pointer -funroll-all-loops -finline-functions (test for excess errors)
XPASS: gfortran.dg/large_real_kind_3.F90 -O3 -g (test for excess errors)
XPASS: gfortran.dg/large_real_kind_3.F90 -Os (test for excess errors)
FAIL: gfortran.dg/pr46297.f -O3 -g (internal compiler error)
FAIL: gfortran.dg/pr46297.f -O3 -g (test for excess errors)
WARNING: gfortran.dg/pr46297.f -O3 -g compilation failed to produce executable
FAIL: gfortran.dg/pr47008.f03 -O3 -g (internal compiler error)
FAIL: gfortran.dg/pr47008.f03 -O3 -g (test for excess errors)
WARNING: gfortran.dg/pr47008.f03 -O3 -g compilation failed to produce executable
=== gfortran Summary ===
# of expected passes 38980
# of unexpected failures 10
# of unexpected successes 16
# of expected failures 41
# of unsupported tests 212
/scratch/tmp/gerald/OBJ-0724-1739/gcc/testsuite/gfortran/../../gfortran version 4.7.0 20110724 (experimental) (GCC)
=== objc tests ===
Running target unix
FAIL: objc/execute/exceptions/catchall-1.m compilation, -Os -fgnu-runtime (internal compiler error)
UNRESOLVED: objc/execute/exceptions/catchall-1.m execution, -Os -fgnu-runtime
FAIL: objc/execute/exceptions/foward-1.m compilation, -Os -fgnu-runtime (internal compiler error)
UNRESOLVED: objc/execute/exceptions/foward-1.m execution, -Os -fgnu-runtime
=== objc Summary ===
# of expected passes 2970
# of unexpected failures 2
# of expected failures 6
# of unresolved testcases 2
# of unsupported tests 74
/scratch/tmp/gerald/OBJ-0724-1739/gcc/xgcc version 4.7.0 20110724 (experimental) (GCC)
=== boehm-gc tests ===
Running target unix
=== boehm-gc Summary ===
# of expected passes 12
# of unsupported tests 1
=== libffi tests ===
Running target unix
FAIL: libffi.special/unwindtest.cc -shared-libgcc -lstdc++ (test for excess errors)
WARNING: libffi.special/unwindtest.cc -shared-libgcc -lstdc++ compilation failed to produce executable
FAIL: libffi.special/unwindtest_ffi_call.cc -shared-libgcc -lstdc++ (test for excess errors)
WARNING: libffi.special/unwindtest_ffi_call.cc -shared-libgcc -lstdc++ compilation failed to produce executable
=== libffi Summary ===
# of expected passes 1628
# of unexpected failures 2
# of expected failures 10
# of unsupported tests 15
=== libgomp tests ===
Running target unix
FAIL: libgomp.c++/for-3.C -Os (internal compiler error)
FAIL: libgomp.c++/for-3.C -Os (test for excess errors)
WARNING: libgomp.c++/for-3.C -Os compilation failed to produce executable
FAIL: libgomp.c++/for-4.C -Os (internal compiler error)
FAIL: libgomp.c++/for-4.C -Os (test for excess errors)
WARNING: libgomp.c++/for-4.C -Os compilation failed to produce executable
=== libgomp Summary ===
# of expected passes 2582
# of unexpected failures 4
# of unsupported tests 3
=== libjava tests ===
Running target unix
FAIL: Throw_2 execution - source compiled test
FAIL: Throw_2 -findirect-dispatch execution - source compiled test
FAIL: Throw_2 -O3 execution - source compiled test
FAIL: Throw_2 -O3 -findirect-dispatch execution - source compiled test
=== libjava Summary ===
# of expected passes 2566
# of unexpected failures 4
# of untested testcases 4
=== libmudflap tests ===
Running target unix
FAIL: libmudflap.c++/pass55-frag.cxx ( -O) execution test
=== libmudflap Summary ===
# of expected passes 1898
# of unexpected failures 1
=== libstdc++ tests ===
Running target unix
FAIL: 22_locale/locale/cons/12438.cc execution test
FAIL: 26_numerics/headers/cmath/c99_classification_macros_c.cc (test for excess errors)
FAIL: 27_io/objects/wchar_t/9662.cc execution test
=== libstdc++ Summary ===
# of expected passes 7542
# of unexpected failures 3
# of expected failures 44
# of unsupported tests 548
=== libstdc++ Summary ===
Compiler version: 4.7.0 20110724 (experimental) (GCC)
Platform: i386-unknown-freebsd9.0
configure flags: --prefix=/home/gerald/gcc-ref9-i386 --with-gmp=/home/gerald/9-i386 --with-libelf=/home/gerald/9-i386