This is the mail archive of the
gcc-testresults@gcc.gnu.org
mailing list for the GCC project.
Results for 4.7.0 20110704 (experimental) [trunk revision 175836] (GCC) testsuite on x86_64-apple-darwin10.8.0
- From: dominiq at lps dot ens dot fr (Dominique Dhumieres)
- To: gcc-testresults at gcc dot gnu dot org
- Date: Tue, 05 Jul 2011 16:16:25 +0200
- Subject: Results for 4.7.0 20110704 (experimental) [trunk revision 175836] (GCC) testsuite on x86_64-apple-darwin10.8.0
LAST_UPDATED: Updated Mon Jul 4 23:58:31 CEST 2011 to revision 175836.
Native configuration is x86_64-apple-darwin10.8.0
=== g++ tests ===
Running target unix/-m32
WARNING: g++.dg/ext/label13.C compilation failed to produce executable
FAIL: g++.dg/rtti/anon-ns1.C scan-assembler "*N[^"]+1AE"
=== g++ Summary for unix/-m32 ===
# of expected passes 27392
# of unexpected failures 1
# of expected failures 157
# of unsupported tests 178
Running target unix/-m64
WARNING: g++.dg/ext/label13.C compilation failed to produce executable
FAIL: g++.dg/rtti/anon-ns1.C scan-assembler "*N[^"]+1AE"
=== g++ Summary for unix/-m64 ===
# of expected passes 27625
# of unexpected failures 1
# of expected failures 157
# of unsupported tests 376
=== g++ Summary ===
# of expected passes 55017
# of unexpected failures 2
# of expected failures 314
# of unsupported tests 554
/opt/gcc/build_w/gcc/testsuite/g++/../../g++ version 4.7.0 20110704 (experimental) [trunk revision 175836] (GCC)
=== gcc tests ===
Running target unix/-m32
UNRESOLVED: gcc.dg/graphite/pr37485.c scan-tree-dump-times graphite "Loop blocked" 1
XPASS: gcc.dg/tree-ssa/20030807-7.c scan-tree-dump-times vrp1 "if " 1
FAIL: gcc.dg/tree-ssa/vrp47.c scan-tree-dump-times dom1 "x[^ ]* & y" 1
=== gcc Summary for unix/-m32 ===
# of expected passes 77486
# of unexpected failures 1
# of unexpected successes 1
# of expected failures 238
# of unresolved testcases 1
# of unsupported tests 1427
Running target unix/-m64
UNRESOLVED: gcc.dg/graphite/pr37485.c scan-tree-dump-times graphite "Loop blocked" 1
FAIL: gcc.dg/matrix/transpose-3.c execution, -fprofile-use -fipa-matrix-reorg -fdump-ipa-matrix-reorg -O3 -fwhole-program -fno-tree-fre
XPASS: gcc.dg/tree-ssa/20030807-7.c scan-tree-dump-times vrp1 "if " 1
FAIL: gcc.dg/tree-ssa/vrp47.c scan-tree-dump-times dom1 "x[^ ]* & y" 1
=== gcc Summary for unix/-m64 ===
# of expected passes 77640
# of unexpected failures 2
# of unexpected successes 1
# of expected failures 239
# of unresolved testcases 1
# of unsupported tests 1795
=== gcc Summary ===
# of expected passes 155126
# of unexpected failures 3
# of unexpected successes 2
# of expected failures 477
# of unresolved testcases 2
# of unsupported tests 3222
/opt/gcc/build_w/gcc/xgcc version 4.7.0 20110704 (experimental) [trunk revision 175836] (GCC)
=== gfortran tests ===
Running target unix/-m32
FAIL: gfortran.dg/coarray_lock_3.f90 -O (test for errors, line 72)
=== gfortran Summary for unix/-m32 ===
# of expected passes 39021
# of unexpected failures 1
# of expected failures 53
# of unsupported tests 209
Running target unix/-m64
FAIL: gfortran.dg/coarray_lock_3.f90 -O (test for errors, line 72)
=== gfortran Summary for unix/-m64 ===
# of expected passes 39308
# of unexpected failures 1
# of expected failures 53
# of unsupported tests 71
=== gfortran Summary ===
# of expected passes 78329
# of unexpected failures 2
# of expected failures 106
# of unsupported tests 280
/opt/gcc/build_w/gcc/testsuite/gfortran/../../gfortran version 4.7.0 20110704 (experimental) [trunk revision 175836] (GCC)
=== obj-c++ tests ===
Running target unix/-m32
=== obj-c++ Summary for unix/-m32 ===
# of expected passes 3151
# of expected failures 2
# of unsupported tests 68
Running target unix/-m64
=== obj-c++ Summary for unix/-m64 ===
# of expected passes 3101
# of expected failures 19
# of unsupported tests 73
=== obj-c++ Summary ===
# of expected passes 6252
# of expected failures 21
# of unsupported tests 141
/opt/gcc/build_w/gcc/testsuite/obj-c++/../../g++ version 4.7.0 20110704 (experimental) [trunk revision 175836] (GCC)
=== objc tests ===
Running target unix/-m32
=== objc Summary for unix/-m32 ===
# of expected passes 6071
# of expected failures 6
# of unsupported tests 85
Running target unix/-m64
=== objc Summary for unix/-m64 ===
# of expected passes 6023
# of expected failures 14
# of unsupported tests 91
=== objc Summary ===
# of expected passes 12094
# of expected failures 20
# of unsupported tests 176
/opt/gcc/build_w/gcc/xgcc version 4.7.0 20110704 (experimental) [trunk revision 175836] (GCC)
=== boehm-gc tests ===
Running target unix/-m32
=== boehm-gc Summary for unix/-m32 ===
# of expected passes 12
# of unsupported tests 1
Running target unix/-m64
=== boehm-gc Summary for unix/-m64 ===
# of expected passes 12
# of unsupported tests 1
=== boehm-gc Summary ===
# of expected passes 24
# of unsupported tests 2
=== libffi tests ===
Running target unix/-m32
=== libffi Summary for unix/-m32 ===
# of expected passes 1634
# of expected failures 10
# of unsupported tests 15
Running target unix/-m64
=== libffi Summary for unix/-m64 ===
# of expected passes 1634
# of expected failures 10
# of unsupported tests 15
=== libffi Summary ===
# of expected passes 3268
# of expected failures 20
# of unsupported tests 30
=== libgomp tests ===
Running target unix/-m32
=== libgomp Summary for unix/-m32 ===
# of expected passes 2632
# of unsupported tests 3
Running target unix/-m64
=== libgomp Summary for unix/-m64 ===
# of expected passes 2632
# of unsupported tests 3
=== libgomp Summary ===
# of expected passes 5264
# of unsupported tests 6
=== libjava tests ===
Running target unix/-m32
FAIL: PR16923.c compilation
=== libjava Summary for unix/-m32 ===
# of expected passes 2572
# of unexpected failures 1
Running target unix/-m64
=== libjava Summary for unix/-m64 ===
# of expected passes 2574
=== libjava Summary ===
# of expected passes 5146
# of unexpected failures 1
=== libstdc++ tests ===
Running target unix/-m32
=== libstdc++ Summary for unix/-m32 ===
# of expected passes 7184
# of expected failures 45
# of unsupported tests 705
Running target unix/-m64
=== libstdc++ Summary for unix/-m64 ===
# of expected passes 7182
# of expected failures 45
# of unsupported tests 706
=== libstdc++ Summary ===
# of expected passes 14366
# of expected failures 90
# of unsupported tests 1411
Compiler version: 4.7.0 20110704 (experimental) [trunk revision 175836] (GCC)
Platform: x86_64-apple-darwin10.8.0
configure flags: --prefix=/opt/gcc/gcc4.7w --enable-languages=c,c++,fortran,objc,obj-c++,java,lto --with-gmp=/opt/sw64 --with-libiconv-prefix=/opt/sw64 --with-system-zlib --with-cloog=/opt/sw64 --enable-cloog-backend=isl --enable-lto