This is the mail archive of the
gcc-testresults@gcc.gnu.org
mailing list for the GCC project.
Results for 4.6.1 (GCC) testsuite on hppa2.0w-hp-hpux11.00
- From: John David Anglin <dave at hiauly2 dot hia dot nrc dot ca>
- To: dave at hiauly2 dot hia dot nrc dot ca, gcc-testresults at gcc dot gnu dot org
- Date: Sat, 2 Jul 2011 11:38:12 -0400 (EDT)
- Subject: Results for 4.6.1 (GCC) testsuite on hppa2.0w-hp-hpux11.00
=== acats tests ===
=== acats Summary ===
# of expected passes 2321
# of unexpected failures 0
Native configuration is hppa2.0w-hp-hpux11.00
=== g++ tests ===
Running target unix
FAIL: g++.dg/cpp0x/lambda/lambda-eh2.C execution test
WARNING: g++.dg/ext/label13.C compilation failed to produce executable
WARNING: program timed out.
=== g++ Summary ===
# of expected passes 23388
# of unexpected failures 1
# of expected failures 165
# of unsupported tests 588
/home/gnu/gcc/objdir/gcc/testsuite/g++/../../g++ version 4.6.1 (GCC)
=== gcc tests ===
Running target unix
WARNING: program timed out.
FAIL: gcc.dg/ipa/pr48195.c (test for excess errors)
=== gcc Summary ===
# of expected passes 55962
# of unexpected failures 1
# of expected failures 132
# of unsupported tests 1166
/home/gnu/gcc/objdir/gcc/xgcc version 4.6.1 (GCC)
=== gfortran tests ===
Running target unix
FAIL: gfortran.dg/pr45636.f90 -O scan-tree-dump-times forwprop2 "memset" 0
=== gfortran Summary ===
# of expected passes 37232
# of unexpected failures 1
# of expected failures 41
# of unsupported tests 383
/home/gnu/gcc/objdir/gcc/testsuite/gfortran/../../gfortran version 4.6.1 (GCC)
=== gnat tests ===
Running target unix
=== gnat Summary ===
# of expected passes 870
# of expected failures 10
# of unsupported tests 3
/home/gnu/gcc/objdir/gcc/gnatmake version 4.6.1
=== obj-c++ tests ===
Running target unix
=== obj-c++ Summary ===
# of expected passes 1344
# of expected failures 2
# of unsupported tests 69
/home/gnu/gcc/objdir/gcc/testsuite/obj-c++/../../g++ version 4.6.1 (GCC)
=== objc tests ===
Running target unix
=== objc Summary ===
# of expected passes 2844
# of expected failures 8
# of unsupported tests 65
/home/gnu/gcc/objdir/gcc/xgcc version 4.6.1 (GCC)
=== libffi tests ===
Running target unix
=== libffi Summary ===
# of expected passes 1634
# of expected failures 10
# of unsupported tests 15
=== libgomp tests ===
Running target unix
=== libgomp Summary ===
# of expected passes 2572
# of unsupported tests 10
=== libjava tests ===
Running target unix
FAIL: LargeFile execution - source compiled test
FAIL: LargeFile -findirect-dispatch execution - source compiled test
FAIL: LargeFile -O3 execution - source compiled test
FAIL: LargeFile -O3 -findirect-dispatch execution - source compiled test
=== libjava Summary ===
# of expected passes 2566
# of unexpected failures 4
# of untested testcases 4
=== libstdc++ tests ===
Running target unix
WARNING: program timed out.
FAIL: 23_containers/vector/bool/modifiers/insert/31370.cc execution test
=== libstdc++ Summary ===
# of expected passes 5916
# of unexpected failures 1
# of expected failures 81
# of unsupported tests 581
Compiler version: 4.6.1 (GCC)
Platform: hppa2.0w-hp-hpux11.00
configure flags:Test Run By dave on Thu Jun 30 13:11:44 EDT 2011