This is the mail archive of the
gcc-testresults@gcc.gnu.org
mailing list for the GCC project.
Results for 4.7.0 20110701 (experimental) [trunk revision 175759] (GCC) testsuite on i686-apple-darwin9
- From: John David Anglin <dave dot anglin at bell dot net>
- To: dave dot anglin at bell dot net, gcc-testresults at gcc dot gnu dot org
- Date: Sat, 2 Jul 2011 11:22:37 -0400
- Subject: Results for 4.7.0 20110701 (experimental) [trunk revision 175759] (GCC) testsuite on i686-apple-darwin9
LAST_UPDATED: Fri Jul 1 15:07:02 UTC 2011 (revision 175759)
=== acats tests ===
=== acats Summary ===
# of expected passes 2321
# of unexpected failures 0
Native configuration is i686-apple-darwin9
=== g++ tests ===
Running target unix
WARNING: Could not compile g++.dg/compat/struct-layout-1 generator
WARNING: g++.dg/ext/label13.C compilation failed to produce executable
FAIL: g++.dg/rtti/anon-ns1.C scan-assembler "*N[^"]+1AE"
=== g++ Summary ===
# of expected passes 27206
# of unexpected failures 1
# of expected failures 157
# of unsupported tests 182
/Users/dave/gnu/gcc/objdir/gcc/testsuite/g++/../../g++ version 4.7.0 20110701 (experimental) [trunk revision 175759] (GCC)
=== gcc tests ===
Running target unix
WARNING: Could not compile gcc.dg/compat/struct-layout-1 generator
XPASS: gcc.dg/tree-ssa/20030807-7.c scan-tree-dump-times vrp1 "if " 1
FAIL: gcc.dg/tree-ssa/vrp47.c scan-tree-dump-times dom1 "x[^ ]* & y" 1
=== gcc Summary ===
# of expected passes 77067
# of unexpected failures 1
# of unexpected successes 1
# of expected failures 236
# of unsupported tests 1437
/Users/dave/gnu/gcc/objdir/gcc/xgcc version 4.7.0 20110701 (experimental) [trunk revision 175759] (GCC)
=== gfortran tests ===
Running target unix
FAIL: gfortran.dg/coarray_lock_3.f90 -O (test for errors, line 72)
=== gfortran Summary ===
# of expected passes 38880
# of unexpected failures 1
# of expected failures 49
# of unsupported tests 213
/Users/dave/gnu/gcc/objdir/gcc/testsuite/gfortran/../../gfortran version 4.7.0 20110701 (experimental) [trunk revision 175759] (GCC)
=== gnat tests ===
Running target unix
=== gnat Summary ===
# of expected passes 911
# of expected failures 11
# of unsupported tests 3
/Users/dave/gnu/gcc/objdir/gcc/gnatmake version 4.7.0 20110701 (experimental) [trunk revision 175759]
=== obj-c++ tests ===
Running target unix
=== obj-c++ Summary ===
# of expected passes 3151
# of expected failures 2
# of unsupported tests 68
/Users/dave/gnu/gcc/objdir/gcc/testsuite/obj-c++/../../g++ version 4.7.0 20110701 (experimental) [trunk revision 175759] (GCC)
=== objc tests ===
Running target unix
WARNING: Could not compile objc.dg/gnu-encoding/struct-layout-encoding-1 generator
=== objc Summary ===
# of expected passes 6015
# of unsupported tests 85
/Users/dave/gnu/gcc/objdir/gcc/xgcc version 4.7.0 20110701 (experimental) [trunk revision 175759] (GCC)
=== boehm-gc tests ===
Running target unix
=== boehm-gc Summary ===
# of expected passes 12
# of unsupported tests 1
=== libffi tests ===
Running target unix
=== libffi Summary ===
# of expected passes 1634
# of expected failures 10
# of unsupported tests 15
=== libgomp tests ===
Running target unix
=== libgomp Summary ===
# of expected passes 2586
# of unsupported tests 3
=== libjava tests ===
Running target unix
=== libjava Summary ===
# of expected passes 2574
=== libstdc++ tests ===
Running target unix
FAIL: ext/mt_allocator/deallocate_global_thread-1.cc execution test
FAIL: ext/mt_allocator/deallocate_global_thread-3.cc execution test
=== libstdc++ Summary ===
# of expected passes 7198
# of unexpected failures 2
# of expected failures 45
# of unsupported tests 697
Compiler version: 4.7.0 20110701 (experimental) [trunk revision 175759] (GCC)
Platform: i686-apple-darwin9
configure flags: --build=i686-apple-darwin9 --host=i686-apple-darwin9 --target=i686-apple-darwin9 --with-tune=generic --prefix=/opt/gnu/gcc/gcc-4.7.0 --with-gmp=/opt/gnu/gcc/gcc-4.7.0 --enable-debug=no --disable-nls --disable-multilib --enable-languages=c,c++,objc,fortran,obj-c++,java,ada --enable-threads=posix --enable-__cxa_atexit --enable-java-gc=boehm