This is the mail archive of the
gcc-testresults@gcc.gnu.org
mailing list for the GCC project.
Results for 4.7.0 20110628 (experimental) [trunk revision 175572] (GCC) testsuite on powerpc64-unknown-linux-gnu
- From: Pat Haugen <pthaugen at us dot ibm dot com>
- To: gcc-testresults at gcc dot gnu dot org
- Date: Tue, 28 Jun 2011 06:19:06 -0700
- Subject: Results for 4.7.0 20110628 (experimental) [trunk revision 175572] (GCC) testsuite on powerpc64-unknown-linux-gnu
Linux 2.6.16.46-0.4-ppc64 ppc64
GNU C Library development release version 2.4 (20070330)
GNU ld (GNU Binutils) 2.21.0.20110412
GNU assembler (GNU Binutils) 2.21.0.20110412
GNU Make 3.80
DejaGnu:
Expect version is 5.43.0
Tcl version is 8.4
Framework version is 1.4.4
32-bit biarch default32
LAST_UPDATED: Tue Jun 28 01:06:53 UTC 2011 (revision 175572)
Native configuration is powerpc64-unknown-linux-gnu
=== gcc tests ===
Running target unix/-m32
FAIL: gcc.c-torture/execute/builtins/strstr-asm.c execution, -O2 -flto -flto-partition=none
FAIL: gcc.c-torture/execute/builtins/strstr-asm.c execution, -O2 -flto
FAIL: gcc.dg/and-1.c scan-assembler-not nand
FAIL: gcc.dg/binop-xor1.c scan-tree-dump-times optimized "<bb[^>]*>" 5
FAIL: gcc.dg/binop-xor1.c scan-tree-dump-times optimized "\\^" 1
FAIL: gcc.dg/binop-xor3.c scan-tree-dump-times optimized "<bb[^>]*>" 1
FAIL: gcc.dg/binop-xor3.c scan-tree-dump-times optimized "\\^" 1
FAIL: gcc.dg/cproj-fails-with-broken-glibc.c execution test
XPASS: gcc.dg/inline_1.c (test for excess errors)
XPASS: gcc.dg/inline_2.c (test for excess errors)
FAIL: gcc.dg/sms-2.c scan-rtl-dump-times sms "SMS succeeded" 1
FAIL: gcc.dg/sms-4.c scan-rtl-dump-times sms "SMS succeeded" 1
FAIL: gcc.dg/sms-5.c scan-rtl-dump-times sms "SMS succeeded" 1
FAIL: gcc.dg/sms-6.c scan-rtl-dump-times sms "SMS succeeded" 3
FAIL: gcc.dg/sms-7.c scan-rtl-dump-times sms "SMS succeeded" 3
FAIL: gcc.dg/sms-8.c scan-rtl-dump-times sms "SMS succeeded" 1
FAIL: gcc.dg/uninit-pred-8_b.c bogus warning (test for bogus messages, line 20)
XPASS: gcc.dg/unroll_1.c (test for excess errors)
FAIL: gcc.dg/graphite/id-pr46845.c (test for excess errors)
UNRESOLVED: gcc.dg/graphite/pr37485.c scan-tree-dump-times graphite "Loop blocked" 1
FAIL: gcc.dg/lto/20110201-1 c_lto_20110201-1_0.o-c_lto_20110201-1_0.o link, -O0 -flto
UNRESOLVED: gcc.dg/lto/20110201-1 c_lto_20110201-1_0.o-c_lto_20110201-1_0.o execute -O0 -flto
FAIL: gcc.dg/torture/pr43560.c -O2 -flto -flto-partition=none execution test
FAIL: gcc.dg/torture/pr43560.c -O2 -flto execution test
FAIL: gcc.dg/torture/tls/run-gd.c -O2 -flto -flto-partition=none (test for excess errors)
WARNING: gcc.dg/torture/tls/run-gd.c -O2 -flto -flto-partition=none compilation failed to produce executable
FAIL: gcc.dg/torture/tls/run-gd.c -O2 -flto (test for excess errors)
WARNING: gcc.dg/torture/tls/run-gd.c -O2 -flto compilation failed to produce executable
FAIL: gcc.dg/torture/tls/run-ie.c -O2 -flto -flto-partition=none (test for excess errors)
WARNING: gcc.dg/torture/tls/run-ie.c -O2 -flto -flto-partition=none compilation failed to produce executable
FAIL: gcc.dg/torture/tls/run-ie.c -O2 -flto (test for excess errors)
WARNING: gcc.dg/torture/tls/run-ie.c -O2 -flto compilation failed to produce executable
FAIL: gcc.dg/torture/tls/run-ld.c -O2 -flto -flto-partition=none (test for excess errors)
WARNING: gcc.dg/torture/tls/run-ld.c -O2 -flto -flto-partition=none compilation failed to produce executable
FAIL: gcc.dg/torture/tls/run-ld.c -O2 -flto (test for excess errors)
WARNING: gcc.dg/torture/tls/run-ld.c -O2 -flto compilation failed to produce executable
FAIL: gcc.dg/torture/tls/run-le.c -O2 -flto -flto-partition=none (test for excess errors)
WARNING: gcc.dg/torture/tls/run-le.c -O2 -flto -flto-partition=none compilation failed to produce executable
FAIL: gcc.dg/torture/tls/run-le.c -O2 -flto (test for excess errors)
WARNING: gcc.dg/torture/tls/run-le.c -O2 -flto compilation failed to produce executable
FAIL: gcc.dg/torture/tls/tls-test.c -O2 -flto -flto-partition=none (test for excess errors)
WARNING: gcc.dg/torture/tls/tls-test.c -O2 -flto -flto-partition=none compilation failed to produce executable
FAIL: gcc.dg/torture/tls/tls-test.c -O2 -flto (test for excess errors)
WARNING: gcc.dg/torture/tls/tls-test.c -O2 -flto compilation failed to produce executable
XPASS: gcc.dg/tree-ssa/20030807-7.c scan-tree-dump-times vrp1 "if " 1
FAIL: gcc.dg/tree-ssa/ssa-dom-thread-4.c scan-tree-dump-times dom1 "Threaded" 3
FAIL: gcc.dg/tree-ssa/vrp47.c scan-tree-dump-times vrp1 "[xy][^ ]* !=" 0
FAIL: gcc.dg/tree-ssa/vrp47.c scan-tree-dump-times dom1 "x[^ ]* & y" 1
FAIL: gcc.dg/vect/vect-outer-5.c -flto execution test
FAIL: gcc.dg/vect/vect-reduc-2char.c -flto execution test
FAIL: gcc.dg/vect/vect-reduc-2short.c -flto execution test
FAIL: gcc.dg/vmx/gcc-bug-i.c -O0 (test for excess errors)
FAIL: gcc.dg/vmx/gcc-bug-i.c -O1 (test for excess errors)
FAIL: gcc.dg/vmx/gcc-bug-i.c -O2 (test for excess errors)
FAIL: gcc.dg/vmx/gcc-bug-i.c -O3 -fomit-frame-pointer (test for excess errors)
FAIL: gcc.dg/vmx/gcc-bug-i.c -O3 -fomit-frame-pointer -funroll-loops (test for excess errors)
FAIL: gcc.dg/vmx/gcc-bug-i.c -O3 -fomit-frame-pointer -funroll-all-loops -finline-functions (test for excess errors)
FAIL: gcc.dg/vmx/gcc-bug-i.c -O3 -g (test for excess errors)
FAIL: gcc.dg/vmx/gcc-bug-i.c -Os (test for excess errors)
FAIL: gcc.dg/vmx/gcc-bug-i.c -O2 -flto -flto-partition=none (test for excess errors)
FAIL: gcc.dg/vmx/gcc-bug-i.c -O2 -flto (test for excess errors)
FAIL: gcc.target/powerpc/405-dlmzb-strlen-1.c scan-assembler dlmzb\\\\.
FAIL: gcc.target/powerpc/440-dlmzb-strlen-1.c scan-assembler dlmzb\\\\.
FAIL: gcc.target/powerpc/ppc-vector-memcpy.c scan-assembler lvx
=== gcc Summary for unix/-m32 ===
# of expected passes 76380
# of unexpected failures 48
# of unexpected successes 4
# of expected failures 205
# of unresolved testcases 2
# of unsupported tests 1042
Running target unix/-m64
FAIL: gcc.c-torture/execute/builtins/strstr-asm.c execution, -O2 -flto -flto-partition=none
FAIL: gcc.c-torture/execute/builtins/strstr-asm.c execution, -O2 -flto
FAIL: gcc.dg/and-1.c scan-assembler-not nand
FAIL: gcc.dg/binop-xor1.c scan-tree-dump-times optimized "<bb[^>]*>" 5
FAIL: gcc.dg/binop-xor1.c scan-tree-dump-times optimized "\\^" 1
FAIL: gcc.dg/binop-xor3.c scan-tree-dump-times optimized "<bb[^>]*>" 1
FAIL: gcc.dg/binop-xor3.c scan-tree-dump-times optimized "\\^" 1
FAIL: gcc.dg/cproj-fails-with-broken-glibc.c execution test
XPASS: gcc.dg/inline_1.c (test for excess errors)
XPASS: gcc.dg/inline_2.c (test for excess errors)
FAIL: gcc.dg/pr44194-1.c scan-rtl-dump dse1 "global deletions = 2"
FAIL: gcc.dg/sms-2.c scan-rtl-dump-times sms "SMS succeeded" 1
FAIL: gcc.dg/sms-5.c scan-rtl-dump-times sms "SMS succeeded" 1
FAIL: gcc.dg/sms-6.c scan-rtl-dump-times sms "SMS succeeded" 3
FAIL: gcc.dg/sms-7.c scan-rtl-dump-times sms "SMS succeeded" 3
FAIL: gcc.dg/sms-8.c scan-rtl-dump-times sms "SMS succeeded" 1
FAIL: gcc.dg/uninit-pred-8_b.c bogus warning (test for bogus messages, line 20)
XPASS: gcc.dg/unroll_1.c (test for excess errors)
FAIL: gcc.dg/graphite/id-pr46845.c (test for excess errors)
UNRESOLVED: gcc.dg/graphite/pr37485.c scan-tree-dump-times graphite "Loop blocked" 1
FAIL: gcc.dg/lto/20090116 c_lto_20090116_0.o-c_lto_20090116_0.o link, -O1 -flto -flto-partition=1to1 -fPIC (internal compiler error)
UNRESOLVED: gcc.dg/lto/20090116 c_lto_20090116_0.o-c_lto_20090116_0.o execute -O1 -flto -flto-partition=1to1 -fPIC
FAIL: gcc.dg/lto/20110201-1 c_lto_20110201-1_0.o-c_lto_20110201-1_0.o link, -O0 -flto
UNRESOLVED: gcc.dg/lto/20110201-1 c_lto_20110201-1_0.o-c_lto_20110201-1_0.o execute -O0 -flto
FAIL: gcc.dg/torture/tls/run-gd.c -O2 -flto -flto-partition=none (test for excess errors)
WARNING: gcc.dg/torture/tls/run-gd.c -O2 -flto -flto-partition=none compilation failed to produce executable
FAIL: gcc.dg/torture/tls/run-gd.c -O2 -flto (test for excess errors)
WARNING: gcc.dg/torture/tls/run-gd.c -O2 -flto compilation failed to produce executable
FAIL: gcc.dg/torture/tls/run-ie.c -O2 -flto -flto-partition=none (test for excess errors)
WARNING: gcc.dg/torture/tls/run-ie.c -O2 -flto -flto-partition=none compilation failed to produce executable
FAIL: gcc.dg/torture/tls/run-ie.c -O2 -flto (test for excess errors)
WARNING: gcc.dg/torture/tls/run-ie.c -O2 -flto compilation failed to produce executable
FAIL: gcc.dg/torture/tls/run-ld.c -O2 -flto -flto-partition=none (test for excess errors)
WARNING: gcc.dg/torture/tls/run-ld.c -O2 -flto -flto-partition=none compilation failed to produce executable
FAIL: gcc.dg/torture/tls/run-ld.c -O2 -flto (test for excess errors)
WARNING: gcc.dg/torture/tls/run-ld.c -O2 -flto compilation failed to produce executable
FAIL: gcc.dg/torture/tls/run-le.c -O2 -flto -flto-partition=none (test for excess errors)
WARNING: gcc.dg/torture/tls/run-le.c -O2 -flto -flto-partition=none compilation failed to produce executable
FAIL: gcc.dg/torture/tls/run-le.c -O2 -flto (test for excess errors)
WARNING: gcc.dg/torture/tls/run-le.c -O2 -flto compilation failed to produce executable
FAIL: gcc.dg/torture/tls/tls-test.c -O2 -flto -flto-partition=none (test for excess errors)
WARNING: gcc.dg/torture/tls/tls-test.c -O2 -flto -flto-partition=none compilation failed to produce executable
FAIL: gcc.dg/torture/tls/tls-test.c -O2 -flto (test for excess errors)
WARNING: gcc.dg/torture/tls/tls-test.c -O2 -flto compilation failed to produce executable
XPASS: gcc.dg/tree-ssa/20030807-7.c scan-tree-dump-times vrp1 "if " 1
FAIL: gcc.dg/tree-ssa/ssa-dom-thread-4.c scan-tree-dump-times dom1 "Threaded" 3
FAIL: gcc.dg/tree-ssa/vrp47.c scan-tree-dump-times vrp1 "[xy][^ ]* !=" 0
FAIL: gcc.dg/tree-ssa/vrp47.c scan-tree-dump-times dom1 "x[^ ]* & y" 1
FAIL: gcc.dg/vect/pr45752.c -flto execution test
FAIL: gcc.dg/vect/vect-reduc-2short.c -flto execution test
FAIL: gcc.dg/vect/vect-reduc-6.c -flto execution test
FAIL: gcc.dg/vect/slp-perm-1.c -flto execution test
FAIL: gcc.dg/vect/slp-perm-2.c -flto execution test
FAIL: gcc.dg/vect/slp-perm-3.c -flto execution test
FAIL: gcc.dg/vect/slp-perm-4.c -flto execution test
FAIL: gcc.dg/vect/slp-perm-5.c -flto execution test
FAIL: gcc.dg/vect/slp-perm-6.c -flto execution test
FAIL: gcc.dg/vect/slp-perm-7.c -flto execution test
FAIL: gcc.dg/vmx/gcc-bug-i.c -O0 (test for excess errors)
FAIL: gcc.dg/vmx/gcc-bug-i.c -O1 (test for excess errors)
FAIL: gcc.dg/vmx/gcc-bug-i.c -O2 (test for excess errors)
FAIL: gcc.dg/vmx/gcc-bug-i.c -O3 -fomit-frame-pointer (test for excess errors)
FAIL: gcc.dg/vmx/gcc-bug-i.c -O3 -fomit-frame-pointer -funroll-loops (test for excess errors)
FAIL: gcc.dg/vmx/gcc-bug-i.c -O3 -fomit-frame-pointer -funroll-all-loops -finline-functions (test for excess errors)
FAIL: gcc.dg/vmx/gcc-bug-i.c -O3 -g (test for excess errors)
FAIL: gcc.dg/vmx/gcc-bug-i.c -Os (test for excess errors)
FAIL: gcc.dg/vmx/gcc-bug-i.c -O2 -flto -flto-partition=none (test for excess errors)
FAIL: gcc.dg/vmx/gcc-bug-i.c -O2 -flto (test for excess errors)
FAIL: gcc.target/powerpc/ppc-vector-memcpy.c scan-assembler lvx
=== gcc Summary for unix/-m64 ===
# of expected passes 76973
# of unexpected failures 52
# of unexpected successes 4
# of expected failures 216
# of unresolved testcases 3
# of unsupported tests 1089
=== gcc Summary ===
# of expected passes 153353
# of unexpected failures 100
# of unexpected successes 8
# of expected failures 421
# of unresolved testcases 5
# of unsupported tests 2131
/home/gccbuild/build/nightly/build-gcc-trunk/gcc/xgcc version 4.7.0 20110628 (experimental) [trunk revision 175572] (GCC)
=== gfortran tests ===
Running target unix/-m32
FAIL: gfortran.dg/coarray_lock_3.f90 -O (test for errors, line 72)
XPASS: gfortran.dg/default_format_denormal_2.f90 -O0 execution test
XPASS: gfortran.dg/default_format_denormal_2.f90 -O1 execution test
XPASS: gfortran.dg/default_format_denormal_2.f90 -O2 execution test
XPASS: gfortran.dg/default_format_denormal_2.f90 -O3 -fomit-frame-pointer execution test
XPASS: gfortran.dg/default_format_denormal_2.f90 -O3 -fomit-frame-pointer -funroll-loops execution test
XPASS: gfortran.dg/default_format_denormal_2.f90 -O3 -fomit-frame-pointer -funroll-all-loops -finline-functions execution test
XPASS: gfortran.dg/default_format_denormal_2.f90 -O3 -g execution test
XPASS: gfortran.dg/default_format_denormal_2.f90 -Os execution test
=== gfortran Summary for unix/-m32 ===
# of expected passes 38984
# of unexpected failures 1
# of unexpected successes 8
# of expected failures 70
# of unsupported tests 226
Running target unix/-m64
FAIL: gfortran.dg/coarray_lock_3.f90 -O (test for errors, line 72)
XPASS: gfortran.dg/default_format_denormal_2.f90 -O0 execution test
XPASS: gfortran.dg/default_format_denormal_2.f90 -O1 execution test
XPASS: gfortran.dg/default_format_denormal_2.f90 -O2 execution test
XPASS: gfortran.dg/default_format_denormal_2.f90 -O3 -fomit-frame-pointer execution test
XPASS: gfortran.dg/default_format_denormal_2.f90 -O3 -fomit-frame-pointer -funroll-loops execution test
XPASS: gfortran.dg/default_format_denormal_2.f90 -O3 -fomit-frame-pointer -funroll-all-loops -finline-functions execution test
XPASS: gfortran.dg/default_format_denormal_2.f90 -O3 -g execution test
XPASS: gfortran.dg/default_format_denormal_2.f90 -Os execution test
=== gfortran Summary for unix/-m64 ===
# of expected passes 39297
# of unexpected failures 1
# of unexpected successes 8
# of expected failures 70
# of unsupported tests 79
=== gfortran Summary ===
# of expected passes 78281
# of unexpected failures 2
# of unexpected successes 16
# of expected failures 140
# of unsupported tests 305
/home/gccbuild/build/nightly/build-gcc-trunk/gcc/testsuite/gfortran/../../gfortran version 4.7.0 20110628 (experimental) [trunk revision 175572] (GCC)
=== g++ tests ===
Running target unix/-m32
FAIL: g++.dg/cpp0x/constexpr-ptrmem.C (test for excess errors)
FAIL: g++.dg/ext/altivec-17.C (test for errors, line 15)
FAIL: g++.dg/ext/altivec-17.C (test for excess errors)
FAIL: g++.dg/tree-ssa/fwprop-align.C scan-tree-dump-times forwprop2 "& 1" 0
FAIL: g++.dg/torture/pr42462.C -O2 -flto -flto-partition=none execution test
FAIL: g++.dg/torture/pr42462.C -O2 -flto execution test
FAIL: g++.dg/torture/pr46287.C -O2 -flto -flto-partition=none execution test
FAIL: g++.dg/torture/pr46287.C -O2 -flto execution test
FAIL: g++.dg/torture/pr49115.C -O2 -flto -flto-partition=none execution test
FAIL: g++.dg/torture/pr49115.C -O2 -flto execution test
FAIL: g++.dg/torture/stackalign/eh-alloca-1.C -O2 -flto -flto-partition=none execution test
FAIL: g++.dg/torture/stackalign/eh-alloca-1.C -O2 -flto execution test
FAIL: g++.dg/torture/stackalign/eh-global-1.C -O2 -flto -flto-partition=none execution test
FAIL: g++.dg/torture/stackalign/eh-global-1.C -O2 -flto execution test
FAIL: g++.dg/torture/stackalign/eh-inline-1.C -O2 -flto -flto-partition=none execution test
FAIL: g++.dg/torture/stackalign/eh-inline-1.C -O2 -flto execution test
FAIL: g++.dg/torture/stackalign/eh-inline-2.C -O2 -flto -flto-partition=none execution test
FAIL: g++.dg/torture/stackalign/eh-inline-2.C -O2 -flto execution test
FAIL: g++.dg/torture/stackalign/eh-vararg-1.C -O2 -flto -flto-partition=none execution test
FAIL: g++.dg/torture/stackalign/eh-vararg-1.C -O2 -flto execution test
FAIL: g++.dg/torture/stackalign/eh-vararg-2.C -O2 -flto -flto-partition=none execution test
FAIL: g++.dg/torture/stackalign/eh-vararg-2.C -O2 -flto execution test
FAIL: g++.dg/torture/stackalign/eh-alloca-1.C -O2 -flto -flto-partition=none execution test
FAIL: g++.dg/torture/stackalign/eh-alloca-1.C -O2 -flto execution test
FAIL: g++.dg/torture/stackalign/eh-global-1.C -O2 -flto -flto-partition=none execution test
FAIL: g++.dg/torture/stackalign/eh-global-1.C -O2 -flto execution test
FAIL: g++.dg/torture/stackalign/eh-inline-1.C -O2 -flto -flto-partition=none execution test
FAIL: g++.dg/torture/stackalign/eh-inline-1.C -O2 -flto execution test
FAIL: g++.dg/torture/stackalign/eh-inline-2.C -O2 -flto -flto-partition=none execution test
FAIL: g++.dg/torture/stackalign/eh-inline-2.C -O2 -flto execution test
FAIL: g++.dg/torture/stackalign/eh-vararg-1.C -O2 -flto -flto-partition=none execution test
FAIL: g++.dg/torture/stackalign/eh-vararg-1.C -O2 -flto execution test
FAIL: g++.dg/torture/stackalign/eh-vararg-2.C -O2 -flto -flto-partition=none execution test
FAIL: g++.dg/torture/stackalign/eh-vararg-2.C -O2 -flto execution test
=== g++ Summary for unix/-m32 ===
# of expected passes 27259
# of unexpected failures 34
# of expected failures 157
# of unsupported tests 364
Running target unix/-m64
FAIL: g++.dg/cpp0x/constexpr-ptrmem.C (test for excess errors)
FAIL: g++.dg/ext/altivec-17.C (test for errors, line 15)
FAIL: g++.dg/ext/altivec-17.C (test for excess errors)
FAIL: g++.dg/tree-ssa/fwprop-align.C scan-tree-dump-times forwprop2 "& 1" 0
FAIL: g++.dg/torture/pr42462.C -O2 -flto -flto-partition=none execution test
FAIL: g++.dg/torture/pr42462.C -O2 -flto execution test
FAIL: g++.dg/torture/pr46287.C -O2 -flto -flto-partition=none execution test
FAIL: g++.dg/torture/pr46287.C -O2 -flto execution test
FAIL: g++.dg/torture/pr49115.C -O2 -flto -flto-partition=none execution test
FAIL: g++.dg/torture/pr49115.C -O2 -flto execution test
FAIL: g++.dg/torture/stackalign/eh-alloca-1.C -O2 -flto -flto-partition=none execution test
FAIL: g++.dg/torture/stackalign/eh-alloca-1.C -O2 -flto execution test
FAIL: g++.dg/torture/stackalign/eh-global-1.C -O2 -flto -flto-partition=none execution test
FAIL: g++.dg/torture/stackalign/eh-global-1.C -O2 -flto execution test
FAIL: g++.dg/torture/stackalign/eh-inline-1.C -O2 -flto -flto-partition=none execution test
FAIL: g++.dg/torture/stackalign/eh-inline-1.C -O2 -flto execution test
FAIL: g++.dg/torture/stackalign/eh-inline-2.C -O2 -flto -flto-partition=none execution test
FAIL: g++.dg/torture/stackalign/eh-inline-2.C -O2 -flto execution test
FAIL: g++.dg/torture/stackalign/eh-vararg-1.C -O2 -flto -flto-partition=none execution test
FAIL: g++.dg/torture/stackalign/eh-vararg-1.C -O2 -flto execution test
FAIL: g++.dg/torture/stackalign/eh-vararg-2.C -O2 -flto -flto-partition=none execution test
FAIL: g++.dg/torture/stackalign/eh-vararg-2.C -O2 -flto execution test
FAIL: g++.dg/torture/stackalign/eh-alloca-1.C -O2 -flto -flto-partition=none execution test
FAIL: g++.dg/torture/stackalign/eh-alloca-1.C -O2 -flto execution test
FAIL: g++.dg/torture/stackalign/eh-global-1.C -O2 -flto -flto-partition=none execution test
FAIL: g++.dg/torture/stackalign/eh-global-1.C -O2 -flto execution test
FAIL: g++.dg/torture/stackalign/eh-inline-1.C -O2 -flto -flto-partition=none execution test
FAIL: g++.dg/torture/stackalign/eh-inline-1.C -O2 -flto execution test
FAIL: g++.dg/torture/stackalign/eh-inline-2.C -O2 -flto -flto-partition=none execution test
FAIL: g++.dg/torture/stackalign/eh-inline-2.C -O2 -flto execution test
FAIL: g++.dg/torture/stackalign/eh-vararg-1.C -O2 -flto -flto-partition=none execution test
FAIL: g++.dg/torture/stackalign/eh-vararg-1.C -O2 -flto execution test
FAIL: g++.dg/torture/stackalign/eh-vararg-2.C -O2 -flto -flto-partition=none execution test
FAIL: g++.dg/torture/stackalign/eh-vararg-2.C -O2 -flto execution test
=== g++ Summary for unix/-m64 ===
# of expected passes 27870
# of unexpected failures 34
# of expected failures 157
# of unsupported tests 362
=== g++ Summary ===
# of expected passes 55129
# of unexpected failures 68
# of expected failures 314
# of unsupported tests 726
/home/gccbuild/build/nightly/build-gcc-trunk/gcc/testsuite/g++/../../g++ version 4.7.0 20110628 (experimental) [trunk revision 175572] (GCC)
=== obj-c++ tests ===
Running target unix/-m32
FAIL: obj-c++.dg/torture/tls/thr-init-2.mm -O2 -flto -flto-partition=none -fgnu-runtime (test for excess errors)
WARNING: obj-c++.dg/torture/tls/thr-init-2.mm -O2 -flto -flto-partition=none -fgnu-runtime compilation failed to produce executable
FAIL: obj-c++.dg/torture/tls/thr-init-2.mm -O2 -flto -fgnu-runtime (test for excess errors)
WARNING: obj-c++.dg/torture/tls/thr-init-2.mm -O2 -flto -fgnu-runtime compilation failed to produce executable
=== obj-c++ Summary for unix/-m32 ===
# of expected passes 1442
# of unexpected failures 2
# of expected failures 2
# of unsupported tests 86
Running target unix/-m64
FAIL: obj-c++.dg/torture/tls/thr-init-2.mm -O2 -flto -flto-partition=none -fgnu-runtime (test for excess errors)
WARNING: obj-c++.dg/torture/tls/thr-init-2.mm -O2 -flto -flto-partition=none -fgnu-runtime compilation failed to produce executable
FAIL: obj-c++.dg/torture/tls/thr-init-2.mm -O2 -flto -fgnu-runtime (test for excess errors)
WARNING: obj-c++.dg/torture/tls/thr-init-2.mm -O2 -flto -fgnu-runtime compilation failed to produce executable
=== obj-c++ Summary for unix/-m64 ===
# of expected passes 1434
# of unexpected failures 2
# of expected failures 10
# of unsupported tests 86
=== obj-c++ Summary ===
# of expected passes 2876
# of unexpected failures 4
# of expected failures 12
# of unsupported tests 172
/home/gccbuild/build/nightly/build-gcc-trunk/gcc/testsuite/obj-c++/../../g++ version 4.7.0 20110628 (experimental) [trunk revision 175572] (GCC)
=== objc tests ===
Running target unix/-m32
XPASS: objc.dg/torture/forward-1.m -O0 -fgnu-runtime execution test
XPASS: objc.dg/torture/forward-1.m -O1 -fgnu-runtime execution test
XPASS: objc.dg/torture/forward-1.m -O2 -fgnu-runtime execution test
XPASS: objc.dg/torture/forward-1.m -O3 -fomit-frame-pointer -fgnu-runtime execution test
XPASS: objc.dg/torture/forward-1.m -O3 -fomit-frame-pointer -funroll-loops -fgnu-runtime execution test
XPASS: objc.dg/torture/forward-1.m -O3 -fomit-frame-pointer -funroll-all-loops -finline-functions -fgnu-runtime execution test
XPASS: objc.dg/torture/forward-1.m -O3 -g -fgnu-runtime execution test
XPASS: objc.dg/torture/forward-1.m -Os -fgnu-runtime execution test
XPASS: objc.dg/torture/forward-1.m -O2 -flto -flto-partition=none -fgnu-runtime execution test
XPASS: objc.dg/torture/forward-1.m -O2 -flto -fgnu-runtime execution test
FAIL: objc.dg/torture/tls/thr-init-2.m -O2 -flto -flto-partition=none -fgnu-runtime (test for excess errors)
WARNING: objc.dg/torture/tls/thr-init-2.m -O2 -flto -flto-partition=none -fgnu-runtime compilation failed to produce executable
FAIL: objc.dg/torture/tls/thr-init-2.m -O2 -flto -fgnu-runtime (test for excess errors)
WARNING: objc.dg/torture/tls/thr-init-2.m -O2 -flto -fgnu-runtime compilation failed to produce executable
=== objc Summary for unix/-m32 ===
# of expected passes 2966
# of unexpected failures 2
# of unexpected successes 10
# of unsupported tests 74
Running target unix/-m64
XPASS: objc.dg/torture/forward-1.m -O0 -fgnu-runtime execution test
XPASS: objc.dg/torture/forward-1.m -O1 -fgnu-runtime execution test
XPASS: objc.dg/torture/forward-1.m -O2 -fgnu-runtime execution test
XPASS: objc.dg/torture/forward-1.m -O3 -fomit-frame-pointer -fgnu-runtime execution test
XPASS: objc.dg/torture/forward-1.m -O3 -fomit-frame-pointer -funroll-loops -fgnu-runtime execution test
XPASS: objc.dg/torture/forward-1.m -O3 -fomit-frame-pointer -funroll-all-loops -finline-functions -fgnu-runtime execution test
XPASS: objc.dg/torture/forward-1.m -O3 -g -fgnu-runtime execution test
XPASS: objc.dg/torture/forward-1.m -Os -fgnu-runtime execution test
XPASS: objc.dg/torture/forward-1.m -O2 -flto -flto-partition=none -fgnu-runtime execution test
XPASS: objc.dg/torture/forward-1.m -O2 -flto -fgnu-runtime execution test
FAIL: objc.dg/torture/tls/thr-init-2.m -O2 -flto -flto-partition=none -fgnu-runtime (test for excess errors)
WARNING: objc.dg/torture/tls/thr-init-2.m -O2 -flto -flto-partition=none -fgnu-runtime compilation failed to produce executable
FAIL: objc.dg/torture/tls/thr-init-2.m -O2 -flto -fgnu-runtime (test for excess errors)
WARNING: objc.dg/torture/tls/thr-init-2.m -O2 -flto -fgnu-runtime compilation failed to produce executable
=== objc Summary for unix/-m64 ===
# of expected passes 2966
# of unexpected failures 2
# of unexpected successes 10
# of unsupported tests 74
=== objc Summary ===
# of expected passes 5932
# of unexpected failures 4
# of unexpected successes 20
# of unsupported tests 148
/home/gccbuild/build/nightly/build-gcc-trunk/gcc/xgcc version 4.7.0 20110628 (experimental) [trunk revision 175572] (GCC)
=== libgomp tests ===
Running target unix/-m32
FAIL: libgomp.graphite/force-parallel-1.c execution test
=== libgomp Summary for unix/-m32 ===
# of expected passes 2635
# of unexpected failures 1
# of unsupported tests 1
Running target unix/-m64
FAIL: libgomp.graphite/force-parallel-1.c execution test
=== libgomp Summary for unix/-m64 ===
# of expected passes 2635
# of unexpected failures 1
# of unsupported tests 1
=== libgomp Summary ===
# of expected passes 5270
# of unexpected failures 2
# of unsupported tests 2
=== libmudflap tests ===
Running target unix/-m32
FAIL: libmudflap.c/fail40-frag.c output pattern test
FAIL: libmudflap.c/pass-stratcliff.c (test for excess errors)
FAIL: libmudflap.c/pass51-frag.c execution test
FAIL: libmudflap.c/pass51-frag.c execution test
FAIL: libmudflap.c/fail40-frag.c (-static) output pattern test
FAIL: libmudflap.c/pass-stratcliff.c (-static) (test for excess errors)
FAIL: libmudflap.c/pass51-frag.c (-static) execution test
FAIL: libmudflap.c/pass51-frag.c (-static) execution test
FAIL: libmudflap.c/fail40-frag.c (-O2) output pattern test
FAIL: libmudflap.c/pass-stratcliff.c (-O2) (test for excess errors)
FAIL: libmudflap.c/pass51-frag.c (-O2) execution test
FAIL: libmudflap.c/pass51-frag.c (-O2) execution test
FAIL: libmudflap.c/fail40-frag.c (-O3) output pattern test
FAIL: libmudflap.c/pass-stratcliff.c (-O3) (test for excess errors)
FAIL: libmudflap.c/pass51-frag.c (-O3) execution test
FAIL: libmudflap.c/pass51-frag.c (-O3) execution test
=== libmudflap Summary for unix/-m32 ===
# of expected passes 1878
# of unexpected failures 16
Running target unix/-m64
FAIL: libmudflap.c/fail40-frag.c output pattern test
FAIL: libmudflap.c/pass-stratcliff.c (test for excess errors)
FAIL: libmudflap.c/pass51-frag.c execution test
FAIL: libmudflap.c/pass51-frag.c execution test
FAIL: libmudflap.c/fail40-frag.c (-static) output pattern test
FAIL: libmudflap.c/pass-stratcliff.c (-static) (test for excess errors)
FAIL: libmudflap.c/pass51-frag.c (-static) execution test
FAIL: libmudflap.c/pass51-frag.c (-static) execution test
FAIL: libmudflap.c/fail40-frag.c (-O2) output pattern test
FAIL: libmudflap.c/pass-stratcliff.c (-O2) (test for excess errors)
FAIL: libmudflap.c/pass51-frag.c (-O2) execution test
FAIL: libmudflap.c/pass51-frag.c (-O2) execution test
FAIL: libmudflap.c/fail40-frag.c (-O3) output pattern test
FAIL: libmudflap.c/pass-stratcliff.c (-O3) (test for excess errors)
FAIL: libmudflap.c/pass51-frag.c (-O3) execution test
FAIL: libmudflap.c/pass51-frag.c (-O3) execution test
=== libmudflap Summary for unix/-m64 ===
# of expected passes 1878
# of unexpected failures 16
=== libmudflap Summary ===
# of expected passes 3756
# of unexpected failures 32
=== libstdc++ tests ===
Running target unix/-m32
FAIL: libstdc++-abi/abi_check
=== libstdc++ Summary for unix/-m32 ===
# of expected passes 8582
# of unexpected failures 1
# of expected failures 45
# of unsupported tests 122
Running target unix/-m64
=== libstdc++ Summary for unix/-m64 ===
# of expected passes 8583
# of expected failures 45
# of unsupported tests 122
=== libstdc++ Summary ===
# of expected passes 17165
# of unexpected failures 1
# of expected failures 90
# of unsupported tests 244
Compiler version: 4.7.0 20110628 (experimental) [trunk revision 175572] (GCC)
Platform: powerpc64-unknown-linux-gnu
configure flags: --prefix=/opt/gcc-nightly/trunk-20110628 --build=powerpc64-linux --host=powerpc64-linux --target=powerpc64-linux --with-cpu=default32 --with-as=/opt/gcc-nightly/binutils-2.21/bin/as --with-ld=/opt/gcc-nightly/binutils-2.21/bin/ld --enable-threads=posix --enable-shared --enable-__cxa_atexit --enable-languages=c,c++,fortran,objc,obj-c++ --with-long-double-128 --enable-secureplt --enable-checking --disable-alsa --with-gmp=/opt/gcc-nightly/gcc-host-libs --with-mpfr=/opt/gcc-nightly/gcc-host-libs --with-ppl=/opt/gcc-nightly/gcc-host-libs --with-cloog=/opt/gcc-nightly/gcc-host-libs --with-mpc=/opt/gcc-nightly/gcc-host-libs --with-libelf=/opt/gcc-nightly/gcc-host-libs --with-host-libstdcxx=-Wl,-Bstatic,-L/opt/gcc-nightly/gcc-host-libs/lib,-lstdc++,-Bdynamic,-lm
=== Test Framework Summary ===
# of expected passes 2531