This is the mail archive of the
gcc-testresults@gcc.gnu.org
mailing list for the GCC project.
Results for 4.7.0 20110622 (experimental) [trunk revision 175294] (GCC) testsuite on i686-pc-linux-gnu
- From: ia32corei7 at gnu-34 dot sc dot intel dot com (H.J. Lu (ia32 Core 2/i7))
- To: gcc-testresults at gcc dot gnu dot org
- Date: Wed, 22 Jun 2011 08:04:00 -0700
- Subject: Results for 4.7.0 20110622 (experimental) [trunk revision 175294] (GCC) testsuite on i686-pc-linux-gnu
LAST_UPDATED: Wed Jun 22 14:26:47 UTC 2011 (revision 175294)
Native configuration is i686-pc-linux-gnu
=== g++ tests ===
Running target unix
FAIL: g++.dg/torture/pr43879-1_1.C -O1 execution test
FAIL: g++.dg/torture/pr43879-1_1.C -O2 execution test
FAIL: g++.dg/torture/pr43879-1_1.C -O3 -fomit-frame-pointer execution test
FAIL: g++.dg/torture/pr43879-1_1.C -O3 -g execution test
FAIL: g++.dg/torture/pr43879-1_1.C -Os execution test
=== g++ Summary ===
# of expected passes 27665
# of unexpected failures 5
# of expected failures 157
# of unsupported tests 160
/export/gnu/import/svn/gcc-test-ia32corei7/bld/gcc/testsuite/g++/../../g++ version 4.7.0 20110622 (experimental) [trunk revision 175294] (GCC)
=== gcc tests ===
Running target unix
FAIL: gcc.c-torture/compile/limits-exprparen.c -O0 (internal compiler error)
FAIL: gcc.c-torture/compile/limits-exprparen.c -O0 (test for excess errors)
FAIL: gcc.c-torture/compile/limits-exprparen.c -O1 (internal compiler error)
FAIL: gcc.c-torture/compile/limits-exprparen.c -O1 (test for excess errors)
FAIL: gcc.c-torture/compile/limits-exprparen.c -O2 (internal compiler error)
FAIL: gcc.c-torture/compile/limits-exprparen.c -O2 (test for excess errors)
FAIL: gcc.c-torture/compile/limits-exprparen.c -O3 -fomit-frame-pointer (internal compiler error)
FAIL: gcc.c-torture/compile/limits-exprparen.c -O3 -fomit-frame-pointer (test for excess errors)
FAIL: gcc.c-torture/compile/limits-exprparen.c -O3 -g (internal compiler error)
FAIL: gcc.c-torture/compile/limits-exprparen.c -O3 -g (test for excess errors)
FAIL: gcc.c-torture/compile/limits-exprparen.c -Os (internal compiler error)
FAIL: gcc.c-torture/compile/limits-exprparen.c -Os (test for excess errors)
FAIL: gcc.c-torture/compile/limits-exprparen.c -O2 -flto -flto-partition=none (internal compiler error)
FAIL: gcc.c-torture/compile/limits-exprparen.c -O2 -flto -flto-partition=none (test for excess errors)
FAIL: gcc.c-torture/compile/limits-exprparen.c -O2 -flto (internal compiler error)
FAIL: gcc.c-torture/compile/limits-exprparen.c -O2 -flto (test for excess errors)
FAIL: gcc.c-torture/execute/builtins/strstr-asm.c compilation, -O2 -flto -flto-partition=none
UNRESOLVED: gcc.c-torture/execute/builtins/strstr-asm.c execution, -O2 -flto -flto-partition=none
FAIL: gcc.c-torture/execute/builtins/strstr-asm.c compilation, -O2 -flto
UNRESOLVED: gcc.c-torture/execute/builtins/strstr-asm.c execution, -O2 -flto
XPASS: gcc.dg/inline_1.c (test for excess errors)
XPASS: gcc.dg/inline_2.c (test for excess errors)
XPASS: gcc.dg/inline_3.c (test for excess errors)
XPASS: gcc.dg/inline_4.c (test for excess errors)
XPASS: gcc.dg/unroll_1.c (test for excess errors)
XPASS: gcc.dg/unroll_2.c (test for excess errors)
XPASS: gcc.dg/unroll_3.c (test for excess errors)
XPASS: gcc.dg/unroll_4.c (test for excess errors)
UNRESOLVED: gcc.dg/graphite/pr37485.c scan-tree-dump-times graphite "Loop blocked" 1
XPASS: gcc.dg/guality/example.c -O0 execution test
XPASS: gcc.dg/guality/example.c -O1 execution test
XPASS: gcc.dg/guality/example.c -O2 execution test
XPASS: gcc.dg/guality/guality.c -O0 execution test
XPASS: gcc.dg/guality/inline-params.c -O2 execution test
XPASS: gcc.dg/guality/inline-params.c -O3 -fomit-frame-pointer execution test
XPASS: gcc.dg/guality/inline-params.c -O3 -g execution test
XPASS: gcc.dg/guality/inline-params.c -Os execution test
FAIL: gcc.dg/guality/pr36728-1.c -O2 -flto -flto-partition=none line 12 arg1 == 1
FAIL: gcc.dg/guality/pr36728-1.c -O2 -flto -flto-partition=none line 14 arg1 == 1
FAIL: gcc.dg/guality/pr36728-1.c -O2 -flto line 12 arg1 == 1
FAIL: gcc.dg/guality/pr36728-1.c -O2 -flto line 14 arg1 == 1
XPASS: gcc.dg/guality/pr41353-1.c -O0 line 28 j == 28 + 37
XPASS: gcc.dg/guality/pr41353-1.c -O1 line 28 j == 28 + 37
XPASS: gcc.dg/guality/pr41353-1.c -O2 line 28 j == 28 + 37
XPASS: gcc.dg/guality/pr41353-1.c -O3 -fomit-frame-pointer line 28 j == 28 + 37
XPASS: gcc.dg/guality/pr41353-1.c -O3 -g line 28 j == 28 + 37
XPASS: gcc.dg/guality/pr41353-1.c -Os line 28 j == 28 + 37
XPASS: gcc.dg/guality/pr41353-1.c -O2 -flto -flto-partition=none line 28 j == 28 + 37
XPASS: gcc.dg/guality/pr41353-1.c -O2 -flto line 28 j == 28 + 37
XPASS: gcc.dg/guality/pr41447-1.c -O0 execution test
XPASS: gcc.dg/guality/pr41447-1.c -O1 execution test
XPASS: gcc.dg/guality/pr41447-1.c -Os execution test
XPASS: gcc.dg/guality/pr41616-1.c -O0 execution test
XPASS: gcc.dg/guality/pr41616-1.c -O1 execution test
XPASS: gcc.dg/guality/pr41616-1.c -O2 execution test
XPASS: gcc.dg/guality/pr41616-1.c -O3 -fomit-frame-pointer execution test
XPASS: gcc.dg/guality/pr41616-1.c -O3 -g execution test
XPASS: gcc.dg/guality/pr41616-1.c -Os execution test
FAIL: gcc.dg/guality/vla-1.c -O2 -flto -flto-partition=none line 17 i == 5
FAIL: gcc.dg/guality/vla-1.c -O2 -flto -flto-partition=none line 17 sizeof (a) == 6
FAIL: gcc.dg/guality/vla-1.c -O2 -flto -flto-partition=none line 24 sizeof (a) == 17 * sizeof (short)
FAIL: gcc.dg/guality/vla-1.c -O2 -flto line 17 i == 5
FAIL: gcc.dg/guality/vla-1.c -O2 -flto line 17 sizeof (a) == 6
FAIL: gcc.dg/guality/vla-1.c -O2 -flto line 24 sizeof (a) == 17 * sizeof (short)
FAIL: gcc.dg/guality/vla-2.c -O2 -flto -flto-partition=none line 16 sizeof (a) == 5 * sizeof (int)
FAIL: gcc.dg/guality/vla-2.c -O2 -flto -flto-partition=none line 25 sizeof (a) == 6 * sizeof (int)
FAIL: gcc.dg/guality/vla-2.c -O2 -flto line 16 sizeof (a) == 5 * sizeof (int)
FAIL: gcc.dg/guality/vla-2.c -O2 -flto line 25 sizeof (a) == 6 * sizeof (int)
FAIL: gcc.dg/torture/tls/run-gd.c -O2 -flto -flto-partition=none (test for excess errors)
WARNING: gcc.dg/torture/tls/run-gd.c -O2 -flto -flto-partition=none compilation failed to produce executable
FAIL: gcc.dg/torture/tls/run-gd.c -O2 -flto (test for excess errors)
WARNING: gcc.dg/torture/tls/run-gd.c -O2 -flto compilation failed to produce executable
FAIL: gcc.dg/torture/tls/run-ie.c -O2 -flto -flto-partition=none (test for excess errors)
WARNING: gcc.dg/torture/tls/run-ie.c -O2 -flto -flto-partition=none compilation failed to produce executable
FAIL: gcc.dg/torture/tls/run-ie.c -O2 -flto (test for excess errors)
WARNING: gcc.dg/torture/tls/run-ie.c -O2 -flto compilation failed to produce executable
FAIL: gcc.dg/torture/tls/run-ld.c -O2 -flto -flto-partition=none (test for excess errors)
WARNING: gcc.dg/torture/tls/run-ld.c -O2 -flto -flto-partition=none compilation failed to produce executable
FAIL: gcc.dg/torture/tls/run-ld.c -O2 -flto (test for excess errors)
WARNING: gcc.dg/torture/tls/run-ld.c -O2 -flto compilation failed to produce executable
FAIL: gcc.dg/torture/tls/run-le.c -O2 -flto -flto-partition=none (test for excess errors)
WARNING: gcc.dg/torture/tls/run-le.c -O2 -flto -flto-partition=none compilation failed to produce executable
FAIL: gcc.dg/torture/tls/run-le.c -O2 -flto (test for excess errors)
WARNING: gcc.dg/torture/tls/run-le.c -O2 -flto compilation failed to produce executable
FAIL: gcc.dg/torture/tls/tls-test.c -O2 -flto -flto-partition=none (test for excess errors)
WARNING: gcc.dg/torture/tls/tls-test.c -O2 -flto -flto-partition=none compilation failed to produce executable
FAIL: gcc.dg/torture/tls/tls-test.c -O2 -flto (test for excess errors)
WARNING: gcc.dg/torture/tls/tls-test.c -O2 -flto compilation failed to produce executable
XPASS: gcc.dg/tree-ssa/20030807-7.c scan-tree-dump-times vrp1 "if " 1
FAIL: gcc.dg/tree-ssa/vrp47.c scan-tree-dump-times dom1 "x[^ ]* & y" 1
=== gcc Summary ===
# of expected passes 81030
# of unexpected failures 43
# of unexpected successes 34
# of expected failures 263
# of unresolved testcases 3
# of unsupported tests 777
/export/gnu/import/svn/gcc-test-ia32corei7/bld/gcc/xgcc version 4.7.0 20110622 (experimental) [trunk revision 175294] (GCC)
=== gfortran tests ===
Running target unix
FAIL: gfortran.dg/coarray_lock_3.f90 -O (test for errors, line 72)
=== gfortran Summary ===
# of expected passes 39049
# of unexpected failures 1
# of expected failures 53
# of unsupported tests 204
/export/gnu/import/svn/gcc-test-ia32corei7/bld/gcc/testsuite/gfortran/../../gfortran version 4.7.0 20110622 (experimental) [trunk revision 175294] (GCC)
=== objc tests ===
Running target unix
FAIL: objc.dg/torture/tls/thr-init-2.m -O2 -flto -flto-partition=none -fgnu-runtime (test for excess errors)
WARNING: objc.dg/torture/tls/thr-init-2.m -O2 -flto -flto-partition=none -fgnu-runtime compilation failed to produce executable
FAIL: objc.dg/torture/tls/thr-init-2.m -O2 -flto -fgnu-runtime (test for excess errors)
WARNING: objc.dg/torture/tls/thr-init-2.m -O2 -flto -fgnu-runtime compilation failed to produce executable
=== objc Summary ===
# of expected passes 2970
# of unexpected failures 2
# of expected failures 6
# of unsupported tests 74
/export/gnu/import/svn/gcc-test-ia32corei7/bld/gcc/xgcc version 4.7.0 20110622 (experimental) [trunk revision 175294] (GCC)
=== boehm-gc tests ===
Running target unix
FAIL: boehm-gc.c/thread_leak_test.c -O2 (test for excess errors)
=== boehm-gc Summary ===
# of expected passes 11
# of unexpected failures 1
# of unsupported tests 1
=== libffi tests ===
Running target unix
=== libffi Summary ===
# of expected passes 1634
# of expected failures 10
# of unsupported tests 15
=== libgomp tests ===
Running target unix
FAIL: libgomp.graphite/force-parallel-1.c execution test
=== libgomp Summary ===
# of expected passes 2637
# of unexpected failures 1
=== libjava tests ===
Running target unix
=== libjava Summary ===
# of expected passes 2574
=== libmudflap tests ===
Running target unix
FAIL: libmudflap.c/fail40-frag.c output pattern test
FAIL: libmudflap.c/pass51-frag.c execution test
FAIL: libmudflap.c/pass51-frag.c execution test
FAIL: libmudflap.c/fail40-frag.c (-O2) output pattern test
FAIL: libmudflap.c/pass51-frag.c (-O2) execution test
FAIL: libmudflap.c/pass51-frag.c (-O2) execution test
FAIL: libmudflap.c/fail40-frag.c (-O3) output pattern test
FAIL: libmudflap.c/pass51-frag.c (-O3) execution test
FAIL: libmudflap.c/pass51-frag.c (-O3) execution test
=== libmudflap Summary ===
# of expected passes 1418
# of unexpected failures 9
=== libstdc++ tests ===
Running target unix
=== libstdc++ Summary ===
# of expected passes 8595
# of expected failures 45
# of unsupported tests 120
Compiler version: 4.7.0 20110622 (experimental) [trunk revision 175294] (GCC)
Platform: i686-pc-linux-gnu
configure flags: --with-arch=corei7 --with-cpu=corei7 --enable-clocale=gnu --with-system-zlib --enable-shared --with-demangler-in-ld --enable-cloog-backend=isl --with-ppl=/opt/gnu --with-cloog=/opt/gnu i686-linux --with-fpmath=sse --enable-languages=c,c++,fortran,java,lto,objc