This is the mail archive of the
gcc-testresults@gcc.gnu.org
mailing list for the GCC project.
Results for 4.7.0 20110603 (experimental) [trunk revision 174614] (GCC) testsuite on sparc-sun-solaris2.8
- From: Rainer Orth <ro at CeBiTec dot Uni-Bielefeld dot DE>
- To: gcc-testresults at gcc dot gnu dot org
- Date: Mon, 6 Jun 2011 11:19:37 +0200 (MEST)
- Subject: Results for 4.7.0 20110603 (experimental) [trunk revision 174614] (GCC) testsuite on sparc-sun-solaris2.8
LAST_UPDATED: Fri Jun 3 18:59:18 UTC 2011 (revision 174614)
=== acats tests ===
=== acats Summary ===
# of expected passes 2321
# of unexpected failures 0
Native configuration is sparc-sun-solaris2.8
=== g++ tests ===
Running target unix
FAIL: g++.dg/cpp0x/lambda/lambda-eh2.C execution test
WARNING: program timed out.
=== g++ Summary for unix ===
# of expected passes 26720
# of unexpected failures 1
# of expected failures 158
# of unsupported tests 431
Running target unix/-m64
FAIL: g++.dg/cpp0x/lambda/lambda-eh2.C execution test
=== g++ Summary for unix/-m64 ===
# of expected passes 27332
# of unexpected failures 1
# of expected failures 158
# of unsupported tests 428
=== g++ Summary ===
# of expected passes 54052
# of unexpected failures 2
# of expected failures 316
# of unsupported tests 859
/var/gcc/regression/trunk/8-gcc-gas/build/gcc/testsuite/g++/../../g++ version 4.7.0 20110603 (experimental) [trunk revision 174614] (GCC)
=== gcc tests ===
Running target unix
FAIL: gcc.dg/memcpy-3.c scan-tree-dump-not optimized "memcpy"
FAIL: gcc.dg/memcpy-3.c scan-tree-dump-times optimized "MEM" 1
WARNING: program timed out.
FAIL: gcc.dg/graphite/interchange-8.c (test for excess errors)
WARNING: gcc.dg/graphite/interchange-8.c compilation failed to produce executable
FAIL: gcc.dg/graphite/interchange-8.c scan-tree-dump-times graphite "will be interchanged" 2
XPASS: gcc.dg/tree-ssa/20030807-7.c scan-tree-dump-times vrp1 "if " 1
FAIL: gcc.dg/tree-ssa/vrp47.c scan-tree-dump-times dom1 "x[^ ]* & y" 1
FAIL: gcc.dg/vect/pr48377.c execution test
FAIL: gcc.dg/vect/pr48377.c -flto execution test
=== gcc Summary for unix ===
# of expected passes 71240
# of unexpected failures 7
# of unexpected successes 1
# of expected failures 288
# of unsupported tests 1308
Running target unix/-m64
FAIL: gcc.dg/memcpy-3.c scan-tree-dump-not optimized "memcpy"
FAIL: gcc.dg/memcpy-3.c scan-tree-dump-times optimized "MEM" 1
XPASS: gcc.dg/tree-ssa/20030807-7.c scan-tree-dump-times vrp1 "if " 1
FAIL: gcc.dg/tree-ssa/vrp47.c scan-tree-dump-times dom1 "x[^ ]* & y" 1
FAIL: gcc.dg/vect/pr33804.c scan-tree-dump-times vect "vectorized 1 loops" 1
FAIL: gcc.dg/vect/pr33804.c scan-tree-dump-times vect "vectorizing stmts using SLP" 1
FAIL: gcc.dg/vect/pr48377.c execution test
FAIL: gcc.dg/vect/slp-multitypes-3.c scan-tree-dump-times vect "vectorized 1 loops" 1
FAIL: gcc.dg/vect/slp-multitypes-3.c scan-tree-dump-times vect "vectorizing stmts using SLP" 2
FAIL: gcc.dg/vect/pr33804.c -flto scan-tree-dump-times vect "vectorized 1 loops" 1
FAIL: gcc.dg/vect/pr33804.c -flto scan-tree-dump-times vect "vectorizing stmts using SLP" 1
FAIL: gcc.dg/vect/pr48377.c -flto execution test
FAIL: gcc.dg/vect/slp-multitypes-3.c -flto scan-tree-dump-times vect "vectorized 1 loops" 1
FAIL: gcc.dg/vect/slp-multitypes-3.c -flto scan-tree-dump-times vect "vectorizing stmts using SLP" 2
=== gcc Summary for unix/-m64 ===
# of expected passes 71878
# of unexpected failures 13
# of unexpected successes 1
# of expected failures 269
# of unsupported tests 1315
=== gcc Summary ===
# of expected passes 143118
# of unexpected failures 20
# of unexpected successes 2
# of expected failures 557
# of unsupported tests 2623
/var/gcc/regression/trunk/8-gcc-gas/build/gcc/xgcc version 4.7.0 20110603 (experimental) [trunk revision 174614] (GCC)
=== gfortran tests ===
Running target unix
=== gfortran Summary for unix ===
# of expected passes 38496
# of expected failures 55
# of unsupported tests 399
Running target unix/-m64
=== gfortran Summary for unix/-m64 ===
# of expected passes 38775
# of expected failures 55
# of unsupported tests 262
=== gfortran Summary ===
# of expected passes 77271
# of expected failures 110
# of unsupported tests 661
/var/gcc/regression/trunk/8-gcc-gas/build/gcc/testsuite/gfortran/../../gfortran version 4.7.0 20110603 (experimental) [trunk revision 174614] (GCC)
=== gnat tests ===
Running target unix
=== gnat Summary for unix ===
# of expected passes 893
# of expected failures 11
# of unsupported tests 5
Running target unix/-m64
=== gnat Summary for unix/-m64 ===
# of expected passes 893
# of expected failures 11
# of unsupported tests 5
=== gnat Summary ===
# of expected passes 1786
# of expected failures 22
# of unsupported tests 10
/var/gcc/regression/trunk/8-gcc-gas/build/gcc/gnatmake version 4.7.0 20110603 (experimental) [trunk revision 174614]
=== go tests ===
Running target unix
FAIL: ./64bit-out.go compilation, -O2 -g
FAIL: ./select5-out.go compilation, -O2 -g
FAIL: ./tmp.go compilation, -O2 -g
FAIL: go.test/test/cmplxdivide.go
WARNING: program timed out.
WARNING: program timed out.
WARNING: program timed out.
WARNING: program timed out.
=== go Summary for unix ===
# of expected passes 2980
# of unexpected failures 4
# of expected failures 23
# of untested testcases 3
Running target unix/-m64
FAIL: ./64bit-out.go compilation, -O2 -g
FAIL: ./select5-out.go compilation, -O2 -g
FAIL: ./tmp.go compilation, -O2 -g
FAIL: go.test/test/cmplxdivide.go
WARNING: program timed out.
WARNING: program timed out.
WARNING: program timed out.
WARNING: program timed out.
=== go Summary for unix/-m64 ===
# of expected passes 2980
# of unexpected failures 4
# of expected failures 23
# of untested testcases 3
=== go Summary ===
# of expected passes 5960
# of unexpected failures 8
# of expected failures 46
# of untested testcases 6
/var/gcc/regression/trunk/8-gcc-gas/build/gcc/testsuite/go/../../gccgo version 4.7.0 20110603 (experimental) [trunk revision 174614] (GCC)
=== obj-c++ tests ===
Running target unix
FAIL: obj-c++.dg/exceptions-3.mm -fgnu-runtime (internal compiler error)
FAIL: obj-c++.dg/exceptions-3.mm -fgnu-runtime (test for excess errors)
FAIL: obj-c++.dg/exceptions-4.mm -fgnu-runtime (internal compiler error)
FAIL: obj-c++.dg/exceptions-4.mm -fgnu-runtime (test for excess errors)
FAIL: obj-c++.dg/exceptions-5.mm -fgnu-runtime (internal compiler error)
FAIL: obj-c++.dg/exceptions-5.mm -fgnu-runtime (test for excess errors)
FAIL: obj-c++.dg/fobjc-exceptions-1.mm -fgnu-runtime (internal compiler error)
FAIL: obj-c++.dg/fobjc-exceptions-1.mm -fgnu-runtime (test for excess errors)
FAIL: obj-c++.dg/fobjc-exceptions-2.mm -fgnu-runtime (internal compiler error)
FAIL: obj-c++.dg/fobjc-exceptions-2.mm -fgnu-runtime (test for excess errors)
FAIL: obj-c++.dg/fobjc-exceptions-3.mm -fgnu-runtime (internal compiler error)
FAIL: obj-c++.dg/fobjc-exceptions-3.mm -fgnu-runtime (test for excess errors)
FAIL: obj-c++.dg/try-catch-13.mm -fgnu-runtime (internal compiler error)
FAIL: obj-c++.dg/try-catch-13.mm -fgnu-runtime (test for excess errors)
FAIL: obj-c++.dg/try-catch-4.mm -fgnu-runtime (internal compiler error)
FAIL: obj-c++.dg/try-catch-4.mm -fgnu-runtime (test for excess errors)
=== obj-c++ Summary for unix ===
# of expected passes 1436
# of unexpected failures 16
# of expected failures 2
# of unsupported tests 86
Running target unix/-m64
FAIL: obj-c++.dg/exceptions-3.mm -fgnu-runtime (internal compiler error)
FAIL: obj-c++.dg/exceptions-3.mm -fgnu-runtime (test for excess errors)
FAIL: obj-c++.dg/exceptions-4.mm -fgnu-runtime (internal compiler error)
FAIL: obj-c++.dg/exceptions-4.mm -fgnu-runtime (test for excess errors)
FAIL: obj-c++.dg/exceptions-5.mm -fgnu-runtime (internal compiler error)
FAIL: obj-c++.dg/exceptions-5.mm -fgnu-runtime (test for excess errors)
FAIL: obj-c++.dg/fobjc-exceptions-1.mm -fgnu-runtime (internal compiler error)
FAIL: obj-c++.dg/fobjc-exceptions-1.mm -fgnu-runtime (test for excess errors)
FAIL: obj-c++.dg/fobjc-exceptions-2.mm -fgnu-runtime (internal compiler error)
FAIL: obj-c++.dg/fobjc-exceptions-2.mm -fgnu-runtime (test for excess errors)
FAIL: obj-c++.dg/fobjc-exceptions-3.mm -fgnu-runtime (internal compiler error)
FAIL: obj-c++.dg/fobjc-exceptions-3.mm -fgnu-runtime (test for excess errors)
FAIL: obj-c++.dg/try-catch-13.mm -fgnu-runtime (internal compiler error)
FAIL: obj-c++.dg/try-catch-13.mm -fgnu-runtime (test for excess errors)
FAIL: obj-c++.dg/try-catch-4.mm -fgnu-runtime (internal compiler error)
FAIL: obj-c++.dg/try-catch-4.mm -fgnu-runtime (test for excess errors)
=== obj-c++ Summary for unix/-m64 ===
# of expected passes 1428
# of unexpected failures 16
# of expected failures 10
# of unsupported tests 86
=== obj-c++ Summary ===
# of expected passes 2864
# of unexpected failures 32
# of expected failures 12
# of unsupported tests 172
/var/gcc/regression/trunk/8-gcc-gas/build/gcc/testsuite/obj-c++/../../g++ version 4.7.0 20110603 (experimental) [trunk revision 174614] (GCC)
=== objc tests ===
Running target unix
=== objc Summary for unix ===
# of expected passes 2970
# of expected failures 10
# of unsupported tests 74
Running target unix/-m64
=== objc Summary for unix/-m64 ===
# of expected passes 2970
# of expected failures 10
# of unsupported tests 74
=== objc Summary ===
# of expected passes 5940
# of expected failures 20
# of unsupported tests 148
/var/gcc/regression/trunk/8-gcc-gas/build/gcc/xgcc version 4.7.0 20110603 (experimental) [trunk revision 174614] (GCC)
=== boehm-gc tests ===
Running target unix
=== boehm-gc Summary for unix ===
# of expected passes 12
# of unsupported tests 1
Running target unix/-m64
=== boehm-gc Summary for unix/-m64 ===
# of expected passes 12
# of unsupported tests 1
=== boehm-gc Summary ===
# of expected passes 24
# of unsupported tests 2
=== libffi tests ===
Running target unix
=== libffi Summary for unix ===
# of expected passes 1634
# of expected failures 10
# of unsupported tests 15
Running target unix/-m64
=== libffi Summary for unix/-m64 ===
# of expected passes 1634
# of expected failures 10
# of unsupported tests 15
=== libffi Summary ===
# of expected passes 3268
# of expected failures 20
# of unsupported tests 30
=== libgo tests ===
Running target unix
FAIL: big
FAIL: exec
FAIL: flag
FAIL: fmt
FAIL: gob
FAIL: http
FAIL: json
FAIL: rand
FAIL: regexp
FAIL: rpc
FAIL: sync
FAIL: template
FAIL: time
FAIL: try
FAIL: archive/zip
FAIL: crypto/rand
FAIL: testing/quick
=== libgo Summary for unix ===
# of expected passes 107
# of unexpected failures 17
# of untested testcases 2
Running target unix/-m64
FAIL: big
FAIL: exec
FAIL: flag
FAIL: fmt
FAIL: gob
FAIL: http
FAIL: json
FAIL: reflect
FAIL: regexp
FAIL: rpc
FAIL: sync
FAIL: template
FAIL: time
FAIL: try
FAIL: archive/zip
FAIL: crypto/rand
FAIL: testing/quick
=== libgo Summary for unix/-m64 ===
# of expected passes 107
# of unexpected failures 17
# of untested testcases 2
=== libgo Summary ===
# of expected passes 214
# of unexpected failures 34
# of untested testcases 4
=== libgomp tests ===
Running target unix
FAIL: libgomp.graphite/force-parallel-1.c execution test
=== libgomp Summary for unix ===
# of expected passes 2617
# of unexpected failures 1
# of unsupported tests 10
Running target unix/-m64
FAIL: libgomp.graphite/force-parallel-1.c execution test
=== libgomp Summary for unix/-m64 ===
# of expected passes 2617
# of unexpected failures 1
# of unsupported tests 10
=== libgomp Summary ===
# of expected passes 5234
# of unexpected failures 2
# of unsupported tests 20
=== libjava tests ===
Running target unix
=== libjava Summary for unix ===
# of expected passes 2574
Running target unix/-m64
=== libjava Summary for unix/-m64 ===
# of expected passes 2574
=== libjava Summary ===
# of expected passes 5148
=== libstdc++ tests ===
Running target unix
=== libstdc++ Summary for unix ===
# of expected passes 7020
# of expected failures 84
# of unsupported tests 759
Running target unix/-m64
=== libstdc++ Summary for unix/-m64 ===
# of expected passes 7020
# of expected failures 84
# of unsupported tests 759
=== libstdc++ Summary ===
# of expected passes 14040
# of expected failures 168
# of unsupported tests 1518
Compiler version: 4.7.0 20110603 (experimental) [trunk revision 174614] (GCC)
Platform: sparc-sun-solaris2.8
configure flags: --prefix=/vol/gcc --target=sparc-sun-solaris2.8 --enable-obsolete --enable-objc-gc --with-host-libstdcxx='-Wl,-Bstatic -lstdc++ -Wl,-Bdynamic -lm' --with-boot-ldflags='-static-libstdc++ -static-libgcc -L/vol/gcc-4.4/lib' --with-as=/vol/gcc/bin/gas-2.21 --with-gnu-as --with-gmp=/vol/gcc --with-mpfr=/vol/gcc --with-mpc=/vol/gcc --enable-languages=all,ada,obj-c++,go --with-ppl=/vol/gcc --with-cloog=/vol/gcc --enable-cloog-backend=ppl
BOOT_CFLAGS=-g -O2