This is the mail archive of the
gcc-testresults@gcc.gnu.org
mailing list for the GCC project.
Results for 4.7.0 20110603 (experimental) [trunk revision 174614] (GCC) testsuite on i386-pc-solaris2.11
- From: Rainer Orth <ro at CeBiTec dot Uni-Bielefeld dot DE>
- To: gcc-testresults at gcc dot gnu dot org
- Date: Mon, 6 Jun 2011 11:03:28 +0200 (MEST)
- Subject: Results for 4.7.0 20110603 (experimental) [trunk revision 174614] (GCC) testsuite on i386-pc-solaris2.11
LAST_UPDATED: Fri Jun 3 18:59:18 UTC 2011 (revision 174614)
=== acats tests ===
=== acats Summary ===
# of expected passes 2321
# of unexpected failures 0
Native configuration is i386-pc-solaris2.11
=== g++ tests ===
Running target unix
=== g++ Summary for unix ===
# of expected passes 27188
# of expected failures 157
# of unsupported tests 191
Running target unix/-m64
=== g++ Summary for unix/-m64 ===
# of expected passes 27420
# of expected failures 157
# of unsupported tests 390
=== g++ Summary ===
# of expected passes 54608
# of expected failures 314
# of unsupported tests 581
/var/gcc/regression/trunk/11-gcc-gas/build/gcc/testsuite/g++/../../g++ version 4.7.0 20110603 (experimental) [trunk revision 174614] (GCC)
=== gcc tests ===
Running target unix
XPASS: gcc.dg/tree-ssa/20030807-7.c scan-tree-dump-times vrp1 "if " 1
FAIL: gcc.dg/tree-ssa/vrp47.c scan-tree-dump-times dom1 "x[^ ]* & y" 1
=== gcc Summary for unix ===
# of expected passes 77933
# of unexpected failures 1
# of unexpected successes 1
# of expected failures 244
# of unsupported tests 808
Running target unix/-m64
XPASS: gcc.dg/tree-ssa/20030807-7.c scan-tree-dump-times vrp1 "if " 1
FAIL: gcc.dg/tree-ssa/vrp47.c scan-tree-dump-times dom1 "x[^ ]* & y" 1
=== gcc Summary for unix/-m64 ===
# of expected passes 78078
# of unexpected failures 1
# of unexpected successes 1
# of expected failures 244
# of unsupported tests 1216
=== gcc Summary ===
# of expected passes 156011
# of unexpected failures 2
# of unexpected successes 2
# of expected failures 488
# of unsupported tests 2024
/var/gcc/regression/trunk/11-gcc-gas/build/gcc/xgcc version 4.7.0 20110603 (experimental) [trunk revision 174614] (GCC)
=== gfortran tests ===
Running target unix
=== gfortran Summary for unix ===
# of expected passes 38850
# of expected failures 53
# of unsupported tests 228
Running target unix/-m64
=== gfortran Summary for unix/-m64 ===
# of expected passes 39145
# of expected failures 53
# of unsupported tests 90
=== gfortran Summary ===
# of expected passes 77995
# of expected failures 106
# of unsupported tests 318
/var/gcc/regression/trunk/11-gcc-gas/build/gcc/testsuite/gfortran/../../gfortran version 4.7.0 20110603 (experimental) [trunk revision 174614] (GCC)
=== gnat tests ===
Running target unix
=== gnat Summary for unix ===
# of expected passes 894
# of expected failures 11
# of unsupported tests 4
Running target unix/-m64
=== gnat Summary for unix/-m64 ===
# of expected passes 894
# of expected failures 11
# of unsupported tests 4
=== gnat Summary ===
# of expected passes 1788
# of expected failures 22
# of unsupported tests 8
/var/gcc/regression/trunk/11-gcc-gas/build/gcc/gnatmake version 4.7.0 20110603 (experimental) [trunk revision 174614]
=== go tests ===
Running target unix
=== go Summary for unix ===
# of expected passes 2987
# of expected failures 23
Running target unix/-m64
=== go Summary for unix/-m64 ===
# of expected passes 2987
# of expected failures 23
=== go Summary ===
# of expected passes 5974
# of expected failures 46
/var/gcc/regression/trunk/11-gcc-gas/build/gcc/testsuite/go/../../gccgo version 4.7.0 20110603 (experimental) [trunk revision 174614] (GCC)
=== obj-c++ tests ===
Running target unix
FAIL: obj-c++.dg/exceptions-3.mm -fgnu-runtime (internal compiler error)
FAIL: obj-c++.dg/exceptions-3.mm -fgnu-runtime (test for excess errors)
FAIL: obj-c++.dg/exceptions-4.mm -fgnu-runtime (internal compiler error)
FAIL: obj-c++.dg/exceptions-4.mm -fgnu-runtime (test for excess errors)
FAIL: obj-c++.dg/exceptions-5.mm -fgnu-runtime (internal compiler error)
FAIL: obj-c++.dg/exceptions-5.mm -fgnu-runtime (test for excess errors)
FAIL: obj-c++.dg/fobjc-exceptions-1.mm -fgnu-runtime (internal compiler error)
FAIL: obj-c++.dg/fobjc-exceptions-1.mm -fgnu-runtime (test for excess errors)
FAIL: obj-c++.dg/fobjc-exceptions-2.mm -fgnu-runtime (internal compiler error)
FAIL: obj-c++.dg/fobjc-exceptions-2.mm -fgnu-runtime (test for excess errors)
FAIL: obj-c++.dg/fobjc-exceptions-3.mm -fgnu-runtime (internal compiler error)
FAIL: obj-c++.dg/fobjc-exceptions-3.mm -fgnu-runtime (test for excess errors)
FAIL: obj-c++.dg/try-catch-13.mm -fgnu-runtime (internal compiler error)
FAIL: obj-c++.dg/try-catch-13.mm -fgnu-runtime (test for excess errors)
FAIL: obj-c++.dg/try-catch-4.mm -fgnu-runtime (internal compiler error)
FAIL: obj-c++.dg/try-catch-4.mm -fgnu-runtime (test for excess errors)
=== obj-c++ Summary for unix ===
# of expected passes 1436
# of unexpected failures 16
# of expected failures 2
# of unsupported tests 86
Running target unix/-m64
FAIL: obj-c++.dg/exceptions-3.mm -fgnu-runtime (internal compiler error)
FAIL: obj-c++.dg/exceptions-3.mm -fgnu-runtime (test for excess errors)
FAIL: obj-c++.dg/exceptions-4.mm -fgnu-runtime (internal compiler error)
FAIL: obj-c++.dg/exceptions-4.mm -fgnu-runtime (test for excess errors)
FAIL: obj-c++.dg/exceptions-5.mm -fgnu-runtime (internal compiler error)
FAIL: obj-c++.dg/exceptions-5.mm -fgnu-runtime (test for excess errors)
FAIL: obj-c++.dg/fobjc-exceptions-1.mm -fgnu-runtime (internal compiler error)
FAIL: obj-c++.dg/fobjc-exceptions-1.mm -fgnu-runtime (test for excess errors)
FAIL: obj-c++.dg/fobjc-exceptions-2.mm -fgnu-runtime (internal compiler error)
FAIL: obj-c++.dg/fobjc-exceptions-2.mm -fgnu-runtime (test for excess errors)
FAIL: obj-c++.dg/fobjc-exceptions-3.mm -fgnu-runtime (internal compiler error)
FAIL: obj-c++.dg/fobjc-exceptions-3.mm -fgnu-runtime (test for excess errors)
FAIL: obj-c++.dg/try-catch-13.mm -fgnu-runtime (internal compiler error)
FAIL: obj-c++.dg/try-catch-13.mm -fgnu-runtime (test for excess errors)
FAIL: obj-c++.dg/try-catch-4.mm -fgnu-runtime (internal compiler error)
FAIL: obj-c++.dg/try-catch-4.mm -fgnu-runtime (test for excess errors)
=== obj-c++ Summary for unix/-m64 ===
# of expected passes 1428
# of unexpected failures 16
# of expected failures 10
# of unsupported tests 86
=== obj-c++ Summary ===
# of expected passes 2864
# of unexpected failures 32
# of expected failures 12
# of unsupported tests 172
/var/gcc/regression/trunk/11-gcc-gas/build/gcc/testsuite/obj-c++/../../g++ version 4.7.0 20110603 (experimental) [trunk revision 174614] (GCC)
=== objc tests ===
Running target unix
=== objc Summary for unix ===
# of expected passes 2974
# of expected failures 6
# of unsupported tests 74
Running target unix/-m64
=== objc Summary for unix/-m64 ===
# of expected passes 2964
# of expected failures 16
# of unsupported tests 74
=== objc Summary ===
# of expected passes 5938
# of expected failures 22
# of unsupported tests 148
/var/gcc/regression/trunk/11-gcc-gas/build/gcc/xgcc version 4.7.0 20110603 (experimental) [trunk revision 174614] (GCC)
=== boehm-gc tests ===
Running target unix
=== boehm-gc Summary for unix ===
# of expected passes 12
# of unsupported tests 1
Running target unix/-m64
=== boehm-gc Summary for unix/-m64 ===
# of expected passes 12
# of unsupported tests 1
=== boehm-gc Summary ===
# of expected passes 24
# of unsupported tests 2
=== libffi tests ===
Running target unix
=== libffi Summary for unix ===
# of expected passes 1634
# of expected failures 10
# of unsupported tests 15
Running target unix/-m64
=== libffi Summary for unix/-m64 ===
# of expected passes 1634
# of expected failures 10
# of unsupported tests 15
=== libffi Summary ===
# of expected passes 3268
# of expected failures 20
# of unsupported tests 30
=== libgo tests ===
Running target unix
=== libgo Summary for unix ===
# of expected passes 124
# of untested testcases 2
Running target unix/-m64
=== libgo Summary for unix/-m64 ===
# of expected passes 124
# of untested testcases 2
=== libgo Summary ===
# of expected passes 248
# of untested testcases 4
/var/gcc/regression/trunk/11-gcc-gas/build/./gcc/gccgo version 4.7.0 20110603 (experimental) [trunk revision 174614] (GCC)
=== libgomp tests ===
Running target unix
=== libgomp Summary for unix ===
# of expected passes 2632
# of unsupported tests 3
Running target unix/-m64
=== libgomp Summary for unix/-m64 ===
# of expected passes 2632
# of unsupported tests 3
=== libgomp Summary ===
# of expected passes 5264
# of unsupported tests 6
=== libjava tests ===
Running target unix
=== libjava Summary for unix ===
# of expected passes 2574
Running target unix/-m64
=== libjava Summary for unix/-m64 ===
# of expected passes 2574
=== libjava Summary ===
# of expected passes 5148
=== libstdc++ tests ===
Running target unix
=== libstdc++ Summary for unix ===
# of expected passes 7623
# of expected failures 82
# of unsupported tests 471
Running target unix/-m64
=== libstdc++ Summary for unix/-m64 ===
# of expected passes 7623
# of expected failures 82
# of unsupported tests 471
=== libstdc++ Summary ===
# of expected passes 15246
# of expected failures 164
# of unsupported tests 942
Compiler version: 4.7.0 20110603 (experimental) [trunk revision 174614] (GCC)
Platform: i386-pc-solaris2.11
configure flags: --prefix=/vol/gcc --target=i386-pc-solaris2.11 --enable-objc-gc --with-host-libstdcxx='-Wl,-Bstatic -lstdc++ -Wl,-Bdynamic -lm' --with-boot-ldflags='-static-libstdc++ -static-libgcc -L/vol/gcc-4.4/lib' --with-as=/vol/gcc/bin/gas-2.21 --with-gnu-as --with-gmp=/vol/gcc --with-mpfr=/vol/gcc --with-mpc=/vol/gcc --enable-languages=all,ada,obj-c++,go --with-ppl=/vol/gcc --with-cloog=/vol/gcc --enable-cloog-backend=ppl
BOOT_CFLAGS=-g -O2