This is the mail archive of the
gcc-testresults@gcc.gnu.org
mailing list for the GCC project.
Results for 4.4.7 20110524 (prerelease) (GCC) testsuite on powerpc64-unknown-linux-gnu
- From: Mikael Pettersson <mikpe at it dot uu dot se>
- To: gcc-testresults at gcc dot gnu dot org
- Date: Wed, 25 May 2011 15:52:32 +0200
- Subject: Results for 4.4.7 20110524 (prerelease) (GCC) testsuite on powerpc64-unknown-linux-gnu
LAST_UPDATED: Obtained from SVN: branches/gcc-4_4-branch revision 174149
=== acats tests ===
=== acats Summary ===
# of expected passes 2315
# of unexpected failures 0
Native configuration is powerpc64-unknown-linux-gnu
=== g++ tests ===
Running target unix
=== g++ Summary ===
# of expected passes 19817
# of expected failures 159
# of unsupported tests 140
/mnt/archive/objdir44/gcc/testsuite/g++/../../g++ version 4.4.7 20110524 (prerelease) (GCC)
=== gcc tests ===
Running target unix
FAIL: gcc.dg/tree-ssa/pr42585.c scan-tree-dump-times optimized "struct _fat_ptr _ans" 0
FAIL: gcc.dg/tree-ssa/pr42585.c scan-tree-dump-times optimized "struct _fat_ptr _T2" 0
FAIL: gcc.target/powerpc/ppc64-double-1.c scan-assembler-not stfd
=== gcc Summary ===
# of expected passes 54927
# of unexpected failures 3
# of expected failures 191
# of unsupported tests 575
/mnt/archive/objdir44/gcc/xgcc version 4.4.7 20110524 (prerelease) (GCC)
=== gfortran tests ===
Running target unix
XPASS: gfortran.dg/nint_2.f90 -O0 execution test
=== gfortran Summary ===
# of expected passes 30290
# of unexpected successes 1
# of expected failures 33
# of unsupported tests 135
/mnt/archive/objdir44/gcc/testsuite/gfortran/../../gfortran version 4.4.7 20110524 (prerelease) (GCC)
=== gnat tests ===
Running target unix
=== gnat Summary ===
# of expected passes 619
# of expected failures 6
=== libgomp tests ===
Running target unix
=== libgomp Summary ===
# of expected passes 2540
=== libstdc++ tests ===
Running target unix
FAIL: abi_check
=== libstdc++ Summary ===
# of expected passes 6518
# of unexpected failures 1
# of expected failures 80
# of unsupported tests 13
Compiler version: 4.4.7 20110524 (prerelease) (GCC)
Platform: powerpc64-unknown-linux-gnu
configure flags: --prefix=/mnt/archive/install44 --with-gmp=/home/mikpe/pkgs/linux-ppc64/gmp-4.3.2 --with-mpfr=/home/mikpe/pkgs/linux-ppc64/mpfr-2.4.2 --disable-nls --enable-multilib --enable-threads=posix --with-cpu=default32 --enable-checking=release --disable-libmudflap --enable-languages=c,c++,fortran,ada
BOOT_CFLAGS=-g -O2