This is the mail archive of the
gcc-testresults@gcc.gnu.org
mailing list for the GCC project.
Results for 4.7.0 20110422 (experimental) (GCC) testsuite on arm-none-linux-gnueabi
- From: CodeSourcery Automatic Testing System <gcc at codesourcery dot com>
- To: gcc-testresults at gcc dot gnu dot org
- Date: Sat, 23 Apr 2011 19:01:11 -0700 (PDT)
- Subject: Results for 4.7.0 20110422 (experimental) (GCC) testsuite on arm-none-linux-gnueabi
LAST_UPDATED: Fri Apr 22 07:38:20 UTC 2011 (/trunk revision 172856)
Target is arm-none-linux-gnueabi
Host is i686-pc-linux-gnu
=== g++ tests ===
Running target qemu-default
FAIL: g++.dg/abi/local1.C execution test
FAIL: g++.dg/abi/packed1.C (test for excess errors)
FAIL: g++.dg/cpp0x/constexpr-abi1.C (internal compiler error)
FAIL: g++.dg/cpp0x/constexpr-abi1.C (test for excess errors)
FAIL: g++.dg/cpp0x/constexpr-ex4.C (internal compiler error)
FAIL: g++.dg/cpp0x/constexpr-ex4.C (test for excess errors)
FAIL: g++.dg/cpp0x/constexpr-static6.C (internal compiler error)
FAIL: g++.dg/cpp0x/constexpr-static6.C (test for excess errors)
XPASS: g++.dg/other/packed1.C execution test
FAIL: g++.dg/template/cond5.C (internal compiler error)
FAIL: g++.dg/template/cond5.C (test for excess errors)
FAIL: g++.dg/template/stdarg1.C (test for excess errors)
XPASS: g++.dg/tree-ssa/pr43411.C scan-tree-dump-not optimized "OBJ_TYPE_REF"
FAIL: g++.dg/warn/Wunused-parm-3.C (test for excess errors)
FAIL: g++.dg/lto/20081109-1 cp_lto_20081109-1_0.o-cp_lto_20081109-1_0.o link, -fPIC -flto -flto-partition=1to1
UNRESOLVED: g++.dg/lto/20081109-1 cp_lto_20081109-1_0.o-cp_lto_20081109-1_0.o execute -fPIC -flto -flto-partition=1to1
FAIL: g++.dg/lto/20081118 cp_lto_20081118_0.o-cp_lto_20081118_1.o link, -fPIC -flto -flto-partition=1to1 -r -nostdlib
UNRESOLVED: g++.dg/lto/20081118 cp_lto_20081118_0.o-cp_lto_20081118_1.o execute -fPIC -flto -flto-partition=1to1 -r -nostdlib
FAIL: g++.dg/lto/20081204-1 cp_lto_20081204-1_0.o-cp_lto_20081204-1_1.o link, -flto -flto-partition=1to1 -fPIC -r -nostdlib
UNRESOLVED: g++.dg/lto/20081204-1 cp_lto_20081204-1_0.o-cp_lto_20081204-1_1.o execute -flto -flto-partition=1to1 -fPIC -r -nostdlib
FAIL: g++.dg/lto/20081219 cp_lto_20081219_0.o-cp_lto_20081219_1.o link, -fPIC -flto -flto-partition=1to1 -O2
UNRESOLVED: g++.dg/lto/20081219 cp_lto_20081219_0.o-cp_lto_20081219_1.o execute -fPIC -flto -flto-partition=1to1 -O2
FAIL: g++.dg/lto/20090302 cp_lto_20090302_0.o-cp_lto_20090302_1.o link, -fPIC -flto -flto-partition=1to1 -r -nostdlib
UNRESOLVED: g++.dg/lto/20090302 cp_lto_20090302_0.o-cp_lto_20090302_1.o execute -fPIC -flto -flto-partition=1to1 -r -nostdlib
FAIL: g++.dg/lto/20091026-1 cp_lto_20091026-1_0.o-cp_lto_20091026-1_1.o link, -O0 -flto -flto-partition=none
UNRESOLVED: g++.dg/lto/20091026-1 cp_lto_20091026-1_0.o-cp_lto_20091026-1_1.o execute -O0 -flto -flto-partition=none
FAIL: g++.dg/lto/20091026-1 cp_lto_20091026-1_0.o-cp_lto_20091026-1_1.o link, -O0 -flto -flto-partition=1to1
UNRESOLVED: g++.dg/lto/20091026-1 cp_lto_20091026-1_0.o-cp_lto_20091026-1_1.o execute -O0 -flto -flto-partition=1to1
FAIL: g++.dg/lto/20091026-1 cp_lto_20091026-1_0.o-cp_lto_20091026-1_1.o link, -O0 -flto
UNRESOLVED: g++.dg/lto/20091026-1 cp_lto_20091026-1_0.o-cp_lto_20091026-1_1.o execute -O0 -flto
FAIL: g++.dg/lto/20100724-1 cp_lto_20100724-1_0.o-cp_lto_20100724-1_0.o link, -ftoplevel-reorder -flto -flto-partition=none
UNRESOLVED: g++.dg/lto/20100724-1 cp_lto_20100724-1_0.o-cp_lto_20100724-1_0.o execute -ftoplevel-reorder -flto -flto-partition=none
FAIL: g++.dg/lto/20100724-1 cp_lto_20100724-1_0.o-cp_lto_20100724-1_0.o link, -ftoplevel-reorder -flto -flto-partition=1to1
UNRESOLVED: g++.dg/lto/20100724-1 cp_lto_20100724-1_0.o-cp_lto_20100724-1_0.o execute -ftoplevel-reorder -flto -flto-partition=1to1
FAIL: g++.dg/torture/pr48661.C -O1 (internal compiler error)
FAIL: g++.dg/torture/pr48661.C -O1 (test for excess errors)
UNRESOLVED: g++.dg/torture/pr48661.C -O1 compilation failed to produce executable
FAIL: g++.dg/torture/pr48661.C -O2 (internal compiler error)
FAIL: g++.dg/torture/pr48661.C -O2 (test for excess errors)
UNRESOLVED: g++.dg/torture/pr48661.C -O2 compilation failed to produce executable
FAIL: g++.dg/torture/pr48661.C -O3 -fomit-frame-pointer (internal compiler error)
FAIL: g++.dg/torture/pr48661.C -O3 -fomit-frame-pointer (test for excess errors)
UNRESOLVED: g++.dg/torture/pr48661.C -O3 -fomit-frame-pointer compilation failed to produce executable
FAIL: g++.dg/torture/pr48661.C -O3 -g (internal compiler error)
FAIL: g++.dg/torture/pr48661.C -O3 -g (test for excess errors)
UNRESOLVED: g++.dg/torture/pr48661.C -O3 -g compilation failed to produce executable
FAIL: g++.dg/torture/pr48661.C -Os (internal compiler error)
FAIL: g++.dg/torture/pr48661.C -Os (test for excess errors)
UNRESOLVED: g++.dg/torture/pr48661.C -Os compilation failed to produce executable
FAIL: g++.dg/torture/pr48661.C -O2 -flto -flto-partition=none (internal compiler error)
FAIL: g++.dg/torture/pr48661.C -O2 -flto -flto-partition=none (test for excess errors)
UNRESOLVED: g++.dg/torture/pr48661.C -O2 -flto -flto-partition=none compilation failed to produce executable
FAIL: g++.dg/torture/pr48661.C -O2 -flto (internal compiler error)
FAIL: g++.dg/torture/pr48661.C -O2 -flto (test for excess errors)
UNRESOLVED: g++.dg/torture/pr48661.C -O2 -flto compilation failed to produce executable
FAIL: g++.dg/vect/pr36648.cc scan-tree-dump-times vect "vectorized 1 loops" 1
FAIL: g++.dg/vect/pr36648.cc scan-tree-dump-times vect "vectorizing stmts using SLP" 1
=== g++ Summary ===
# of expected passes 26352
# of unexpected failures 38
# of unexpected successes 2
# of expected failures 162
# of unresolved testcases 17
# of unsupported tests 394
/scratch/gcc/nightly-2011-04-22-mainline/arm-none-linux-gnueabi/obj/test-mainline-0-arm-none-linux-gnueabi/host-i686-pc-linux-gnu/fsf-mainline/bin/arm-none-linux-gnueabi-g++ version 4.7.0 20110422 (experimental) (GCC)
Host is i686-pc-linux-gnu
=== gcc tests ===
Running target qemu-default
FAIL: gcc.dg/march.c (test for excess errors)
FAIL: gcc.dg/uninit-13.c unconditional (test for warnings, line 8)
FAIL: gcc.dg/uninit-13.c (test for excess errors)
FAIL: gcc.dg/lto/20110201-1 c_lto_20110201-1_0.o-c_lto_20110201-1_0.o link, -O0 -flto
UNRESOLVED: gcc.dg/lto/20110201-1 c_lto_20110201-1_0.o-c_lto_20110201-1_0.o execute -O0 -flto
XPASS: gcc.dg/tree-ssa/20040204-1.c scan-tree-dump-times optimized "link_error" 0
XPASS: gcc.dg/vect/vect-16.c scan-tree-dump-times vect "vectorized 1 loops" 1
FAIL: gcc.dg/vect/vect-72.c scan-tree-dump-times vect "Alignment of access forced using peeling" 0
FAIL: gcc.dg/vect/vect-multitypes-11.c scan-tree-dump-times vect "vectorized 1 loops" 1
FAIL: gcc.dg/vect/vect-multitypes-12.c scan-tree-dump-times vect "vectorized 1 loops" 1
FAIL: gcc.dg/vect/vect-peel-3.c scan-tree-dump-times vect "Vectorizing an unaligned access" 1
FAIL: gcc.dg/vect/vect-peel-4.c scan-tree-dump-times vect "Vectorizing an unaligned access" 1
FAIL: gcc.dg/vect/vect-reduc-dot-s16b.c scan-tree-dump-times vect "vectorized 1 loops" 0
FAIL: gcc.dg/vect/vect-reduc-pattern-1a.c scan-tree-dump-times vect "vectorized 1 loops" 0
FAIL: gcc.dg/vect/vect-reduc-pattern-1b.c scan-tree-dump-times vect "vectorized 1 loops" 0
FAIL: gcc.dg/vect/vect-reduc-pattern-1c.c scan-tree-dump-times vect "vectorized 1 loops" 0
FAIL: gcc.dg/vect/vect-reduc-pattern-2a.c scan-tree-dump-times vect "vectorized 1 loops" 0
FAIL: gcc.dg/vect/vect-reduc-pattern-2b.c scan-tree-dump-times vect "vectorized 1 loops" 0
XPASS: gcc.dg/vect/slp-reduc-3.c scan-tree-dump-times vect "vectorizing stmts using SLP" 1
FAIL: gcc.dg/vect/bb-slp-10.c scan-tree-dump-times slp "unsupported alignment in basic block." 1
XPASS: gcc.dg/vect/vect-16.c -flto scan-tree-dump-times vect "vectorized 1 loops" 1
FAIL: gcc.dg/vect/vect-72.c -flto scan-tree-dump-times vect "Alignment of access forced using peeling" 0
FAIL: gcc.dg/vect/vect-multitypes-11.c -flto scan-tree-dump-times vect "vectorized 1 loops" 1
FAIL: gcc.dg/vect/vect-multitypes-12.c -flto scan-tree-dump-times vect "vectorized 1 loops" 1
FAIL: gcc.dg/vect/vect-peel-3.c -flto scan-tree-dump-times vect "Vectorizing an unaligned access" 1
FAIL: gcc.dg/vect/vect-peel-4.c -flto scan-tree-dump-times vect "Vectorizing an unaligned access" 1
FAIL: gcc.dg/vect/vect-reduc-dot-s16b.c -flto scan-tree-dump-times vect "vectorized 1 loops" 0
FAIL: gcc.dg/vect/vect-reduc-pattern-1a.c -flto scan-tree-dump-times vect "vectorized 1 loops" 0
FAIL: gcc.dg/vect/vect-reduc-pattern-1b.c -flto scan-tree-dump-times vect "vectorized 1 loops" 0
FAIL: gcc.dg/vect/vect-reduc-pattern-1c.c -flto scan-tree-dump-times vect "vectorized 1 loops" 0
FAIL: gcc.dg/vect/vect-reduc-pattern-2a.c -flto scan-tree-dump-times vect "vectorized 1 loops" 0
FAIL: gcc.dg/vect/vect-reduc-pattern-2b.c -flto scan-tree-dump-times vect "vectorized 1 loops" 0
XPASS: gcc.dg/vect/slp-reduc-3.c -flto scan-tree-dump-times vect "vectorizing stmts using SLP" 1
FAIL: gcc.dg/vect/bb-slp-10.c -flto scan-tree-dump-times slp "unsupported alignment in basic block." 1
FAIL: gcc.dg/vect/wrapv-vect-reduc-pattern-2c.c scan-tree-dump-times vect "vectorized 1 loops" 0
XPASS: gcc.dg/vect/no-scevccp-outer-16.c scan-tree-dump-times vect "OUTER LOOP VECTORIZED." 1
XPASS: gcc.dg/vect/no-scevccp-outer-17.c scan-tree-dump-times vect "OUTER LOOP VECTORIZED." 1
XPASS: gcc.dg/vect/no-scevccp-outer-19.c scan-tree-dump-times vect "OUTER LOOP VECTORIZED." 1
XPASS: gcc.dg/vect/no-scevccp-outer-21.c scan-tree-dump-times vect "OUTER LOOP VECTORIZED." 1
FAIL: gcc.target/arm/fp16-compile-none-1.c (test for errors, line 6)
FAIL: gcc.target/arm/fp16-compile-none-1.c (test for excess errors)
FAIL: gcc.target/arm/pr42575.c scan-assembler-not mov
=== gcc Summary ===
# of expected passes 74921
# of unexpected failures 32
# of unexpected successes 9
# of expected failures 225
# of unresolved testcases 1
# of unsupported tests 1060
/scratch/gcc/nightly-2011-04-22-mainline/arm-none-linux-gnueabi/obj/test-mainline-0-arm-none-linux-gnueabi/host-i686-pc-linux-gnu/fsf-mainline/bin/arm-none-linux-gnueabi-gcc version 4.7.0 20110422 (experimental) (GCC)
Host is i686-pc-linux-gnu
=== libstdc++ tests ===
Running target qemu-default
FAIL: 21_strings/basic_string/inserters_extractors/wchar_t/28277.cc execution test
WARNING: program timed out.
FAIL: 22_locale/locale/cons/12658_thread-2.cc execution test
FAIL: 27_io/basic_ostream/inserters_character/wchar_t/28277-3.cc execution test
FAIL: 27_io/basic_ostream/inserters_character/wchar_t/28277-4.cc execution test
FAIL: ext/vstring/inserters_extractors/wchar_t/28277.cc execution test
=== libstdc++ Summary ===
# of expected passes 8114
# of unexpected failures 5
# of expected failures 82
# of unsupported tests 135
Host is i686-pc-linux-gnu
=== g++ tests ===
Running target qemu-default-thumb/-mthumb
FAIL: g++.dg/abi/local1.C execution test
FAIL: g++.dg/abi/packed1.C (test for excess errors)
FAIL: g++.dg/cpp0x/constexpr-abi1.C (internal compiler error)
FAIL: g++.dg/cpp0x/constexpr-abi1.C (test for excess errors)
FAIL: g++.dg/cpp0x/constexpr-ex4.C (internal compiler error)
FAIL: g++.dg/cpp0x/constexpr-ex4.C (test for excess errors)
FAIL: g++.dg/cpp0x/constexpr-static6.C (internal compiler error)
FAIL: g++.dg/cpp0x/constexpr-static6.C (test for excess errors)
XPASS: g++.dg/other/packed1.C execution test
FAIL: g++.dg/template/cond5.C (internal compiler error)
FAIL: g++.dg/template/cond5.C (test for excess errors)
FAIL: g++.dg/template/stdarg1.C (test for excess errors)
XPASS: g++.dg/tree-ssa/pr43411.C scan-tree-dump-not optimized "OBJ_TYPE_REF"
FAIL: g++.dg/warn/Wunused-parm-3.C (test for excess errors)
FAIL: g++.dg/lto/20081109-1 cp_lto_20081109-1_0.o-cp_lto_20081109-1_0.o link, -fPIC -flto -flto-partition=1to1
UNRESOLVED: g++.dg/lto/20081109-1 cp_lto_20081109-1_0.o-cp_lto_20081109-1_0.o execute -fPIC -flto -flto-partition=1to1
FAIL: g++.dg/lto/20081118 cp_lto_20081118_0.o-cp_lto_20081118_1.o link, -fPIC -flto -flto-partition=1to1 -r -nostdlib
UNRESOLVED: g++.dg/lto/20081118 cp_lto_20081118_0.o-cp_lto_20081118_1.o execute -fPIC -flto -flto-partition=1to1 -r -nostdlib
FAIL: g++.dg/lto/20081204-1 cp_lto_20081204-1_0.o-cp_lto_20081204-1_1.o link, -flto -flto-partition=1to1 -fPIC -r -nostdlib
UNRESOLVED: g++.dg/lto/20081204-1 cp_lto_20081204-1_0.o-cp_lto_20081204-1_1.o execute -flto -flto-partition=1to1 -fPIC -r -nostdlib
FAIL: g++.dg/lto/20081219 cp_lto_20081219_0.o-cp_lto_20081219_1.o link, -fPIC -flto -flto-partition=1to1 -O2
UNRESOLVED: g++.dg/lto/20081219 cp_lto_20081219_0.o-cp_lto_20081219_1.o execute -fPIC -flto -flto-partition=1to1 -O2
FAIL: g++.dg/lto/20090302 cp_lto_20090302_0.o-cp_lto_20090302_1.o link, -fPIC -flto -flto-partition=1to1 -r -nostdlib
UNRESOLVED: g++.dg/lto/20090302 cp_lto_20090302_0.o-cp_lto_20090302_1.o execute -fPIC -flto -flto-partition=1to1 -r -nostdlib
FAIL: g++.dg/lto/20091026-1 cp_lto_20091026-1_0.o-cp_lto_20091026-1_1.o link, -O0 -flto -flto-partition=none
UNRESOLVED: g++.dg/lto/20091026-1 cp_lto_20091026-1_0.o-cp_lto_20091026-1_1.o execute -O0 -flto -flto-partition=none
FAIL: g++.dg/lto/20091026-1 cp_lto_20091026-1_0.o-cp_lto_20091026-1_1.o link, -O0 -flto -flto-partition=1to1
UNRESOLVED: g++.dg/lto/20091026-1 cp_lto_20091026-1_0.o-cp_lto_20091026-1_1.o execute -O0 -flto -flto-partition=1to1
FAIL: g++.dg/lto/20091026-1 cp_lto_20091026-1_0.o-cp_lto_20091026-1_1.o link, -O0 -flto
UNRESOLVED: g++.dg/lto/20091026-1 cp_lto_20091026-1_0.o-cp_lto_20091026-1_1.o execute -O0 -flto
FAIL: g++.dg/lto/20100724-1 cp_lto_20100724-1_0.o-cp_lto_20100724-1_0.o link, -ftoplevel-reorder -flto -flto-partition=none
UNRESOLVED: g++.dg/lto/20100724-1 cp_lto_20100724-1_0.o-cp_lto_20100724-1_0.o execute -ftoplevel-reorder -flto -flto-partition=none
FAIL: g++.dg/lto/20100724-1 cp_lto_20100724-1_0.o-cp_lto_20100724-1_0.o link, -ftoplevel-reorder -flto -flto-partition=1to1
UNRESOLVED: g++.dg/lto/20100724-1 cp_lto_20100724-1_0.o-cp_lto_20100724-1_0.o execute -ftoplevel-reorder -flto -flto-partition=1to1
FAIL: g++.dg/torture/pr48661.C -O1 (internal compiler error)
FAIL: g++.dg/torture/pr48661.C -O1 (test for excess errors)
UNRESOLVED: g++.dg/torture/pr48661.C -O1 compilation failed to produce executable
FAIL: g++.dg/torture/pr48661.C -O2 (internal compiler error)
FAIL: g++.dg/torture/pr48661.C -O2 (test for excess errors)
UNRESOLVED: g++.dg/torture/pr48661.C -O2 compilation failed to produce executable
FAIL: g++.dg/torture/pr48661.C -O3 -fomit-frame-pointer (internal compiler error)
FAIL: g++.dg/torture/pr48661.C -O3 -fomit-frame-pointer (test for excess errors)
UNRESOLVED: g++.dg/torture/pr48661.C -O3 -fomit-frame-pointer compilation failed to produce executable
FAIL: g++.dg/torture/pr48661.C -O3 -g (internal compiler error)
FAIL: g++.dg/torture/pr48661.C -O3 -g (test for excess errors)
UNRESOLVED: g++.dg/torture/pr48661.C -O3 -g compilation failed to produce executable
FAIL: g++.dg/torture/pr48661.C -Os (internal compiler error)
FAIL: g++.dg/torture/pr48661.C -Os (test for excess errors)
UNRESOLVED: g++.dg/torture/pr48661.C -Os compilation failed to produce executable
FAIL: g++.dg/torture/pr48661.C -O2 -flto -flto-partition=none (internal compiler error)
FAIL: g++.dg/torture/pr48661.C -O2 -flto -flto-partition=none (test for excess errors)
UNRESOLVED: g++.dg/torture/pr48661.C -O2 -flto -flto-partition=none compilation failed to produce executable
FAIL: g++.dg/torture/pr48661.C -O2 -flto (internal compiler error)
FAIL: g++.dg/torture/pr48661.C -O2 -flto (test for excess errors)
UNRESOLVED: g++.dg/torture/pr48661.C -O2 -flto compilation failed to produce executable
=== g++ Summary ===
# of expected passes 26290
# of unexpected failures 36
# of unexpected successes 2
# of expected failures 162
# of unresolved testcases 17
# of unsupported tests 402
/scratch/gcc/nightly-2011-04-22-mainline/arm-none-linux-gnueabi/obj/test-mainline-0-arm-none-linux-gnueabi/host-i686-pc-linux-gnu/fsf-mainline/bin/arm-none-linux-gnueabi-g++ version 4.7.0 20110422 (experimental) (GCC)
Host is i686-pc-linux-gnu
=== gcc tests ===
Running target qemu-default-thumb/-mthumb
XPASS: gcc.c-torture/execute/941014-1.c execution, -O0
FAIL: gcc.c-torture/execute/pr45070.c execution, -Os
FAIL: gcc.dg/march.c (test for excess errors)
FAIL: gcc.dg/uninit-13.c unconditional (test for warnings, line 8)
FAIL: gcc.dg/uninit-13.c (test for excess errors)
FAIL: gcc.dg/lto/20110201-1 c_lto_20110201-1_0.o-c_lto_20110201-1_0.o link, -O0 -flto
UNRESOLVED: gcc.dg/lto/20110201-1 c_lto_20110201-1_0.o-c_lto_20110201-1_0.o execute -O0 -flto
XPASS: gcc.dg/tree-ssa/20040204-1.c scan-tree-dump-times optimized "link_error" 0
FAIL: gcc.target/arm/fp16-compile-none-1.c (test for errors, line 6)
FAIL: gcc.target/arm/fp16-compile-none-1.c (test for excess errors)
FAIL: gcc.target/arm/pr42172-1.c scan-assembler-times ldr 1
FAIL: gcc.target/arm/unsigned-extend-1.c scan-assembler-not uxtb
=== gcc Summary ===
# of expected passes 69112
# of unexpected failures 9
# of unexpected successes 2
# of expected failures 107
# of unresolved testcases 1
# of unsupported tests 2901
/scratch/gcc/nightly-2011-04-22-mainline/arm-none-linux-gnueabi/obj/test-mainline-0-arm-none-linux-gnueabi/host-i686-pc-linux-gnu/fsf-mainline/bin/arm-none-linux-gnueabi-gcc version 4.7.0 20110422 (experimental) (GCC)
Host is i686-pc-linux-gnu
=== libstdc++ tests ===
Running target qemu-default-thumb/-mthumb
FAIL: 21_strings/basic_string/inserters_extractors/char/1.cc execution test
FAIL: 21_strings/basic_string/inserters_extractors/wchar_t/1.cc execution test
FAIL: 21_strings/basic_string/inserters_extractors/wchar_t/28277.cc execution test
WARNING: program timed out.
FAIL: 22_locale/locale/cons/12658_thread-2.cc execution test
FAIL: 22_locale/time_get/get_date/char/3.cc execution test
FAIL: 22_locale/time_get/get_date/char/wrapped_locale.cc execution test
FAIL: 22_locale/time_get/get_date/wchar_t/wrapped_locale.cc execution test
FAIL: 22_locale/time_get/get_time/char/3.cc execution test
FAIL: 22_locale/time_get/get_time/char/wrapped_locale.cc execution test
FAIL: 22_locale/time_get/get_time/wchar_t/3.cc execution test
FAIL: 22_locale/time_get/get_time/wchar_t/wrapped_locale.cc execution test
FAIL: 22_locale/time_get/get_weekday/char/3.cc execution test
FAIL: 22_locale/time_get/get_weekday/char/wrapped_locale.cc execution test
FAIL: 22_locale/time_get/get_weekday/wchar_t/3.cc execution test
FAIL: 22_locale/time_get/get_weekday/wchar_t/wrapped_locale.cc execution test
FAIL: 22_locale/time_get/get_year/char/3.cc execution test
FAIL: 22_locale/time_get/get_year/char/wrapped_locale.cc execution test
FAIL: 27_io/basic_istream/extractors_arithmetic/wchar_t/13.cc execution test
FAIL: 27_io/basic_istream/extractors_other/char/26181.cc execution test
FAIL: 27_io/basic_istream/extractors_other/wchar_t/26181.cc execution test
FAIL: 27_io/basic_istream/seekg/char/26211.cc execution test
FAIL: 27_io/basic_istream/seekg/wchar_t/26211.cc execution test
FAIL: 27_io/basic_istream/seekg/wchar_t/fstream.cc execution test
FAIL: 27_io/basic_istream/tellg/char/26211.cc execution test
FAIL: 27_io/basic_istream/tellg/wchar_t/26211.cc execution test
FAIL: 27_io/basic_ostream/inserters_arithmetic/char/7.cc execution test
FAIL: 27_io/basic_ostream/inserters_arithmetic/wchar_t/5.cc execution test
FAIL: 27_io/basic_ostream/inserters_arithmetic/wchar_t/6.cc execution test
FAIL: 27_io/basic_ostream/inserters_character/wchar_t/28277-3.cc execution test
FAIL: 27_io/basic_ostream/inserters_character/wchar_t/28277-4.cc execution test
FAIL: 27_io/basic_ostream/inserters_other/wchar_t/3.cc execution test
FAIL: 27_io/manipulators/standard/char/1.cc execution test
FAIL: 27_io/manipulators/standard/char/2.cc execution test
FAIL: 27_io/manipulators/standard/wchar_t/1.cc execution test
FAIL: 27_io/manipulators/standard/wchar_t/2.cc execution test
FAIL: ext/vstring/inserters_extractors/wchar_t/28277.cc execution test
=== libstdc++ Summary ===
# of expected passes 8083
# of unexpected failures 36
# of expected failures 82
# of unsupported tests 135
Compiler version: 4.7.0 20110422 (experimental) (GCC)
Platform: arm-none-linux-gnueabi
configure flags: --build=i686-pc-linux-gnu --host=i686-pc-linux-gnu --target=arm-none-linux-gnueabi --enable-threads --disable-libmudflap --disable-libssp --disable-libstdcxx-pch --with-gnu-as --with-gnu-ld --enable-languages=c,c++ --enable-shared --enable-lto --enable-symvers=gnu --enable-__cxa_atexit --disable-nls --prefix=/opt/codesourcery --with-sysroot=/opt/codesourcery/arm-none-linux-gnueabi/libc --with-build-sysroot=/scratch/gcc/nightly-2011-04-22-mainline/arm-none-linux-gnueabi/install/arm-none-linux-gnueabi/libc --with-gmp=/scratch/gcc/nightly-2011-04-22-mainline/arm-none-linux-gnueabi/obj/host-libs-mainline-0-arm-none-linux-gnueabi-i686-pc-linux-gnu/usr --with-mpfr=/scratch/gcc/nightly-2011-04-22-mainline/arm-none-linux-gnueabi/obj/host-libs-mainline-0-arm-none-linux-gnueabi-i686-pc-linux-gnu/usr --with-mpc=/scratch/gcc/nightly-2011-04-22-mainline/arm-none-linux-gnueabi/obj/host-libs-mainline-0-arm-none-linux-gnueabi-i686-pc-linux-gnu/usr --with-ppl=/scratch/gcc/nig
htly-2011-04-22-mainline/arm-none-linux-gnueabi/obj/host-libs-mainline-0-arm-none-linux-gnueabi-i686-pc-linux-gnu/usr --with-host-libstdcxx='-static-libgcc -Wl,-Bstatic,-lstdc++,-Bdynamic -lm' --with-cloog=/scratch/gcc/nightly-2011-04-22-mainline/arm-none-linux-gnueabi/obj/host-libs-mainline-0-arm-none-linux-gnueabi-i686-pc-linux-gnu/usr --with-libelf=/scratch/gcc/nightly-2011-04-22-mainline/arm-none-linux-gnueabi/obj/host-libs-mainline-0-arm-none-linux-gnueabi-i686-pc-linux-gnu/usr --disable-libgomp --enable-poison-system-directories --with-build-time-tools=/scratch/gcc/nightly-2011-04-22-mainline/arm-none-linux-gnueabi/install/arm-none-linux-gnueabi/bin --with-build-time-tools=/scratch/gcc/nightly-2011-04-22-mainline/arm-none-linux-gnueabi/install/arm-none-linux-gnueabi/bin