This is the mail archive of the
gcc-testresults@gcc.gnu.org
mailing list for the GCC project.
Results for 4.4.7 20110419 (prerelease) (GCC) testsuite on alphaev6-unknown-linux-gnu
- From: Mikael Pettersson <mikpe at it dot uu dot se>
- To: gcc-testresults at gcc dot gnu dot org
- Date: Fri, 22 Apr 2011 18:47:36 +0200
- Subject: Results for 4.4.7 20110419 (prerelease) (GCC) testsuite on alphaev6-unknown-linux-gnu
LAST_UPDATED: Obtained from SVN: branches/gcc-4_4-branch revision 172740
Native configuration is alphaev6-unknown-linux-gnu
=== libgomp tests ===
Running target unix
=== libgomp Summary ===
# of expected passes 1029
=== libstdc++ tests ===
Running target unix
FAIL: abi_check
FAIL: 26_numerics/complex/13450.cc execution test
=== libstdc++ Summary ===
# of expected passes 6505
# of unexpected failures 2
# of expected failures 80
# of unsupported tests 15
=== g++ tests ===
Running target unix
FAIL: g++.dg/compat/eh/unexpected1 cp_compat_x_tst.o-cp_compat_y_tst.o execute
FAIL: g++.dg/eh/unexpected1.C execution test
FAIL: g++.old-deja/g++.eh/spec2.C execution test
FAIL: g++.old-deja/g++.eh/spec3.C execution test
FAIL: g++.old-deja/g++.eh/spec4.C execution test
FAIL: g++.old-deja/g++.mike/eh33.C execution test
FAIL: g++.old-deja/g++.mike/eh50.C execution test
FAIL: g++.old-deja/g++.mike/eh51.C execution test
=== g++ Summary ===
# of expected passes 19630
# of unexpected failures 8
# of expected failures 159
# of unsupported tests 169
/home/mikpe/objdir44/gcc/testsuite/g++/../../g++ version 4.4.7 20110419 (prerelease) (GCC)
=== gcc tests ===
Running target unix
FAIL: gcc.c-torture/compile/limits-exprparen.c -O0 (test for excess errors)
FAIL: gcc.c-torture/compile/limits-exprparen.c -O1 (test for excess errors)
FAIL: gcc.c-torture/compile/limits-exprparen.c -O2 (test for excess errors)
FAIL: gcc.c-torture/compile/limits-exprparen.c -O3 -fomit-frame-pointer (test for excess errors)
FAIL: gcc.c-torture/compile/limits-exprparen.c -O3 -g (test for excess errors)
FAIL: gcc.c-torture/compile/limits-exprparen.c -Os (test for excess errors)
=== gcc Summary ===
# of expected passes 50900
# of unexpected failures 6
# of expected failures 115
# of unsupported tests 544
/home/mikpe/objdir44/gcc/xgcc version 4.4.7 20110419 (prerelease) (GCC)
Compiler version: 4.4.7 20110419 (prerelease) (GCC)
Platform: alphaev6-unknown-linux-gnu
configure flags: --prefix=/home/mikpe/install44 --with-gmp=/home/mikpe/pkgs/linux-alpha/gmp-4.3.2 --with-mpfr=/home/mikpe/pkgs/linux-alpha/mpfr-2.4.2 --disable-nls --enable-threads=posix --enable-checking=release --disable-libmudflap --enable-languages=c,c++ --with-long-double-128 --with-cpu=ev6
BOOT_CFLAGS=-g -O2