This is the mail archive of the
gcc-testresults@gcc.gnu.org
mailing list for the GCC project.
Results for 4.5.3 20110408 (prerelease) [gcc-4_5-branch revision 172153] (GCC) testsuite on i386-pc-solaris2.11
- From: Rainer Orth <ro at CeBiTec dot Uni-Bielefeld dot DE>
- To: gcc-testresults at gcc dot gnu dot org
- Date: Mon, 11 Apr 2011 12:35:49 +0200 (MEST)
- Subject: Results for 4.5.3 20110408 (prerelease) [gcc-4_5-branch revision 172153] (GCC) testsuite on i386-pc-solaris2.11
LAST_UPDATED: Fri Apr 8 14:11:50 UTC 2011 (revision 172153)
=== acats tests ===
=== acats Summary ===
# of expected passes 2321
# of unexpected failures 0
Native configuration is i386-pc-solaris2.11
=== g++ tests ===
Running target unix
FAIL: g++.dg/debug/debug9.C -gstabs (test for excess errors)
FAIL: g++.dg/debug/debug9.C -gstabs -O2 (test for excess errors)
FAIL: g++.dg/debug/debug9.C -gstabs -O3 (test for excess errors)
FAIL: g++.dg/debug/debug9.C -gstabs3 (test for excess errors)
FAIL: g++.dg/debug/debug9.C -gstabs3 -O2 (test for excess errors)
FAIL: g++.dg/debug/debug9.C -gstabs3 -O3 (test for excess errors)
FAIL: g++.dg/debug/debug9.C -gstabs+ (test for excess errors)
FAIL: g++.dg/debug/debug9.C -gstabs+ -O2 (test for excess errors)
FAIL: g++.dg/debug/debug9.C -gstabs+ -O3 (test for excess errors)
FAIL: g++.dg/debug/debug9.C -gstabs+3 (test for excess errors)
FAIL: g++.dg/debug/debug9.C -gstabs+3 -O2 (test for excess errors)
FAIL: g++.dg/debug/debug9.C -gstabs+3 -O3 (test for excess errors)
=== g++ Summary for unix ===
# of expected passes 23124
# of unexpected failures 12
# of expected failures 154
# of unsupported tests 167
Running target unix/-m64
FAIL: g++.dg/debug/debug9.C -gstabs1 (test for excess errors)
FAIL: g++.dg/debug/debug9.C -gstabs (test for excess errors)
FAIL: g++.dg/debug/debug9.C -gstabs -O2 (test for excess errors)
FAIL: g++.dg/debug/debug9.C -gstabs -O3 (test for excess errors)
FAIL: g++.dg/debug/debug9.C -gstabs3 (test for excess errors)
FAIL: g++.dg/debug/debug9.C -gstabs3 -O2 (test for excess errors)
FAIL: g++.dg/debug/debug9.C -gstabs3 -O3 (test for excess errors)
FAIL: g++.dg/debug/debug9.C -gstabs+1 (test for excess errors)
FAIL: g++.dg/debug/debug9.C -gstabs+ (test for excess errors)
FAIL: g++.dg/debug/debug9.C -gstabs+ -O2 (test for excess errors)
FAIL: g++.dg/debug/debug9.C -gstabs+ -O3 (test for excess errors)
FAIL: g++.dg/debug/debug9.C -gstabs+3 (test for excess errors)
FAIL: g++.dg/debug/debug9.C -gstabs+3 -O2 (test for excess errors)
FAIL: g++.dg/debug/debug9.C -gstabs+3 -O3 (test for excess errors)
=== g++ Summary for unix/-m64 ===
# of expected passes 22742
# of unexpected failures 14
# of expected failures 154
# of unsupported tests 350
=== g++ Summary ===
# of expected passes 45866
# of unexpected failures 26
# of expected failures 308
# of unsupported tests 517
/var/gcc/regression/gcc-4.5-branch/11-gcc/build/gcc/testsuite/g++/../../g++ version 4.5.3 20110408 (prerelease) [gcc-4_5-branch revision 172153] (GCC)
=== gcc tests ===
Running target unix
FAIL: gcc.dg/debug/20020220-1.c -gstabs (test for excess errors)
WARNING: gcc.dg/debug/20020220-1.c -gstabs compilation failed to produce executable
FAIL: gcc.dg/debug/20020220-1.c -gstabs3 (test for excess errors)
WARNING: gcc.dg/debug/20020220-1.c -gstabs3 compilation failed to produce executable
FAIL: gcc.dg/debug/20020220-1.c -gstabs+ (test for excess errors)
WARNING: gcc.dg/debug/20020220-1.c -gstabs+ compilation failed to produce executable
FAIL: gcc.dg/debug/20020220-1.c -gstabs+3 (test for excess errors)
WARNING: gcc.dg/debug/20020220-1.c -gstabs+3 compilation failed to produce executable
FAIL: gcc.dg/debug/20050907-1.c -gstabs1 (test for excess errors)
FAIL: gcc.dg/debug/20050907-1.c -gstabs (test for excess errors)
FAIL: gcc.dg/debug/20050907-1.c -gstabs3 (test for excess errors)
FAIL: gcc.dg/debug/20050907-1.c -gstabs+1 (test for excess errors)
FAIL: gcc.dg/debug/20050907-1.c -gstabs+ (test for excess errors)
FAIL: gcc.dg/debug/20050907-1.c -gstabs+3 (test for excess errors)
FAIL: gcc.dg/debug/pr29609-1.c -gstabs1 (test for excess errors)
WARNING: gcc.dg/debug/pr29609-1.c -gstabs1 compilation failed to produce executable
FAIL: gcc.dg/debug/pr29609-1.c -gstabs1 -O (test for excess errors)
WARNING: gcc.dg/debug/pr29609-1.c -gstabs1 -O compilation failed to produce executable
FAIL: gcc.dg/debug/pr29609-1.c -gstabs1 -O3 (test for excess errors)
WARNING: gcc.dg/debug/pr29609-1.c -gstabs1 -O3 compilation failed to produce executable
FAIL: gcc.dg/debug/pr29609-1.c -gstabs (test for excess errors)
WARNING: gcc.dg/debug/pr29609-1.c -gstabs compilation failed to produce executable
FAIL: gcc.dg/debug/pr29609-1.c -gstabs -O (test for excess errors)
WARNING: gcc.dg/debug/pr29609-1.c -gstabs -O compilation failed to produce executable
FAIL: gcc.dg/debug/pr29609-1.c -gstabs -O3 (test for excess errors)
WARNING: gcc.dg/debug/pr29609-1.c -gstabs -O3 compilation failed to produce executable
FAIL: gcc.dg/debug/pr29609-1.c -gstabs3 (test for excess errors)
WARNING: gcc.dg/debug/pr29609-1.c -gstabs3 compilation failed to produce executable
FAIL: gcc.dg/debug/pr29609-1.c -gstabs3 -O (test for excess errors)
WARNING: gcc.dg/debug/pr29609-1.c -gstabs3 -O compilation failed to produce executable
FAIL: gcc.dg/debug/pr29609-1.c -gstabs3 -O3 (test for excess errors)
WARNING: gcc.dg/debug/pr29609-1.c -gstabs3 -O3 compilation failed to produce executable
FAIL: gcc.dg/debug/pr29609-1.c -gstabs+1 (test for excess errors)
WARNING: gcc.dg/debug/pr29609-1.c -gstabs+1 compilation failed to produce executable
FAIL: gcc.dg/debug/pr29609-1.c -gstabs+1 -O (test for excess errors)
WARNING: gcc.dg/debug/pr29609-1.c -gstabs+1 -O compilation failed to produce executable
FAIL: gcc.dg/debug/pr29609-1.c -gstabs+1 -O3 (test for excess errors)
WARNING: gcc.dg/debug/pr29609-1.c -gstabs+1 -O3 compilation failed to produce executable
FAIL: gcc.dg/debug/pr29609-1.c -gstabs+ (test for excess errors)
WARNING: gcc.dg/debug/pr29609-1.c -gstabs+ compilation failed to produce executable
FAIL: gcc.dg/debug/pr29609-1.c -gstabs+ -O (test for excess errors)
WARNING: gcc.dg/debug/pr29609-1.c -gstabs+ -O compilation failed to produce executable
FAIL: gcc.dg/debug/pr29609-1.c -gstabs+ -O3 (test for excess errors)
WARNING: gcc.dg/debug/pr29609-1.c -gstabs+ -O3 compilation failed to produce executable
FAIL: gcc.dg/debug/pr29609-1.c -gstabs+3 (test for excess errors)
WARNING: gcc.dg/debug/pr29609-1.c -gstabs+3 compilation failed to produce executable
FAIL: gcc.dg/debug/pr29609-1.c -gstabs+3 -O (test for excess errors)
WARNING: gcc.dg/debug/pr29609-1.c -gstabs+3 -O compilation failed to produce executable
FAIL: gcc.dg/debug/pr29609-1.c -gstabs+3 -O3 (test for excess errors)
WARNING: gcc.dg/debug/pr29609-1.c -gstabs+3 -O3 compilation failed to produce executable
FAIL: gcc.dg/debug/pr37616.c -gstabs1 (test for excess errors)
WARNING: gcc.dg/debug/pr37616.c -gstabs1 compilation failed to produce executable
FAIL: gcc.dg/debug/pr37616.c -gstabs1 -O (test for excess errors)
WARNING: gcc.dg/debug/pr37616.c -gstabs1 -O compilation failed to produce executable
FAIL: gcc.dg/debug/pr37616.c -gstabs1 -O3 (test for excess errors)
WARNING: gcc.dg/debug/pr37616.c -gstabs1 -O3 compilation failed to produce executable
FAIL: gcc.dg/debug/pr37616.c -gstabs (test for excess errors)
WARNING: gcc.dg/debug/pr37616.c -gstabs compilation failed to produce executable
FAIL: gcc.dg/debug/pr37616.c -gstabs -O (test for excess errors)
WARNING: gcc.dg/debug/pr37616.c -gstabs -O compilation failed to produce executable
FAIL: gcc.dg/debug/pr37616.c -gstabs -O3 (test for excess errors)
WARNING: gcc.dg/debug/pr37616.c -gstabs -O3 compilation failed to produce executable
FAIL: gcc.dg/debug/pr37616.c -gstabs3 (test for excess errors)
WARNING: gcc.dg/debug/pr37616.c -gstabs3 compilation failed to produce executable
FAIL: gcc.dg/debug/pr37616.c -gstabs3 -O (test for excess errors)
WARNING: gcc.dg/debug/pr37616.c -gstabs3 -O compilation failed to produce executable
FAIL: gcc.dg/debug/pr37616.c -gstabs3 -O3 (test for excess errors)
WARNING: gcc.dg/debug/pr37616.c -gstabs3 -O3 compilation failed to produce executable
FAIL: gcc.dg/debug/pr37616.c -gstabs+1 (test for excess errors)
WARNING: gcc.dg/debug/pr37616.c -gstabs+1 compilation failed to produce executable
FAIL: gcc.dg/debug/pr37616.c -gstabs+1 -O (test for excess errors)
WARNING: gcc.dg/debug/pr37616.c -gstabs+1 -O compilation failed to produce executable
FAIL: gcc.dg/debug/pr37616.c -gstabs+1 -O3 (test for excess errors)
WARNING: gcc.dg/debug/pr37616.c -gstabs+1 -O3 compilation failed to produce executable
FAIL: gcc.dg/debug/pr37616.c -gstabs+ (test for excess errors)
WARNING: gcc.dg/debug/pr37616.c -gstabs+ compilation failed to produce executable
FAIL: gcc.dg/debug/pr37616.c -gstabs+ -O (test for excess errors)
WARNING: gcc.dg/debug/pr37616.c -gstabs+ -O compilation failed to produce executable
FAIL: gcc.dg/debug/pr37616.c -gstabs+ -O3 (test for excess errors)
WARNING: gcc.dg/debug/pr37616.c -gstabs+ -O3 compilation failed to produce executable
FAIL: gcc.dg/debug/pr37616.c -gstabs+3 (test for excess errors)
WARNING: gcc.dg/debug/pr37616.c -gstabs+3 compilation failed to produce executable
FAIL: gcc.dg/debug/pr37616.c -gstabs+3 -O (test for excess errors)
WARNING: gcc.dg/debug/pr37616.c -gstabs+3 -O compilation failed to produce executable
FAIL: gcc.dg/debug/pr37616.c -gstabs+3 -O3 (test for excess errors)
WARNING: gcc.dg/debug/pr37616.c -gstabs+3 -O3 compilation failed to produce executable
=== gcc Summary for unix ===
# of expected passes 71413
# of unexpected failures 46
# of expected failures 167
# of unsupported tests 735
Running target unix/-m64
UNRESOLVED: gcc.c-torture/execute/960321-1.c execution, -O1
UNRESOLVED: gcc.c-torture/execute/960321-1.c execution, -O2
UNRESOLVED: gcc.c-torture/execute/960321-1.c execution, -O3 -fomit-frame-pointer
UNRESOLVED: gcc.c-torture/execute/960321-1.c execution, -O3 -g
UNRESOLVED: gcc.c-torture/execute/960321-1.c execution, -Os
UNRESOLVED: gcc.c-torture/execute/960321-1.c execution, -O2 -flto
UNRESOLVED: gcc.c-torture/execute/960321-1.c execution, -O2 -fwhopr
FAIL: gcc.dg/debug/20020220-1.c -gstabs1 (test for excess errors)
WARNING: gcc.dg/debug/20020220-1.c -gstabs1 compilation failed to produce executable
FAIL: gcc.dg/debug/20020220-1.c -gstabs (test for excess errors)
WARNING: gcc.dg/debug/20020220-1.c -gstabs compilation failed to produce executable
FAIL: gcc.dg/debug/20020220-1.c -gstabs3 (test for excess errors)
WARNING: gcc.dg/debug/20020220-1.c -gstabs3 compilation failed to produce executable
FAIL: gcc.dg/debug/20020220-1.c -gstabs+1 (test for excess errors)
WARNING: gcc.dg/debug/20020220-1.c -gstabs+1 compilation failed to produce executable
FAIL: gcc.dg/debug/20020220-1.c -gstabs+ (test for excess errors)
WARNING: gcc.dg/debug/20020220-1.c -gstabs+ compilation failed to produce executable
FAIL: gcc.dg/debug/20020220-1.c -gstabs+3 (test for excess errors)
WARNING: gcc.dg/debug/20020220-1.c -gstabs+3 compilation failed to produce executable
FAIL: gcc.dg/debug/20050907-1.c -gstabs1 (test for excess errors)
FAIL: gcc.dg/debug/20050907-1.c -gstabs (test for excess errors)
FAIL: gcc.dg/debug/20050907-1.c -gstabs3 (test for excess errors)
FAIL: gcc.dg/debug/20050907-1.c -gstabs+1 (test for excess errors)
FAIL: gcc.dg/debug/20050907-1.c -gstabs+ (test for excess errors)
FAIL: gcc.dg/debug/20050907-1.c -gstabs+3 (test for excess errors)
FAIL: gcc.dg/debug/pr29609-1.c -gstabs1 (test for excess errors)
WARNING: gcc.dg/debug/pr29609-1.c -gstabs1 compilation failed to produce executable
FAIL: gcc.dg/debug/pr29609-1.c -gstabs1 -O (test for excess errors)
WARNING: gcc.dg/debug/pr29609-1.c -gstabs1 -O compilation failed to produce executable
FAIL: gcc.dg/debug/pr29609-1.c -gstabs1 -O3 (test for excess errors)
WARNING: gcc.dg/debug/pr29609-1.c -gstabs1 -O3 compilation failed to produce executable
FAIL: gcc.dg/debug/pr29609-1.c -gstabs (test for excess errors)
WARNING: gcc.dg/debug/pr29609-1.c -gstabs compilation failed to produce executable
FAIL: gcc.dg/debug/pr29609-1.c -gstabs -O (test for excess errors)
WARNING: gcc.dg/debug/pr29609-1.c -gstabs -O compilation failed to produce executable
FAIL: gcc.dg/debug/pr29609-1.c -gstabs -O3 (test for excess errors)
WARNING: gcc.dg/debug/pr29609-1.c -gstabs -O3 compilation failed to produce executable
FAIL: gcc.dg/debug/pr29609-1.c -gstabs3 (test for excess errors)
WARNING: gcc.dg/debug/pr29609-1.c -gstabs3 compilation failed to produce executable
FAIL: gcc.dg/debug/pr29609-1.c -gstabs3 -O (test for excess errors)
WARNING: gcc.dg/debug/pr29609-1.c -gstabs3 -O compilation failed to produce executable
FAIL: gcc.dg/debug/pr29609-1.c -gstabs3 -O3 (test for excess errors)
WARNING: gcc.dg/debug/pr29609-1.c -gstabs3 -O3 compilation failed to produce executable
FAIL: gcc.dg/debug/pr29609-1.c -gstabs+1 (test for excess errors)
WARNING: gcc.dg/debug/pr29609-1.c -gstabs+1 compilation failed to produce executable
FAIL: gcc.dg/debug/pr29609-1.c -gstabs+1 -O (test for excess errors)
WARNING: gcc.dg/debug/pr29609-1.c -gstabs+1 -O compilation failed to produce executable
FAIL: gcc.dg/debug/pr29609-1.c -gstabs+1 -O3 (test for excess errors)
WARNING: gcc.dg/debug/pr29609-1.c -gstabs+1 -O3 compilation failed to produce executable
FAIL: gcc.dg/debug/pr29609-1.c -gstabs+ (test for excess errors)
WARNING: gcc.dg/debug/pr29609-1.c -gstabs+ compilation failed to produce executable
FAIL: gcc.dg/debug/pr29609-1.c -gstabs+ -O (test for excess errors)
WARNING: gcc.dg/debug/pr29609-1.c -gstabs+ -O compilation failed to produce executable
FAIL: gcc.dg/debug/pr29609-1.c -gstabs+ -O3 (test for excess errors)
WARNING: gcc.dg/debug/pr29609-1.c -gstabs+ -O3 compilation failed to produce executable
FAIL: gcc.dg/debug/pr29609-1.c -gstabs+3 (test for excess errors)
WARNING: gcc.dg/debug/pr29609-1.c -gstabs+3 compilation failed to produce executable
FAIL: gcc.dg/debug/pr29609-1.c -gstabs+3 -O (test for excess errors)
WARNING: gcc.dg/debug/pr29609-1.c -gstabs+3 -O compilation failed to produce executable
FAIL: gcc.dg/debug/pr29609-1.c -gstabs+3 -O3 (test for excess errors)
WARNING: gcc.dg/debug/pr29609-1.c -gstabs+3 -O3 compilation failed to produce executable
FAIL: gcc.dg/debug/pr36690-2.c -gstabs1 (test for excess errors)
WARNING: gcc.dg/debug/pr36690-2.c -gstabs1 compilation failed to produce executable
FAIL: gcc.dg/debug/pr36690-2.c -gstabs1 -O (test for excess errors)
WARNING: gcc.dg/debug/pr36690-2.c -gstabs1 -O compilation failed to produce executable
FAIL: gcc.dg/debug/pr36690-2.c -gstabs1 -O3 (test for excess errors)
WARNING: gcc.dg/debug/pr36690-2.c -gstabs1 -O3 compilation failed to produce executable
FAIL: gcc.dg/debug/pr36690-2.c -gstabs (test for excess errors)
WARNING: gcc.dg/debug/pr36690-2.c -gstabs compilation failed to produce executable
FAIL: gcc.dg/debug/pr36690-2.c -gstabs -O (test for excess errors)
WARNING: gcc.dg/debug/pr36690-2.c -gstabs -O compilation failed to produce executable
FAIL: gcc.dg/debug/pr36690-2.c -gstabs -O3 (test for excess errors)
WARNING: gcc.dg/debug/pr36690-2.c -gstabs -O3 compilation failed to produce executable
FAIL: gcc.dg/debug/pr36690-2.c -gstabs3 (test for excess errors)
WARNING: gcc.dg/debug/pr36690-2.c -gstabs3 compilation failed to produce executable
FAIL: gcc.dg/debug/pr36690-2.c -gstabs3 -O (test for excess errors)
WARNING: gcc.dg/debug/pr36690-2.c -gstabs3 -O compilation failed to produce executable
FAIL: gcc.dg/debug/pr36690-2.c -gstabs3 -O3 (test for excess errors)
WARNING: gcc.dg/debug/pr36690-2.c -gstabs3 -O3 compilation failed to produce executable
FAIL: gcc.dg/debug/pr36690-2.c -gstabs+1 (test for excess errors)
WARNING: gcc.dg/debug/pr36690-2.c -gstabs+1 compilation failed to produce executable
FAIL: gcc.dg/debug/pr36690-2.c -gstabs+1 -O (test for excess errors)
WARNING: gcc.dg/debug/pr36690-2.c -gstabs+1 -O compilation failed to produce executable
FAIL: gcc.dg/debug/pr36690-2.c -gstabs+1 -O3 (test for excess errors)
WARNING: gcc.dg/debug/pr36690-2.c -gstabs+1 -O3 compilation failed to produce executable
FAIL: gcc.dg/debug/pr36690-2.c -gstabs+ (test for excess errors)
WARNING: gcc.dg/debug/pr36690-2.c -gstabs+ compilation failed to produce executable
FAIL: gcc.dg/debug/pr36690-2.c -gstabs+ -O (test for excess errors)
WARNING: gcc.dg/debug/pr36690-2.c -gstabs+ -O compilation failed to produce executable
FAIL: gcc.dg/debug/pr36690-2.c -gstabs+ -O3 (test for excess errors)
WARNING: gcc.dg/debug/pr36690-2.c -gstabs+ -O3 compilation failed to produce executable
FAIL: gcc.dg/debug/pr36690-2.c -gstabs+3 (test for excess errors)
WARNING: gcc.dg/debug/pr36690-2.c -gstabs+3 compilation failed to produce executable
FAIL: gcc.dg/debug/pr36690-2.c -gstabs+3 -O (test for excess errors)
WARNING: gcc.dg/debug/pr36690-2.c -gstabs+3 -O compilation failed to produce executable
FAIL: gcc.dg/debug/pr36690-2.c -gstabs+3 -O3 (test for excess errors)
WARNING: gcc.dg/debug/pr36690-2.c -gstabs+3 -O3 compilation failed to produce executable
FAIL: gcc.dg/debug/pr36690-3.c -gstabs1 (test for excess errors)
WARNING: gcc.dg/debug/pr36690-3.c -gstabs1 compilation failed to produce executable
FAIL: gcc.dg/debug/pr36690-3.c -gstabs1 -O (test for excess errors)
WARNING: gcc.dg/debug/pr36690-3.c -gstabs1 -O compilation failed to produce executable
FAIL: gcc.dg/debug/pr36690-3.c -gstabs1 -O3 (test for excess errors)
WARNING: gcc.dg/debug/pr36690-3.c -gstabs1 -O3 compilation failed to produce executable
FAIL: gcc.dg/debug/pr36690-3.c -gstabs (test for excess errors)
WARNING: gcc.dg/debug/pr36690-3.c -gstabs compilation failed to produce executable
FAIL: gcc.dg/debug/pr36690-3.c -gstabs -O (test for excess errors)
WARNING: gcc.dg/debug/pr36690-3.c -gstabs -O compilation failed to produce executable
FAIL: gcc.dg/debug/pr36690-3.c -gstabs -O3 (test for excess errors)
WARNING: gcc.dg/debug/pr36690-3.c -gstabs -O3 compilation failed to produce executable
FAIL: gcc.dg/debug/pr36690-3.c -gstabs3 (test for excess errors)
WARNING: gcc.dg/debug/pr36690-3.c -gstabs3 compilation failed to produce executable
FAIL: gcc.dg/debug/pr36690-3.c -gstabs3 -O (test for excess errors)
WARNING: gcc.dg/debug/pr36690-3.c -gstabs3 -O compilation failed to produce executable
FAIL: gcc.dg/debug/pr36690-3.c -gstabs3 -O3 (test for excess errors)
WARNING: gcc.dg/debug/pr36690-3.c -gstabs3 -O3 compilation failed to produce executable
FAIL: gcc.dg/debug/pr36690-3.c -gstabs+1 (test for excess errors)
WARNING: gcc.dg/debug/pr36690-3.c -gstabs+1 compilation failed to produce executable
FAIL: gcc.dg/debug/pr36690-3.c -gstabs+1 -O (test for excess errors)
WARNING: gcc.dg/debug/pr36690-3.c -gstabs+1 -O compilation failed to produce executable
FAIL: gcc.dg/debug/pr36690-3.c -gstabs+1 -O3 (test for excess errors)
WARNING: gcc.dg/debug/pr36690-3.c -gstabs+1 -O3 compilation failed to produce executable
FAIL: gcc.dg/debug/pr36690-3.c -gstabs+ (test for excess errors)
WARNING: gcc.dg/debug/pr36690-3.c -gstabs+ compilation failed to produce executable
FAIL: gcc.dg/debug/pr36690-3.c -gstabs+ -O (test for excess errors)
WARNING: gcc.dg/debug/pr36690-3.c -gstabs+ -O compilation failed to produce executable
FAIL: gcc.dg/debug/pr36690-3.c -gstabs+ -O3 (test for excess errors)
WARNING: gcc.dg/debug/pr36690-3.c -gstabs+ -O3 compilation failed to produce executable
FAIL: gcc.dg/debug/pr36690-3.c -gstabs+3 (test for excess errors)
WARNING: gcc.dg/debug/pr36690-3.c -gstabs+3 compilation failed to produce executable
FAIL: gcc.dg/debug/pr36690-3.c -gstabs+3 -O (test for excess errors)
WARNING: gcc.dg/debug/pr36690-3.c -gstabs+3 -O compilation failed to produce executable
FAIL: gcc.dg/debug/pr36690-3.c -gstabs+3 -O3 (test for excess errors)
WARNING: gcc.dg/debug/pr36690-3.c -gstabs+3 -O3 compilation failed to produce executable
FAIL: gcc.dg/debug/pr37616.c -gstabs1 (test for excess errors)
WARNING: gcc.dg/debug/pr37616.c -gstabs1 compilation failed to produce executable
FAIL: gcc.dg/debug/pr37616.c -gstabs1 -O (test for excess errors)
WARNING: gcc.dg/debug/pr37616.c -gstabs1 -O compilation failed to produce executable
FAIL: gcc.dg/debug/pr37616.c -gstabs1 -O3 (test for excess errors)
WARNING: gcc.dg/debug/pr37616.c -gstabs1 -O3 compilation failed to produce executable
FAIL: gcc.dg/debug/pr37616.c -gstabs (test for excess errors)
WARNING: gcc.dg/debug/pr37616.c -gstabs compilation failed to produce executable
FAIL: gcc.dg/debug/pr37616.c -gstabs -O (test for excess errors)
WARNING: gcc.dg/debug/pr37616.c -gstabs -O compilation failed to produce executable
FAIL: gcc.dg/debug/pr37616.c -gstabs -O3 (test for excess errors)
WARNING: gcc.dg/debug/pr37616.c -gstabs -O3 compilation failed to produce executable
FAIL: gcc.dg/debug/pr37616.c -gstabs3 (test for excess errors)
WARNING: gcc.dg/debug/pr37616.c -gstabs3 compilation failed to produce executable
FAIL: gcc.dg/debug/pr37616.c -gstabs3 -O (test for excess errors)
WARNING: gcc.dg/debug/pr37616.c -gstabs3 -O compilation failed to produce executable
FAIL: gcc.dg/debug/pr37616.c -gstabs3 -O3 (test for excess errors)
WARNING: gcc.dg/debug/pr37616.c -gstabs3 -O3 compilation failed to produce executable
FAIL: gcc.dg/debug/pr37616.c -gstabs+1 (test for excess errors)
WARNING: gcc.dg/debug/pr37616.c -gstabs+1 compilation failed to produce executable
FAIL: gcc.dg/debug/pr37616.c -gstabs+1 -O (test for excess errors)
WARNING: gcc.dg/debug/pr37616.c -gstabs+1 -O compilation failed to produce executable
FAIL: gcc.dg/debug/pr37616.c -gstabs+1 -O3 (test for excess errors)
WARNING: gcc.dg/debug/pr37616.c -gstabs+1 -O3 compilation failed to produce executable
FAIL: gcc.dg/debug/pr37616.c -gstabs+ (test for excess errors)
WARNING: gcc.dg/debug/pr37616.c -gstabs+ compilation failed to produce executable
FAIL: gcc.dg/debug/pr37616.c -gstabs+ -O (test for excess errors)
WARNING: gcc.dg/debug/pr37616.c -gstabs+ -O compilation failed to produce executable
FAIL: gcc.dg/debug/pr37616.c -gstabs+ -O3 (test for excess errors)
WARNING: gcc.dg/debug/pr37616.c -gstabs+ -O3 compilation failed to produce executable
FAIL: gcc.dg/debug/pr37616.c -gstabs+3 (test for excess errors)
WARNING: gcc.dg/debug/pr37616.c -gstabs+3 compilation failed to produce executable
FAIL: gcc.dg/debug/pr37616.c -gstabs+3 -O (test for excess errors)
WARNING: gcc.dg/debug/pr37616.c -gstabs+3 -O compilation failed to produce executable
FAIL: gcc.dg/debug/pr37616.c -gstabs+3 -O3 (test for excess errors)
WARNING: gcc.dg/debug/pr37616.c -gstabs+3 -O3 compilation failed to produce executable
=== gcc Summary for unix/-m64 ===
# of expected passes 70865
# of unexpected failures 84
# of expected failures 172
# of unresolved testcases 7
# of unsupported tests 1086
=== gcc Summary ===
# of expected passes 142278
# of unexpected failures 130
# of expected failures 339
# of unresolved testcases 7
# of unsupported tests 1821
/var/gcc/regression/gcc-4.5-branch/11-gcc/build/gcc/xgcc version 4.5.3 20110408 (prerelease) [gcc-4_5-branch revision 172153] (GCC)
=== gfortran tests ===
Running target unix
=== gfortran Summary for unix ===
# of expected passes 34400
# of expected failures 20
# of unsupported tests 146
Running target unix/-m64
=== gfortran Summary for unix/-m64 ===
# of expected passes 34553
# of expected failures 20
# of unsupported tests 78
=== gfortran Summary ===
# of expected passes 68953
# of expected failures 40
# of unsupported tests 224
/var/gcc/regression/gcc-4.5-branch/11-gcc/build/gcc/testsuite/gfortran/../../gfortran version 4.5.3 20110408 (prerelease) [gcc-4_5-branch revision 172153] (GCC)
=== gnat tests ===
Running target unix
=== gnat Summary for unix ===
# of expected passes 766
# of expected failures 7
# of unsupported tests 1
Running target unix/-m64
=== gnat Summary for unix/-m64 ===
# of expected passes 766
# of expected failures 7
# of unsupported tests 1
=== gnat Summary ===
# of expected passes 1532
# of expected failures 14
# of unsupported tests 2
=== objc tests ===
Running target unix
=== objc Summary for unix ===
# of expected passes 1882
# of expected failures 7
# of unsupported tests 20
Running target unix/-m64
=== objc Summary for unix/-m64 ===
# of expected passes 1874
# of expected failures 15
# of unsupported tests 20
=== objc Summary ===
# of expected passes 3756
# of expected failures 22
# of unsupported tests 40
/var/gcc/regression/gcc-4.5-branch/11-gcc/build/gcc/xgcc version 4.5.3 20110408 (prerelease) [gcc-4_5-branch revision 172153] (GCC)
=== libffi tests ===
Running target unix
=== libffi Summary for unix ===
# of expected passes 1634
# of expected failures 10
# of unsupported tests 15
Running target unix/-m64
=== libffi Summary for unix/-m64 ===
# of expected passes 1634
# of expected failures 10
# of unsupported tests 15
=== libffi Summary ===
# of expected passes 3268
# of expected failures 20
# of unsupported tests 30
=== libgomp tests ===
Running target unix
=== libgomp Summary for unix ===
# of expected passes 2538
# of unsupported tests 2
Running target unix/-m64
FAIL: libgomp.c/atomic-2.c (test for excess errors)
WARNING: libgomp.c/atomic-2.c compilation failed to produce executable
FAIL: libgomp.c/atomic-5.c (test for excess errors)
WARNING: libgomp.c/atomic-5.c compilation failed to produce executable
=== libgomp Summary for unix/-m64 ===
# of expected passes 2534
# of unexpected failures 2
# of unsupported tests 2
=== libgomp Summary ===
# of expected passes 5072
# of unexpected failures 2
# of unsupported tests 4
=== libjava tests ===
Running target unix
FAIL: Throw_3 execution - source compiled test
=== libjava Summary for unix ===
# of expected passes 2572
# of unexpected failures 1
# of untested testcases 1
Running target unix/-m64
=== libjava Summary for unix/-m64 ===
# of expected passes 2574
=== libjava Summary ===
# of expected passes 5146
# of unexpected failures 1
# of untested testcases 1
=== libstdc++ tests ===
Running target unix
=== libstdc++ Summary for unix ===
# of expected passes 6699
# of expected failures 92
# of unsupported tests 436
Running target unix/-m64
=== libstdc++ Summary for unix/-m64 ===
# of expected passes 6699
# of expected failures 92
# of unsupported tests 436
=== libstdc++ Summary ===
# of expected passes 13398
# of expected failures 184
# of unsupported tests 872
=== libstdc++ Summary ===
Compiler version: 4.5.3 20110408 (prerelease) [gcc-4_5-branch revision 172153] (GCC)
Platform: i386-pc-solaris2.11
configure flags: --prefix=/vol/gcc --target=i386-pc-solaris2.11 --with-gmp=/vol/gcc --with-mpfr=/vol/gcc --with-mpc=/vol/gcc --enable-languages=all,ada --without-ppl --without-cloog
BOOT_CFLAGS=-g -O2