This is the mail archive of the
gcc-testresults@gcc.gnu.org
mailing list for the GCC project.
Results for 4.4.6 20110408 (prerelease) [gcc-4_4-branch revision 172152] (GCC) testsuite on hppa2.0w-hp-hpux11.11
- From: John David Anglin <dave at hiauly3 dot hia dot nrc dot ca>
- To: dave at hiauly3 dot hia dot nrc dot ca, gcc-testresults at gcc dot gnu dot org
- Date: Sun, 10 Apr 2011 13:33:08 -0400 (EDT)
- Subject: Results for 4.4.6 20110408 (prerelease) [gcc-4_4-branch revision 172152] (GCC) testsuite on hppa2.0w-hp-hpux11.11
LAST_UPDATED: Sat Apr 9 16:07:27 UTC 2011 (revision 172152)
=== acats tests ===
=== acats Summary ===
# of expected passes 2315
# of unexpected failures 0
Native configuration is hppa2.0w-hp-hpux11.11
=== g++ tests ===
Running target unix
=== g++ Summary ===
# of expected passes 18513
# of expected failures 161
# of unsupported tests 263
/mnt/gnu/gcc/objdir-test/gcc/testsuite/g++/../../g++ version 4.4.6 20110408 (prerelease) [gcc-4_4-branch revision 172152] (GCC)
=== gcc tests ===
Running target unix
=== gcc Summary ===
# of expected passes 49546
# of expected failures 115
# of unsupported tests 707
/mnt/gnu/gcc/objdir-test/gcc/xgcc version 4.4.6 20110408 (prerelease) [gcc-4_4-branch revision 172152] (GCC)
=== gfortran tests ===
Running target unix
=== gfortran Summary ===
# of expected passes 29392
# of expected failures 9
# of unsupported tests 282
/mnt/gnu/gcc/objdir-test/gcc/testsuite/gfortran/../../gfortran version 4.4.6 20110408 (prerelease) [gcc-4_4-branch revision 172152] (GCC)
=== gnat tests ===
Running target unix
=== gnat Summary ===
# of expected passes 620
# of expected failures 6
=== obj-c++ tests ===
Running target unix
XPASS: obj-c++.dg/comp-types-10.mm (test for excess errors)
WARNING: obj-c++.dg/lookup-2.mm compilation failed to produce executable
WARNING: obj-c++.dg/try-catch-2.mm compilation failed to produce executable
WARNING: obj-c++.dg/try-catch-9.mm compilation failed to produce executable
=== obj-c++ Summary ===
# of expected passes 434
# of unexpected successes 1
# of expected failures 9
# of unsupported tests 14
/mnt/gnu/gcc/objdir-test/gcc/testsuite/obj-c++/../../g++ version 4.4.6 20110408 (prerelease) [gcc-4_4-branch revision 172152] (GCC)
=== objc tests ===
Running target unix
=== objc Summary ===
# of expected passes 1860
# of expected failures 15
# of unsupported tests 27
/mnt/gnu/gcc/objdir-test/gcc/xgcc version 4.4.6 20110408 (prerelease) [gcc-4_4-branch revision 172152] (GCC)
=== libffi tests ===
Running target unix
=== libffi Summary ===
# of expected passes 1399
# of unsupported tests 10
=== libgomp tests ===
Running target unix
=== libgomp Summary ===
# of expected passes 2506
# of unsupported tests 9
=== libjava tests ===
Running target unix
FAIL: EvaluationOrder -findirect-dispatch output - source compiled test
FAIL: LargeFile execution - source compiled test
FAIL: LargeFile -findirect-dispatch execution - source compiled test
FAIL: LargeFile -O3 execution - source compiled test
FAIL: LargeFile -O3 -findirect-dispatch execution - source compiled test
=== libjava Summary ===
# of expected passes 2565
# of unexpected failures 5
# of untested testcases 4
=== libstdc++ tests ===
Running target unix
=== libstdc++ Summary ===
# of expected passes 5486
# of expected failures 72
# of unsupported tests 530
Compiler version: 4.4.6 20110408 (prerelease) [gcc-4_4-branch revision 172152] (GCC)
Platform: hppa2.0w-hp-hpux11.11
configure flags: --with-gnu-as --with-as=/opt/gnu/bin/as --enable-shared --with-local-prefix=/opt/gnu --prefix=/nowhere --with-gmp=/opt/gnu/gcc/gcc-4.6 --enable-threads=posix --enable-debug=no --disable-nls --disable-lto --without-cloog --without-ppl --enable-checking=release --enable-languages=c,c++,objc,fortran,java,ada,obj-c++