This is the mail archive of the
gcc-testresults@gcc.gnu.org
mailing list for the GCC project.
Results for 4.6.1 20110408 (prerelease) [gcc-4_6-branch revision 172204] (GCC) testsuite on hppa64-hp-hpux11.11
- From: John David Anglin <dave at hiauly3 dot hia dot nrc dot ca>
- To: dave at hiauly3 dot hia dot nrc dot ca, gcc-testresults at gcc dot gnu dot org
- Date: Sat, 9 Apr 2011 11:23:24 -0400 (EDT)
- Subject: Results for 4.6.1 20110408 (prerelease) [gcc-4_6-branch revision 172204] (GCC) testsuite on hppa64-hp-hpux11.11
Native configuration is hppa64-hp-hpux11.11
=== g++ tests ===
Running target unix
FAIL: g++.dg/cpp0x/sfinae10.C (test for excess errors)
WARNING: program timed out.
=== g++ Summary ===
# of expected passes 24732
# of unexpected failures 1
# of expected failures 163
# of unsupported tests 591
/mnt/gnu/gcc/objdir-test/gcc/testsuite/g++/../../g++ version 4.6.1 20110408 (prerelease) [gcc-4_6-branch revision 172204] (GCC)
=== gcc tests ===
Running target unix
WARNING: program timed out.
FAIL: gcc.dg/lto/20090116 c_lto_20090116_0.o-c_lto_20090116_0.o link, -O1 -flto -flto-partition=1to1 -fPIC (internal compiler error)
UNRESOLVED: gcc.dg/lto/20090116 c_lto_20090116_0.o-c_lto_20090116_0.o execute -O1 -flto -flto-partition=1to1 -fPIC
=== gcc Summary ===
# of expected passes 66459
# of unexpected failures 1
# of expected failures 134
# of unresolved testcases 1
# of unsupported tests 1249
/mnt/gnu/gcc/objdir-test/gcc/xgcc version 4.6.1 20110408 (prerelease) [gcc-4_6-branch revision 172204] (GCC)
=== gfortran tests ===
Running target unix
=== gfortran Summary ===
# of expected passes 37266
# of expected failures 41
# of unsupported tests 362
/mnt/gnu/gcc/objdir-test/gcc/testsuite/gfortran/../../gfortran version 4.6.1 20110408 (prerelease) [gcc-4_6-branch revision 172204] (GCC)
=== obj-c++ tests ===
Running target unix
=== obj-c++ Summary ===
# of expected passes 1378
# of expected failures 10
# of unsupported tests 86
/mnt/gnu/gcc/objdir-test/gcc/testsuite/obj-c++/../../g++ version 4.6.1 20110408 (prerelease) [gcc-4_6-branch revision 172204] (GCC)
=== objc tests ===
Running target unix
=== objc Summary ===
# of expected passes 2912
# of expected failures 10
# of unsupported tests 75
/mnt/gnu/gcc/objdir-test/gcc/xgcc version 4.6.1 20110408 (prerelease) [gcc-4_6-branch revision 172204] (GCC)
=== libgomp tests ===
Running target unix
=== libgomp Summary ===
# of expected passes 2524
# of unsupported tests 9
=== libstdc++ tests ===
Running target unix
=== libstdc++ Summary ===
# of expected passes 6836
# of expected failures 81
# of unsupported tests 737
Compiler version: 4.6.1 20110408 (prerelease) [gcc-4_6-branch revision 172204] (GCC)
Platform: hppa64-hp-hpux11.11
configure flags:Test Run By dave on Sat Apr 9 01:08:29 2011