This is the mail archive of the
gcc-testresults@gcc.gnu.org
mailing list for the GCC project.
Results for 4.7.0 20110408 (experimental) [trunk revision 172158] (GCC) testsuite on x86_64-apple-darwin10.7.0
- From: sean at seanmcgovern dot ca (Sean McGovern)
- To: gcc-testresults at gcc dot gnu dot org
- Date: Fri, 8 Apr 2011 00:23:39 -0400 (EDT)
- Subject: Results for 4.7.0 20110408 (experimental) [trunk revision 172158] (GCC) testsuite on x86_64-apple-darwin10.7.0
\$ uname -a
Darwin mahoro 10.7.0 Darwin Kernel Version 10.7.0: Sat Jan 29 15:17:16 PST 2011; root:xnu-1504.9.37~1/RELEASE_I386 i386
********
LAST_UPDATED: Fri Apr 8 01:43:10 UTC 2011 (revision 172158)
Native configuration is x86_64-apple-darwin10.7.0
=== gcc tests ===
Running target unix/-m32
FAIL: gcc.dg/vect/pr38529.c scan-tree-dump-times vect "OUTER LOOP VECTORIZED" 1
=== gcc Summary for unix/-m32 ===
# of expected passes 62914
# of unexpected failures 1
# of expected failures 182
# of unsupported tests 1322
Running target unix/-m64
FAIL: gcc.dg/matrix/transpose-3.c execution, -fprofile-use -fipa-matrix-reorg -fdump-ipa-matrix-reorg -O3 -fwhole-program -fno-tree-fre
FAIL: gcc.dg/vect/pr38529.c scan-tree-dump-times vect "OUTER LOOP VECTORIZED" 1
=== gcc Summary for unix/-m64 ===
# of expected passes 63209
# of unexpected failures 2
# of expected failures 183
# of unsupported tests 1618
=== gcc Summary ===
# of expected passes 126123
# of unexpected failures 3
# of expected failures 365
# of unsupported tests 2940
/BUILD/gcc/obj-172158/gcc/xgcc version 4.7.0 20110408 (experimental) [trunk revision 172158] (GCC)
=== libgomp tests ===
Running target unix/-m64
=== libgomp Summary for unix/-m64 ===
# of expected passes 262
# of unsupported tests 2
Running target unix/-m32
=== libgomp Summary for unix/-m32 ===
# of expected passes 262
# of unsupported tests 2
=== libgomp Summary ===
# of expected passes 524
# of unsupported tests 4
Compiler version: 4.7.0 20110408 (experimental) [trunk revision 172158] (GCC)
Platform: x86_64-apple-darwin10.7.0
configure flags: --prefix=/BUILD/gcc/172158 --target=x86_64-apple-darwin10.7.0 --host=x86_64-apple-darwin10.7.0 --build=x86_64-apple-darwin10.7.0 --with-tune=core2 --with-gmp=/opt/gnu --with-mpfr=/opt/gnu --with-mpc=/opt/gnu --disable-libmudflap --disable-libssp --enable-stage1-languages=c --enable-languages=c --program-suffix=-trunk
BOOT_CFLAGS=-g -O2