This is the mail archive of the
gcc-testresults@gcc.gnu.org
mailing list for the GCC project.
Results for 4.4.5 (Debian 4.4.5-15) testsuite on sh4-unknown-linux-gnu
- From: Nobuhiro Iwamatsu <iwamatsu at nigauri dot org>
- To: gcc-testresults at gcc dot gnu dot org
- Cc: debian-gcc at lists dot debian dot org
- Date: Thu, 07 Apr 2011 14:33:02 +0900
- Subject: Results for 4.4.5 (Debian 4.4.5-15) testsuite on sh4-unknown-linux-gnu
Results for 4.4.5 (Debian 4.4.5-15) testsuite on sh4-unknown-linux-gnu
LAST_UPDATED: Sun Mar 13 18:10:06 UTC 2011 (revision 170923)
Target: sh4-linux-gnu
gcc version 4.4.5 (Debian 4.4.5-15)
Native configuration is sh4-unknown-linux-gnu
=== g++ tests ===
Running target unix
FAIL: g++.dg/torture/pr36191.C -O3 -fomit-frame-pointer (test for excess errors)
=== g++ Summary for unix ===
# of expected passes 19676
# of unexpected failures 1
# of expected failures 159
# of unsupported tests 167
Running target unix/-fstack-protector
FAIL: g++.dg/torture/pr36191.C -O3 -fomit-frame-pointer (test for excess errors)
=== g++ Summary for unix/-fstack-protector ===
# of expected passes 19676
# of unexpected failures 1
# of expected failures 159
# of unsupported tests 167
=== g++ Summary ===
# of expected passes 39352
# of unexpected failures 2
# of expected failures 318
# of unsupported tests 334
/build/buildd-gcc-4.4_4.4.5-15-sh4-wtTmwg/gcc-4.4-4.4.5/build/gcc/testsuite/g++/../../g++ version 4.4.5 (Debian 4.4.5-15)
=== gcc tests ===
Running target unix
FAIL: gcc.c-torture/execute/pr44683.c execution, -O1
FAIL: gcc.c-torture/execute/pr44683.c execution, -O2
FAIL: gcc.c-torture/execute/pr44683.c execution, -O3 -fomit-frame-pointer
FAIL: gcc.c-torture/execute/pr44683.c execution, -O3 -g
FAIL: gcc.dg/tree-ssa/pr42585.c scan-tree-dump-times optimized "struct _fat_ptr _ans" 0
FAIL: gcc.dg/tree-ssa/pr42585.c scan-tree-dump-times optimized "struct _fat_ptr _T2" 0
=== gcc Summary for unix ===
# of expected passes 51044
# of unexpected failures 6
# of expected failures 117
# of unsupported tests 552
Running target unix/-fstack-protector
FAIL: gcc.c-torture/compile/limits-blockid.c -O0 (internal compiler error)
FAIL: gcc.c-torture/compile/limits-blockid.c -O0 (test for excess errors)
FAIL: gcc.c-torture/execute/pr44683.c execution, -O1
FAIL: gcc.c-torture/execute/pr44683.c execution, -O2
FAIL: gcc.c-torture/execute/pr44683.c execution, -O3 -fomit-frame-pointer
FAIL: gcc.c-torture/execute/pr44683.c execution, -O3 -g
WARNING: program timed out.
FAIL: gcc.dg/c99-intconst-1.c (test for excess errors)
FAIL: gcc.dg/tree-ssa/pr42585.c scan-tree-dump-times optimized "struct _fat_ptr _ans" 0
FAIL: gcc.dg/tree-ssa/pr42585.c scan-tree-dump-times optimized "struct _fat_ptr _T2" 0
=== gcc Summary for unix/-fstack-protector ===
# of expected passes 51042
# of unexpected failures 9
# of expected failures 117
# of unsupported tests 552
=== gcc Summary ===
# of expected passes 102086
# of unexpected failures 15
# of expected failures 234
# of unsupported tests 1104
/build/buildd-gcc-4.4_4.4.5-15-sh4-wtTmwg/gcc-4.4-4.4.5/build/gcc/xgcc version 4.4.5 (Debian 4.4.5-15)
=== gfortran tests ===
Running target unix
FAIL: gfortran.dg/common_5.f -O (test for warnings, line 6)
=== gfortran Summary for unix ===
# of expected passes 29513
# of unexpected failures 1
# of expected failures 13
# of unsupported tests 266
Running target unix/-fstack-protector
FAIL: gfortran.dg/common_5.f -O (test for warnings, line 6)
=== gfortran Summary for unix/-fstack-protector ===
# of expected passes 29513
# of unexpected failures 1
# of expected failures 13
# of unsupported tests 266
=== gfortran Summary ===
# of expected passes 59026
# of unexpected failures 2
# of expected failures 26
# of unsupported tests 532
/build/buildd-gcc-4.4_4.4.5-15-sh4-wtTmwg/gcc-4.4-4.4.5/build/gcc/testsuite/gfortran/../../gfortran version 4.4.5 (Debian 4.4.5-15)
=== obj-c++ tests ===
Running target unix
XPASS: obj-c++.dg/comp-types-10.mm (test for excess errors)
UNRESOLVED: obj-c++.dg/lookup-2.mm compilation failed to produce executable
UNRESOLVED: obj-c++.dg/try-catch-2.mm compilation failed to produce executable
UNRESOLVED: obj-c++.dg/try-catch-9.mm compilation failed to produce executable
=== obj-c++ Summary for unix ===
# of expected passes 436
# of unexpected successes 1
# of expected failures 9
# of unresolved testcases 3
# of unsupported tests 13
Running target unix/-fstack-protector
XPASS: obj-c++.dg/comp-types-10.mm (test for excess errors)
UNRESOLVED: obj-c++.dg/lookup-2.mm compilation failed to produce executable
UNRESOLVED: obj-c++.dg/try-catch-2.mm compilation failed to produce executable
UNRESOLVED: obj-c++.dg/try-catch-9.mm compilation failed to produce executable
=== obj-c++ Summary for unix/-fstack-protector ===
# of expected passes 436
# of unexpected successes 1
# of expected failures 9
# of unresolved testcases 3
# of unsupported tests 13
=== obj-c++ Summary ===
# of expected passes 872
# of unexpected successes 2
# of expected failures 18
# of unresolved testcases 6
# of unsupported tests 26
/build/buildd-gcc-4.4_4.4.5-15-sh4-wtTmwg/gcc-4.4-4.4.5/build/gcc/testsuite/obj-c++/../../g++ version 4.4.5 (Debian 4.4.5-15)
=== objc tests ===
Running target unix
=== objc Summary for unix ===
# of expected passes 1866
# of expected failures 15
# of unsupported tests 24
Running target unix/-fstack-protector
=== objc Summary for unix/-fstack-protector ===
# of expected passes 1866
# of expected failures 15
# of unsupported tests 24
=== objc Summary ===
# of expected passes 3732
# of expected failures 30
# of unsupported tests 48
/build/buildd-gcc-4.4_4.4.5-15-sh4-wtTmwg/gcc-4.4-4.4.5/build/gcc/xgcc version 4.4.5 (Debian 4.4.5-15)
=== libgomp tests ===
Running target unix
FAIL: libgomp.c/lock-1.c execution test
FAIL: libgomp.c/lock-2.c execution test
FAIL: libgomp.c/pr24455.c (test for excess errors)
FAIL: libgomp.c++/pr24455.C -O0 (test for excess errors)
FAIL: libgomp.c++/pr24455.C -O1 (test for excess errors)
FAIL: libgomp.c++/pr24455.C -O2 (test for excess errors)
FAIL: libgomp.c++/pr24455.C -O3 -fomit-frame-pointer (test for excess errors)
FAIL: libgomp.c++/pr24455.C -O3 -fomit-frame-pointer -funroll-loops (test for excess errors)
FAIL: libgomp.c++/pr24455.C -O3 -fomit-frame-pointer -funroll-all-loops -finline-functions (test for excess errors)
FAIL: libgomp.c++/pr24455.C -O3 -g (test for excess errors)
FAIL: libgomp.c++/pr24455.C -Os (test for excess errors)
=== libgomp Summary for unix ===
# of expected passes 2499
# of unexpected failures 11
# of unsupported tests 7
Running target unix/-fstack-protector
FAIL: libgomp.c/lib-1.c execution test
FAIL: libgomp.c/lock-1.c execution test
FAIL: libgomp.c/lock-2.c execution test
FAIL: libgomp.c/pr24455.c (test for excess errors)
FAIL: libgomp.c++/pr24455.C -O0 (test for excess errors)
FAIL: libgomp.c++/pr24455.C -O1 (test for excess errors)
FAIL: libgomp.c++/pr24455.C -O2 (test for excess errors)
FAIL: libgomp.c++/pr24455.C -O3 -fomit-frame-pointer (test for excess errors)
FAIL: libgomp.c++/pr24455.C -O3 -fomit-frame-pointer -funroll-loops (test for excess errors)
FAIL: libgomp.c++/pr24455.C -O3 -fomit-frame-pointer -funroll-all-loops -finline-functions (test for excess errors)
FAIL: libgomp.c++/pr24455.C -O3 -g (test for excess errors)
FAIL: libgomp.c++/pr24455.C -Os (test for excess errors)
=== libgomp Summary for unix/-fstack-protector ===
# of expected passes 2498
# of unexpected failures 12
# of unsupported tests 7
=== libgomp Summary ===
# of expected passes 4997
# of unexpected failures 23
# of unsupported tests 14
=== libmudflap tests ===
Running target unix
FAIL: libmudflap.c++/pass41-frag.cxx execution test
FAIL: libmudflap.c++/pass41-frag.cxx (-static) execution test
FAIL: libmudflap.c++/pass41-frag.cxx ( -O) execution test
FAIL: libmudflap.c++/pass41-frag.cxx (-O2) execution test
FAIL: libmudflap.c++/pass41-frag.cxx (-O3) execution test
=== libmudflap Summary for unix ===
# of expected passes 1889
# of unexpected failures 5
Running target unix/-fstack-protector
FAIL: libmudflap.c++/pass41-frag.cxx execution test
FAIL: libmudflap.c++/pass41-frag.cxx (-static) execution test
FAIL: libmudflap.c++/pass41-frag.cxx ( -O) execution test
FAIL: libmudflap.c++/pass41-frag.cxx (-O2) execution test
FAIL: libmudflap.c++/pass41-frag.cxx (-O3) execution test
=== libmudflap Summary for unix/-fstack-protector ===
# of expected passes 1889
# of unexpected failures 5
=== libmudflap Summary ===
# of expected passes 3778
# of unexpected failures 10
=== libstdc++ tests ===
Running target unix
FAIL: 22_locale/time_get/get_date/wchar_t/4.cc execution test
WARNING: program timed out.
FAIL: ext/pb_ds/regression/tree_data_map_rand.cc (test for excess errors)
UNRESOLVED: ext/pb_ds/regression/tree_data_map_rand.cc compilation failed to produce executable
WARNING: program timed out.
FAIL: ext/pb_ds/regression/tree_no_data_map_rand.cc (test for excess errors)
UNRESOLVED: ext/pb_ds/regression/tree_no_data_map_rand.cc compilation failed to produce executable
=== libstdc++ Summary for unix ===
# of expected passes 6513
# of unexpected failures 3
# of expected failures 80
# of unresolved testcases 2
# of unsupported tests 13
Running target unix/-fstack-protector
FAIL: 22_locale/time_get/get_date/wchar_t/4.cc execution test
WARNING: program timed out.
FAIL: ext/pb_ds/regression/tree_data_map_rand.cc (test for excess errors)
UNRESOLVED: ext/pb_ds/regression/tree_data_map_rand.cc compilation failed to produce executable
WARNING: program timed out.
FAIL: ext/pb_ds/regression/tree_no_data_map_rand.cc (test for excess errors)
UNRESOLVED: ext/pb_ds/regression/tree_no_data_map_rand.cc compilation failed to produce executable
=== libstdc++ Summary for unix/-fstack-protector ===
# of expected passes 6513
# of unexpected failures 3
# of expected failures 80
# of unresolved testcases 2
# of unsupported tests 13
=== libstdc++ Summary ===
# of expected passes 13026
# of unexpected failures 6
# of expected failures 160
# of unresolved testcases 4
# of unsupported tests 26
Compiler version: 4.4.5 (Debian 4.4.5-15)
Platform: sh4-unknown-linux-gnu
configure flags: -v --with-pkgversion='Debian 4.4.5-15' --with-bugurl=file:///usr/share/doc/gcc-4.4/README.Bugs --enable-languages=c,c++,fortran,objc,obj-c++ --prefix=/usr --program-suffix=-4.4 --enable-shared --enable-multiarch --enable-linker-build-id --with-system-zlib --libexecdir=/usr/lib --without-included-gettext --enable-threads=posix --with-gxx-include-dir=/usr/include/c++/4.4 --libdir=/usr/lib --enable-nls --enable-clocale=gnu --enable-libstdcxx-debug --enable-objc-gc --with-multilib-list=m4,m4-nofpu --with-cpu=sh4 --enable-checking=release --build=sh4-linux-gnu --host=sh4-linux-gnu --target=sh4-linux-gnu
/usr/bin/fakeroot debian/rules binary-arch
BOOT_CFLAGS=
Build Dependencies:
Desired=Unknown/Install/Remove/Purge/Hold
| Status=Not/Inst/Conf-files/Unpacked/halF-conf/Half-inst/trig-aWait/Trig-pend
|/ Err?=(none)/Reinst-required (Status,Err: uppercase=bad)
||/ Name Version Description
+++-======================================-=====================-======================================================================
ii binutils 2.21.0.20110302-2 The GNU assembler, linker and binary utilities
ii g++-4.4 4.4.5-12 The GNU C++ compiler
ii libc6 2.11.2-13 Embedded GNU C Library: Shared libraries
pi libcloog-ppl-dev 0.15.9-3 the Chunky Loop Generator (development files)
pi libmpfr-dev 3.0.0-9 multiple precision floating-point computation developers tools
svn-updates:
updates from the 4.4 branch upto 20110313 (r170923).
gcc-textdomain:
Set gettext's domain and textdomain to the versioned package name.
gcc-driver-extra-langs:
Add options and specs for languages that are not built from a source
(but built from separate sources).
gcc-hash-style-both:
Link using --hash-style=both (alpha, amd64, armel, ia64, i386, powerpc, ppc64, s390, sparc)
gcc-no-add-needed:
On linux targets pass --no-add-needed to the linker.
gcc-build-id:
Add configure check if linker supports --build-id
libstdc++-pic:
Build and install libstdc++_pic.a library.
libstdc++-doclink:
adjust hrefs to point to the local documentation
libstdc++-man-3cxx:
Install libstdc++ man pages with suffix .3cxx instead of .3
libjava-stacktrace:
libgcj: Lookup source file name and line number in separated
debug files found in /usr/lib/debug
libjava-subdir:
- Set the libjava sublibdir to /usr/lib/gcj-4.4
- Set the default libgcj database dir to /var/lib/gcj-4.4
libjava-jnipath:
- Add /usr/lib/jni to java.library.path.
- When running the i386 binaries on amd64, look in
- /usr/lib32/gcj-x.y and /usr/lib32/jni instead.
libjava-sjlj:
Don't try to use _Unwind_Backtrace on SJLJ targets.
See bug #387875, #388505, GCC PR 29206.
libjava-disable-plugin:
Don't build the gcjwebplugin, even when configured with --enable-plugin
alpha-no-ev4-directive:
never emit .ev4 directive.
boehm-gc-getnprocs:
boehm-gc/pthread_support.c (GC_get_nprocs): Use sysconf as fallback.
note-gnu-stack:
Add .note.GNU-stack sections for gcc's crt files, libffi and boehm-gc
Taken from FC.
pr25509:
Backport of PR c/25509, new option -Wno-unused-result
pr38333:
Backported patch for PR ada/38333
gcc-cloog-dl:
Link against -ldl instead of -lcloog -lppl. Exit with an error when using
the Graphite loop transformation infrastructure without having the
libcloog-ppl0 package installed. Packages using these optimizations
should build-depend on libcloog-ppl0.
libgomp-omp_h-multilib:
Fix up omp.h for multilibs.
sparc-force-cpu:
On sparc default to v9a (ultrasparc) in 32bit mode
gcc-stack_chk_fail-check:
Fix __stack_chk_fail check for cross builds configured --with-headers
sh4_atomic_update:
Update atomic builtins for sh4
libstdc++-arm-wno-abi:
Temporary work around:
On arm-linux-gnueabi run the libstdc++v3 testsuite with -Wno-abi
gold-and-ld:
Enable both gold and ld in a single toolchain.
New option -fuse-ld=ld.bfd, -fuse-ld=gold.
libstdc++-test-installed:
Add support to run the libstdc++-v3 testsuite using the
installed shared libraries.
pr40816:
Fix PR java/40816, taken from the gcc-4_5-branch
gnat-snapshot-build-fix:
Let gnat-4.4 build with gnat snapshots from the trunk (20100803)
gcc-java-align-data:
java: Align data in .rodata.jutf8.* sections, taken from the trunk.
linux-atomic-builtin-expect:
[ARM] Provide __builtin_expect() hints in linux-atomic.c (backport)
mips-fix-loongson2f-nop:
On mips, pass -mfix-loongson2f-nop to as, if -mno-fix-loongson2f-nop
is not passed.
gcc-system-root:
Avoid include paths starting with a double slash
no_fpr_in_libgcc:
It does not really harm by including them since nobody should use them
but gas does not wont to assmebly hard float since they are not
available on this cpu. Upstream did not respond.
pr44364:
PR target/44364:
This patch made it into trunk. Not on the 4.4 branch
because not proved that it is a regression since 4.3.
libjava-atomic-builtins-eabi:
libjava: Use atomic builtins For Linux ARM/EABI.
pr39429:
Proposed patch for PR target/39429, an ARM wrong-code error.
rev146451:
Fix a typo in the arm back-end.
gcc-unwind-debug-hook:
Install a hook _Unwind_DebugHook, called during unwinding. Intended as
a hook for a debugger to intercept exceptions. CFA is the CFA of the
target frame. HANDLER is the PC to which control will be transferred.
pr40521-revert-workaround:
Revert the dwarf2cfi_asm workaround, obsoleted by PR debug/40521.
pr41848:
Fix PR objc/41848 - workaround ObjC and -fsection-anchors.
gcc-arm-thumb2-sched:
[arm] enable scheduling for Thumb-2, fix PR target/42031.
arm-boehm-gc-locks:
Fix boehm-gc build on ARM --with-mode=thumb
gcj-use-atomic-builtins:
gcj: add option -fuse-atomic-builtins
sh4-scheduling:
sh4 scheduling fix
pr42748:
Fix PR c++/42748, do not warn about changes to mangling of va_list
in system headers.
pr43323:
Fix PR middle-end/43323 wrong-code for bitfields
pr42321:
PR target/42321, backport from the trunk
libsupc++-vmi_class_type_info:
Update libsupc++/vmi_class_type_info.cc from the 4.5 branch.
gcc-m68k-support-for-tls-backport:
M68K TLS support, backport from the 4.5 branch.
pr44626:
Proposed backport to fix PR target/44626
arm-thumb2-speedup-division:
ARM: speed up division on Thumb-2 (backport from the trunk)
gcc-arm-implicit-it:
Pass -mimplicit-it=thumb if -mthumb to as on ARM.
pr39491:
Proposed patch for PR libstdc++/39491.
deb-protoize:
build protoize/unprotoize binaries
gcc-d-lang:
Add D options and specs for the gcc driver.
gcc-arm-earlyclobbers:
Fix earlyclobbers on some arm.md DImode shifts.
pr40133:
Do link tests to check for the atomic builtins
pr40134:
Backport of PR target/40134 from the trunk
sh4-mode-switching:
Fix PR target/41993, [sh] ICE in create_pre_exit, at mode-switching.c
gcc-ice-hack:
Retry the build on an ice, save the calling options and preprocessed
source when the ice is reproducible.
gcc-ice-apport:
Report an ICE to apport (if apport is available
and the environment variable GCC_NOAPPORT is not set)
libjava-disable-static:
Disable building the static libjava.
libjava-fixed-symlinks:
Remove unneed '..' elements from symlinks in JAVA_HOME
ada-arm-eabi:
Add preliminary Ada support for ARM/EABI to gcc-4.4 (sjlj only).
ada-mips:
Improve support for mips.
arm-unbreak-eabi-armv4t:
Fix armv4t build on ARM
gcc-multiarch:
Add multiarch support to GCC.
Convert the multilib option to a target triplet,
add multiarch include directories and libraries path:
/usr/local/include/<arch>-linux-gnu
/usr/include/<arch>-linux-gnu
/usr/lib/<arch>-linux-gnu
to the system paths.
gcc-powerpc-nof:
Don't build nof multlib on powerpc.
Counting all warnings,
there are 0 warnings in stage3 of this bootstrap.
Number of warnings per file:
Number of warning types: