This is the mail archive of the gcc-testresults@gcc.gnu.org mailing list for the GCC project.
Index Nav: | [Date Index] [Subject Index] [Author Index] [Thread Index] | |
---|---|---|
Message Nav: | [Date Prev] [Date Next] | [Thread Prev] [Thread Next] |
Other format: | [Raw text] |
Native configuration is i386-unknown-freebsd9.0 === g++ tests === Running target unix FAIL: g++.dg/cdce3.C (test for excess errors) WARNING: g++.dg/cdce3.C compilation failed to produce executable FAIL: g++.dg/cdce3.C scan-tree-dump cdce "cdce3.C:96: note: function call is shrink-wrapped into error conditions.": dump file does not exist FAIL: g++.dg/cdce3.C scan-tree-dump cdce "cdce3.C:97: note: function call is shrink-wrapped into error conditions.": dump file does not exist FAIL: g++.dg/cdce3.C scan-tree-dump cdce "cdce3.C:98: note: function call is shrink-wrapped into error conditions.": dump file does not exist FAIL: g++.dg/cdce3.C scan-tree-dump cdce "cdce3.C:99: note: function call is shrink-wrapped into error conditions.": dump file does not exist FAIL: g++.dg/cdce3.C scan-tree-dump cdce "cdce3.C:100: note: function call is shrink-wrapped into error conditions.": dump file does not exist FAIL: g++.dg/cdce3.C scan-tree-dump cdce "cdce3.C:101: note: function call is shrink-wrapped into error conditions.": dump file does not exist FAIL: g++.dg/cdce3.C scan-tree-dump cdce "cdce3.C:102: note: function call is shrink-wrapped into error conditions.": dump file does not exist FAIL: g++.dg/cdce3.C scan-tree-dump cdce "cdce3.C:103: note: function call is shrink-wrapped into error conditions.": dump file does not exist FAIL: g++.dg/cdce3.C scan-tree-dump cdce "cdce3.C:104: note: function call is shrink-wrapped into error conditions.": dump file does not exist FAIL: g++.dg/cdce3.C scan-tree-dump cdce "cdce3.C:105: note: function call is shrink-wrapped into error conditions.": dump file does not exist FAIL: g++.dg/cdce3.C scan-tree-dump cdce "cdce3.C:106: note: function call is shrink-wrapped into error conditions.": dump file does not exist FAIL: g++.dg/cdce3.C scan-tree-dump cdce "cdce3.C:107: note: function call is shrink-wrapped into error conditions.": dump file does not exist FAIL: g++.dg/cdce3.C scan-tree-dump cdce "cdce3.C:108: note: function call is shrink-wrapped into error conditions.": dump file does not exist FAIL: g++.dg/cdce3.C scan-tree-dump cdce "cdce3.C:109: note: function call is shrink-wrapped into error conditions.": dump file does not exist FAIL: g++.dg/eh/gcsec1.C (test for excess errors) FAIL: c-c++-common/Wconversion-real.c (test for warnings, line 27) FAIL: c-c++-common/Wconversion-real.c (test for warnings, line 28) FAIL: g++.dg/lto/20091219 cp_lto_20091219_0.o-cp_lto_20091219_0.o link, -O3 -flto UNRESOLVED: g++.dg/lto/20091219 cp_lto_20091219_0.o-cp_lto_20091219_0.o execute -O3 -flto UNRESOLVED: attribute_plugin.c compilation, -I. -I/scratch/tmp/gerald/gcc-HEAD/gcc/testsuite -I/scratch/tmp/gerald/gcc-HEAD/gcc/testsuite/../../gcc -I/scratch/tmp/gerald/OBJ-0404-1739/gcc/testsuite/g++/../../../gcc -I/scratch/tmp/gerald/gcc-HEAD/gcc/testsuite/../../include -I/scratch/tmp/gerald/gcc-HEAD/gcc/testsuite/../../libcpp/include -I/home/gerald/9-i386/include -I/scratch/tmp/gerald/OBJ-0404-1739/gcc/testsuite/g++/../../../intl -DIN_GCC -fPIC -shared UNRESOLVED: pragma_plugin.c compilation, -I. -I/scratch/tmp/gerald/gcc-HEAD/gcc/testsuite -I/scratch/tmp/gerald/gcc-HEAD/gcc/testsuite/../../gcc -I/scratch/tmp/gerald/OBJ-0404-1739/gcc/testsuite/g++/../../../gcc -I/scratch/tmp/gerald/gcc-HEAD/gcc/testsuite/../../include -I/scratch/tmp/gerald/gcc-HEAD/gcc/testsuite/../../libcpp/include -I/home/gerald/9-i386/include -I/scratch/tmp/gerald/OBJ-0404-1739/gcc/testsuite/g++/../../../intl -DIN_GCC -fPIC -shared UNRESOLVED: selfassign.c compilation, -I. -I/scratch/tmp/gerald/gcc-HEAD/gcc/testsuite -I/scratch/tmp/gerald/gcc-HEAD/gcc/testsuite/../../gcc -I/scratch/tmp/gerald/OBJ-0404-1739/gcc/testsuite/g++/../../../gcc -I/scratch/tmp/gerald/gcc-HEAD/gcc/testsuite/../../include -I/scratch/tmp/gerald/gcc-HEAD/gcc/testsuite/../../libcpp/include -I/home/gerald/9-i386/include -I/scratch/tmp/gerald/OBJ-0404-1739/gcc/testsuite/g++/../../../intl -O -DIN_GCC -fPIC -shared UNRESOLVED: dumb_plugin.c compilation, -I. -I/scratch/tmp/gerald/gcc-HEAD/gcc/testsuite -I/scratch/tmp/gerald/gcc-HEAD/gcc/testsuite/../../gcc -I/scratch/tmp/gerald/OBJ-0404-1739/gcc/testsuite/g++/../../../gcc -I/scratch/tmp/gerald/gcc-HEAD/gcc/testsuite/../../include -I/scratch/tmp/gerald/gcc-HEAD/gcc/testsuite/../../libcpp/include -I/home/gerald/9-i386/include -I/scratch/tmp/gerald/OBJ-0404-1739/gcc/testsuite/g++/../../../intl -DIN_GCC -fPIC -shared UNRESOLVED: header_plugin.c compilation, -I. -I/scratch/tmp/gerald/gcc-HEAD/gcc/testsuite -I/scratch/tmp/gerald/gcc-HEAD/gcc/testsuite/../../gcc -I/scratch/tmp/gerald/OBJ-0404-1739/gcc/testsuite/g++/../../../gcc -I/scratch/tmp/gerald/gcc-HEAD/gcc/testsuite/../../include -I/scratch/tmp/gerald/gcc-HEAD/gcc/testsuite/../../libcpp/include -I/home/gerald/9-i386/include -I/scratch/tmp/gerald/OBJ-0404-1739/gcc/testsuite/g++/../../../intl -DIN_GCC -fPIC -shared FAIL: g++.old-deja/g++.other/init18.C execution test FAIL: g++.old-deja/g++.other/init19.C execution test === g++ Summary === # of expected passes 26671 # of unexpected failures 21 # of expected failures 164 # of unresolved testcases 6 # of unsupported tests 175 /scratch/tmp/gerald/OBJ-0404-1739/gcc/testsuite/g++/../../g++ version 4.7.0 20110404 (experimental) (GCC) === gcc tests === Running target unix FAIL: gcc.c-torture/execute/20080502-1.c execution, -O0 FAIL: gcc.c-torture/execute/conversion.c execution, -O0 FAIL: gcc.c-torture/execute/conversion.c execution, -O1 FAIL: gcc.c-torture/execute/ieee/copysign1.c execution, -O2 FAIL: gcc.c-torture/execute/ieee/copysign1.c execution, -O2 -flto -flto-partition=none FAIL: gcc.c-torture/execute/ieee/copysign1.c execution, -O2 -flto FAIL: gcc.c-torture/execute/ieee/copysign2.c execution, -O1 FAIL: gcc.dg/builtins-20.c (test for excess errors) FAIL: gcc.dg/builtins-57.c (test for excess errors) FAIL: gcc.dg/builtins-58.c scan-assembler-not pow FAIL: gcc.dg/builtins-59.c scan-tree-dump gimple "__builtin_cexpi" FAIL: gcc.dg/builtins-59.c scan-tree-dump-not gimple "sincos" FAIL: gcc.dg/builtins-61.c scan-tree-dump optimized "cexpi" FAIL: gcc.dg/builtins-61.c scan-tree-dump optimized "sin" FAIL: gcc.dg/builtins-61.c scan-tree-dump optimized "cos" FAIL: gcc.dg/builtins-61.c scan-tree-dump optimized "return 0.0" FAIL: gcc.dg/builtins-62.c scan-tree-dump-times optimized "cexpi" 3 FAIL: gcc.dg/builtins-65.c (test for excess errors) FAIL: gcc.dg/c99-tgmath-2.c (test for excess errors) ERROR: gcc.dg/c99-tgmath-2.c: error executing dg-final: couldn't open "c99-tgmath-2.s": no such file or directory UNRESOLVED: gcc.dg/c99-tgmath-2.c: error executing dg-final: couldn't open "c99-tgmath-2.s": no such file or directory FAIL: gcc.dg/c99-tgmath-3.c (test for excess errors) ERROR: gcc.dg/c99-tgmath-3.c: error executing dg-final: couldn't open "c99-tgmath-3.s": no such file or directory UNRESOLVED: gcc.dg/c99-tgmath-3.c: error executing dg-final: couldn't open "c99-tgmath-3.s": no such file or directory FAIL: gcc.dg/c99-tgmath-4.c (test for excess errors) ERROR: gcc.dg/c99-tgmath-4.c: error executing dg-final: couldn't open "c99-tgmath-4.s": no such file or directory UNRESOLVED: gcc.dg/c99-tgmath-4.c: error executing dg-final: couldn't open "c99-tgmath-4.s": no such file or directory FAIL: gcc.dg/nest.c execution test FAIL: gcc.dg/nested-func-4.c execution test FAIL: gcc.dg/pr32450.c execution test FAIL: gcc.dg/pr43643.c execution test FAIL: gcc.dg/utf-array-short-wchar.c (test for errors, line 39) FAIL: gcc.dg/utf-array-short-wchar.c (test for errors, line 41) FAIL: gcc.dg/utf-array-short-wchar.c (test for excess errors) FAIL: c-c++-common/Wconversion-real.c -Wc++-compat (test for warnings, line 27) FAIL: c-c++-common/Wconversion-real.c -Wc++-compat (test for warnings, line 28) FAIL: gcc.dg/matrix/transpose-3.c execution, -fprofile-use -fipa-matrix-reorg -fdump-ipa-matrix-reorg -O3 -fwhole-program -fno-tree-fre FAIL: largefile.c -O0 -g -I. (internal compiler error) FAIL: largefile.c -O0 -g -I. (test for excess errors) FAIL: gcc.dg/pch/largefile.c -O0 -g assembly comparison FAIL: largefile.c -O0 -I. (internal compiler error) FAIL: largefile.c -O0 -I. (test for excess errors) FAIL: gcc.dg/pch/largefile.c -O0 assembly comparison FAIL: largefile.c -O1 -I. (internal compiler error) FAIL: largefile.c -O1 -I. (test for excess errors) FAIL: gcc.dg/pch/largefile.c -O1 assembly comparison FAIL: largefile.c -O2 -I. (internal compiler error) FAIL: largefile.c -O2 -I. (test for excess errors) FAIL: gcc.dg/pch/largefile.c -O2 assembly comparison FAIL: largefile.c -O3 -fomit-frame-pointer -I. (internal compiler error) FAIL: largefile.c -O3 -fomit-frame-pointer -I. (test for excess errors) FAIL: gcc.dg/pch/largefile.c -O3 -fomit-frame-pointer assembly comparison FAIL: largefile.c -O3 -g -I. (internal compiler error) FAIL: largefile.c -O3 -g -I. (test for excess errors) FAIL: gcc.dg/pch/largefile.c -O3 -g assembly comparison FAIL: largefile.c -Os -I. (internal compiler error) FAIL: largefile.c -Os -I. (test for excess errors) FAIL: gcc.dg/pch/largefile.c -Os assembly comparison UNRESOLVED: selfassign.c compilation, -I. -I/scratch/tmp/gerald/gcc-HEAD/gcc/testsuite -I/scratch/tmp/gerald/gcc-HEAD/gcc/testsuite/../../gcc -I/scratch/tmp/gerald/OBJ-0404-1739/gcc/testsuite/gcc/../../../gcc -I/scratch/tmp/gerald/gcc-HEAD/gcc/testsuite/../../include -I/scratch/tmp/gerald/gcc-HEAD/gcc/testsuite/../../libcpp/include -I/home/gerald/9-i386/include -I/scratch/tmp/gerald/OBJ-0404-1739/gcc/testsuite/gcc/../../../intl -O -DIN_GCC -fPIC -shared UNRESOLVED: ggcplug.c compilation, -I. -I/scratch/tmp/gerald/gcc-HEAD/gcc/testsuite -I/scratch/tmp/gerald/gcc-HEAD/gcc/testsuite/../../gcc -I/scratch/tmp/gerald/OBJ-0404-1739/gcc/testsuite/gcc/../../../gcc -I/scratch/tmp/gerald/gcc-HEAD/gcc/testsuite/../../include -I/scratch/tmp/gerald/gcc-HEAD/gcc/testsuite/../../libcpp/include -I/home/gerald/9-i386/include -I/scratch/tmp/gerald/OBJ-0404-1739/gcc/testsuite/gcc/../../../intl -O -DIN_GCC -fPIC -shared UNRESOLVED: one_time_plugin.c compilation, -I. -I/scratch/tmp/gerald/gcc-HEAD/gcc/testsuite -I/scratch/tmp/gerald/gcc-HEAD/gcc/testsuite/../../gcc -I/scratch/tmp/gerald/OBJ-0404-1739/gcc/testsuite/gcc/../../../gcc -I/scratch/tmp/gerald/gcc-HEAD/gcc/testsuite/../../include -I/scratch/tmp/gerald/gcc-HEAD/gcc/testsuite/../../libcpp/include -I/home/gerald/9-i386/include -I/scratch/tmp/gerald/OBJ-0404-1739/gcc/testsuite/gcc/../../../intl -DIN_GCC -fPIC -shared UNRESOLVED: start_unit_plugin.c compilation, -I. -I/scratch/tmp/gerald/gcc-HEAD/gcc/testsuite -I/scratch/tmp/gerald/gcc-HEAD/gcc/testsuite/../../gcc -I/scratch/tmp/gerald/OBJ-0404-1739/gcc/testsuite/gcc/../../../gcc -I/scratch/tmp/gerald/gcc-HEAD/gcc/testsuite/../../include -I/scratch/tmp/gerald/gcc-HEAD/gcc/testsuite/../../libcpp/include -I/home/gerald/9-i386/include -I/scratch/tmp/gerald/OBJ-0404-1739/gcc/testsuite/gcc/../../../intl -DIN_GCC -fPIC -shared UNRESOLVED: finish_unit_plugin.c compilation, -I. -I/scratch/tmp/gerald/gcc-HEAD/gcc/testsuite -I/scratch/tmp/gerald/gcc-HEAD/gcc/testsuite/../../gcc -I/scratch/tmp/gerald/OBJ-0404-1739/gcc/testsuite/gcc/../../../gcc -I/scratch/tmp/gerald/gcc-HEAD/gcc/testsuite/../../include -I/scratch/tmp/gerald/gcc-HEAD/gcc/testsuite/../../libcpp/include -I/home/gerald/9-i386/include -I/scratch/tmp/gerald/OBJ-0404-1739/gcc/testsuite/gcc/../../../intl -DIN_GCC -fPIC -shared FAIL: gcc.dg/torture/builtin-convert-1.c -O1 (test for excess errors) FAIL: gcc.dg/torture/builtin-convert-1.c -O2 (test for excess errors) FAIL: gcc.dg/torture/builtin-convert-1.c -O3 -fomit-frame-pointer (test for excess errors) FAIL: gcc.dg/torture/builtin-convert-1.c -O3 -g (test for excess errors) FAIL: gcc.dg/torture/builtin-convert-1.c -Os (test for excess errors) FAIL: gcc.dg/torture/builtin-convert-1.c -O2 -flto -flto-partition=none (test for excess errors) FAIL: gcc.dg/torture/builtin-convert-1.c -O2 -flto (test for excess errors) FAIL: gcc.dg/torture/builtin-convert-2.c -O1 (test for excess errors) FAIL: gcc.dg/torture/builtin-convert-2.c -O2 (test for excess errors) FAIL: gcc.dg/torture/builtin-convert-2.c -O3 -fomit-frame-pointer (test for excess errors) FAIL: gcc.dg/torture/builtin-convert-2.c -O3 -g (test for excess errors) FAIL: gcc.dg/torture/builtin-convert-2.c -Os (test for excess errors) FAIL: gcc.dg/torture/builtin-convert-2.c -O2 -flto -flto-partition=none (test for excess errors) FAIL: gcc.dg/torture/builtin-convert-2.c -O2 -flto (test for excess errors) FAIL: gcc.dg/torture/builtin-convert-3.c -O1 (test for excess errors) FAIL: gcc.dg/torture/builtin-convert-3.c -O2 (test for excess errors) FAIL: gcc.dg/torture/builtin-convert-3.c -O3 -fomit-frame-pointer (test for excess errors) FAIL: gcc.dg/torture/builtin-convert-3.c -O3 -g (test for excess errors) FAIL: gcc.dg/torture/builtin-convert-3.c -Os (test for excess errors) FAIL: gcc.dg/torture/builtin-convert-3.c -O2 -flto -flto-partition=none (test for excess errors) FAIL: gcc.dg/torture/builtin-convert-3.c -O2 -flto (test for excess errors) FAIL: gcc.dg/torture/builtin-power-1.c -O0 (test for excess errors) FAIL: gcc.dg/torture/builtin-power-1.c -O1 (test for excess errors) FAIL: gcc.dg/torture/builtin-power-1.c -O2 (test for excess errors) FAIL: gcc.dg/torture/builtin-power-1.c -O3 -fomit-frame-pointer (test for excess errors) FAIL: gcc.dg/torture/builtin-power-1.c -O3 -g (test for excess errors) FAIL: gcc.dg/torture/builtin-power-1.c -Os (test for excess errors) FAIL: gcc.dg/torture/builtin-power-1.c -O2 -flto -flto-partition=none (test for excess errors) FAIL: gcc.dg/torture/builtin-power-1.c -O2 -flto (test for excess errors) FAIL: gcc.dg/torture/fp-int-convert-float.c -O0 execution test FAIL: gcc.dg/torture/fp-int-convert-float.c -O1 execution test FAIL: gcc.dg/torture/fp-int-convert-float.c -O2 execution test FAIL: gcc.dg/torture/fp-int-convert-float.c -O3 -fomit-frame-pointer execution test FAIL: gcc.dg/torture/fp-int-convert-float.c -O3 -g execution test FAIL: gcc.dg/torture/fp-int-convert-float.c -Os execution test FAIL: gcc.dg/torture/fp-int-convert-float.c -O2 -flto -flto-partition=none execution test FAIL: gcc.dg/torture/fp-int-convert-float.c -O2 -flto execution test FAIL: gcc.dg/torture/fp-int-convert-float80.c -O0 execution test FAIL: gcc.dg/torture/fp-int-convert-float80.c -O1 execution test FAIL: gcc.dg/torture/fp-int-convert-float80.c -O2 execution test FAIL: gcc.dg/torture/fp-int-convert-float80.c -O3 -fomit-frame-pointer execution test FAIL: gcc.dg/torture/fp-int-convert-float80.c -O3 -g execution test FAIL: gcc.dg/torture/fp-int-convert-float80.c -Os execution test FAIL: gcc.dg/torture/fp-int-convert-float80.c -O2 -flto -flto-partition=none execution test FAIL: gcc.dg/torture/fp-int-convert-float80.c -O2 -flto execution test FAIL: gcc.dg/torture/fp-int-convert-long-double.c -O0 execution test FAIL: gcc.dg/torture/fp-int-convert-long-double.c -O1 execution test FAIL: gcc.dg/torture/fp-int-convert-long-double.c -O2 execution test FAIL: gcc.dg/torture/fp-int-convert-long-double.c -O3 -fomit-frame-pointer execution test FAIL: gcc.dg/torture/fp-int-convert-long-double.c -O3 -g execution test FAIL: gcc.dg/torture/fp-int-convert-long-double.c -Os execution test FAIL: gcc.dg/torture/fp-int-convert-long-double.c -O2 -flto -flto-partition=none execution test FAIL: gcc.dg/torture/fp-int-convert-long-double.c -O2 -flto execution test FAIL: gcc.dg/vect/pr38529.c scan-tree-dump-times vect "OUTER LOOP VECTORIZED" 1 FAIL: gcc.target/i386/excess-precision-1.c execution test FAIL: gcc.target/i386/excess-precision-3.c execution test FAIL: gcc.target/i386/pr36578-1.c execution test FAIL: gcc.target/i386/pr36578-2.c execution test FAIL: gcc.target/i386/rdrand-1.c (internal compiler error) FAIL: gcc.target/i386/rdrand-1.c (test for excess errors) ERROR: gcc.target/i386/rdrand-1.c: error executing dg-final: couldn't open "rdrand-1.s": no such file or directory UNRESOLVED: gcc.target/i386/rdrand-1.c: error executing dg-final: couldn't open "rdrand-1.s": no such file or directory FAIL: gcc.target/i386/rdrand-2.c (internal compiler error) FAIL: gcc.target/i386/rdrand-2.c (test for excess errors) ERROR: gcc.target/i386/rdrand-2.c: error executing dg-final: couldn't open "rdrand-2.s": no such file or directory UNRESOLVED: gcc.target/i386/rdrand-2.c: error executing dg-final: couldn't open "rdrand-2.s": no such file or directory === gcc Summary === # of expected passes 74209 # of unexpected failures 114 # of expected failures 184 # of unresolved testcases 10 # of unsupported tests 1419 /scratch/tmp/gerald/OBJ-0404-1739/gcc/xgcc version 4.7.0 20110404 (experimental) (GCC) === gfortran tests === Running target unix FAIL: gfortran.dg/cray_pointers_8.f90 -O2 execution test FAIL: gfortran.dg/cray_pointers_8.f90 -O3 -fomit-frame-pointer execution test FAIL: gfortran.dg/cray_pointers_8.f90 -O3 -fomit-frame-pointer -funroll-loops execution test FAIL: gfortran.dg/cray_pointers_8.f90 -O3 -fomit-frame-pointer -funroll-all-loops -finline-functions execution test FAIL: gfortran.dg/cray_pointers_8.f90 -O3 -g execution test FAIL: gfortran.dg/cray_pointers_8.f90 -Os execution test XPASS: gfortran.dg/large_real_kind_2.F90 -O0 (test for excess errors) XPASS: gfortran.dg/large_real_kind_2.F90 -O1 (test for excess errors) XPASS: gfortran.dg/large_real_kind_2.F90 -O2 (test for excess errors) XPASS: gfortran.dg/large_real_kind_2.F90 -O3 -fomit-frame-pointer (test for excess errors) XPASS: gfortran.dg/large_real_kind_2.F90 -O3 -fomit-frame-pointer -funroll-loops (test for excess errors) XPASS: gfortran.dg/large_real_kind_2.F90 -O3 -fomit-frame-pointer -funroll-all-loops -finline-functions (test for excess errors) XPASS: gfortran.dg/large_real_kind_2.F90 -O3 -g (test for excess errors) XPASS: gfortran.dg/large_real_kind_2.F90 -Os (test for excess errors) XPASS: gfortran.dg/large_real_kind_3.F90 -O0 (test for excess errors) XPASS: gfortran.dg/large_real_kind_3.F90 -O1 (test for excess errors) XPASS: gfortran.dg/large_real_kind_3.F90 -O2 (test for excess errors) XPASS: gfortran.dg/large_real_kind_3.F90 -O3 -fomit-frame-pointer (test for excess errors) XPASS: gfortran.dg/large_real_kind_3.F90 -O3 -fomit-frame-pointer -funroll-loops (test for excess errors) XPASS: gfortran.dg/large_real_kind_3.F90 -O3 -fomit-frame-pointer -funroll-all-loops -finline-functions (test for excess errors) XPASS: gfortran.dg/large_real_kind_3.F90 -O3 -g (test for excess errors) XPASS: gfortran.dg/large_real_kind_3.F90 -Os (test for excess errors) === gfortran Summary === # of expected passes 38291 # of unexpected failures 6 # of unexpected successes 16 # of expected failures 41 # of unsupported tests 212 /scratch/tmp/gerald/OBJ-0404-1739/gcc/testsuite/gfortran/../../gfortran version 4.7.0 20110404 (experimental) (GCC) === objc tests === Running target unix === objc Summary === # of expected passes 2918 # of expected failures 6 # of unsupported tests 74 /scratch/tmp/gerald/OBJ-0404-1739/gcc/xgcc version 4.7.0 20110404 (experimental) (GCC) === boehm-gc tests === Running target unix === boehm-gc Summary === # of expected passes 12 # of unsupported tests 1 === libffi tests === Running target unix === libffi Summary === # of expected passes 1634 # of expected failures 10 # of unsupported tests 15 === libgomp tests === Running target unix === libgomp Summary === # of expected passes 2538 # of unsupported tests 2 === libjava tests === Running target unix FAIL: Throw_2 execution - source compiled test FAIL: Throw_2 -findirect-dispatch execution - source compiled test FAIL: Throw_2 -O3 execution - source compiled test FAIL: Throw_2 -O3 -findirect-dispatch execution - source compiled test === libjava Summary === # of expected passes 2566 # of unexpected failures 4 # of untested testcases 4 === libmudflap tests === Running target unix === libmudflap Summary === # of expected passes 1894 === libstdc++ tests === Running target unix FAIL: 22_locale/locale/cons/12438.cc execution test FAIL: 26_numerics/headers/cmath/c99_classification_macros_c.cc (test for excess errors) FAIL: 27_io/basic_istream/extractors_arithmetic/char/12.cc execution test FAIL: 27_io/basic_istream/extractors_arithmetic/wchar_t/12.cc execution test FAIL: 27_io/objects/wchar_t/9662.cc execution test === libstdc++ Summary === # of expected passes 7278 # of unexpected failures 5 # of expected failures 80 # of unsupported tests 512 === libstdc++ Summary === Compiler version: 4.7.0 20110404 (experimental) (GCC) Platform: i386-unknown-freebsd9.0 configure flags: --prefix=/home/gerald/gcc-ref9-i386 --with-gmp=/home/gerald/9-i386 --with-libelf=/home/gerald/9-i386
Index Nav: | [Date Index] [Subject Index] [Author Index] [Thread Index] | |
---|---|---|
Message Nav: | [Date Prev] [Date Next] | [Thread Prev] [Thread Next] |