This is the mail archive of the
gcc-testresults@gcc.gnu.org
mailing list for the GCC project.
Results for 4.6.0 (GCC) testsuite on hppa64-hp-hpux11.11
- From: John David Anglin <dave at hiauly3 dot hia dot nrc dot ca>
- To: dave at hiauly3 dot hia dot nrc dot ca, gcc-testresults at gcc dot gnu dot org
- Date: Mon, 28 Mar 2011 20:22:39 -0400 (EDT)
- Subject: Results for 4.6.0 (GCC) testsuite on hppa64-hp-hpux11.11
Native configuration is hppa64-hp-hpux11.11
=== g++ tests ===
Running target unix
WARNING: program timed out.
=== g++ Summary ===
# of expected passes 24696
# of expected failures 163
# of unsupported tests 590
/mnt/gnu/gcc/objdir-test/gcc/testsuite/g++/../../g++ version 4.6.0 (GCC)
=== gcc tests ===
Running target unix
WARNING: program timed out.
FAIL: gcc.c-torture/compile/limits-fndefn.c -O3 -g (test for excess errors)
WARNING: program timed out.
FAIL: gcc.dg/lto/20090116 c_lto_20090116_0.o-c_lto_20090116_0.o link, -O1 -flto -flto-partition=1to1 -fPIC (internal compiler error)
UNRESOLVED: gcc.dg/lto/20090116 c_lto_20090116_0.o-c_lto_20090116_0.o execute -O1 -flto -flto-partition=1to1 -fPIC
=== gcc Summary ===
# of expected passes 66392
# of unexpected failures 2
# of expected failures 134
# of unresolved testcases 1
# of unsupported tests 1248
/mnt/gnu/gcc/objdir-test/gcc/xgcc version 4.6.0 (GCC)
=== gfortran tests ===
Running target unix
=== gfortran Summary ===
# of expected passes 37264
# of expected failures 41
# of unsupported tests 362
/mnt/gnu/gcc/objdir-test/gcc/testsuite/gfortran/../../gfortran version 4.6.0 (GCC)
=== obj-c++ tests ===
Running target unix
=== obj-c++ Summary ===
# of expected passes 1378
# of expected failures 10
# of unsupported tests 86
/mnt/gnu/gcc/objdir-test/gcc/testsuite/obj-c++/../../g++ version 4.6.0 (GCC)
=== objc tests ===
Running target unix
=== objc Summary ===
# of expected passes 2912
# of expected failures 10
# of unsupported tests 75
/mnt/gnu/gcc/objdir-test/gcc/xgcc version 4.6.0 (GCC)
=== libgomp tests ===
Running target unix
=== libgomp Summary ===
# of expected passes 2524
# of unsupported tests 9
=== libstdc++ tests ===
Running target unix
=== libstdc++ Summary ===
# of expected passes 6833
# of expected failures 81
# of unsupported tests 737
Compiler version: 4.6.0 (GCC)
Platform: hppa64-hp-hpux11.11
configure flags:Test Run By dave on Mon Mar 28 07:02:17 2011