This is the mail archive of the gcc-testresults@gcc.gnu.org mailing list for the GCC project.


Index Nav: [Date Index] [Subject Index] [Author Index] [Thread Index]
Message Nav: [Date Prev] [Date Next] [Thread Prev] [Thread Next]
Other format: [Raw text]

Results for 4.6.0 (GCC) testsuite on sparc-sun-solaris2.8


LAST_UPDATED: Fri Mar 25 18:21:22 UTC 2011 (revision 171512)

		=== acats tests ===

		=== acats Summary ===
# of expected passes		2321
# of unexpected failures	0
Native configuration is sparc-sun-solaris2.8

		=== g++ tests ===


Running target unix
WARNING: program timed out.

		=== g++ Summary for unix ===

# of expected passes		26173
# of expected failures		163
# of unsupported tests		428

Running target unix/-m64

		=== g++ Summary for unix/-m64 ===

# of expected passes		26785
# of expected failures		163
# of unsupported tests		425

		=== g++ Summary ===

# of expected passes		52958
# of expected failures		326
# of unsupported tests		853
/var/gcc/regression/gcc-4.6-branch/8-gcc-gas/build/gcc/testsuite/g++/../../g++  version 4.6.0 (GCC) 

		=== gcc tests ===


Running target unix
FAIL: gcc.dg/lto/20110201-1 c_lto_20110201-1_0.o-c_lto_20110201-1_0.o link,  -O0 -flto 
UNRESOLVED: gcc.dg/lto/20110201-1 c_lto_20110201-1_0.o-c_lto_20110201-1_0.o execute  -O0 -flto 

		=== gcc Summary for unix ===

# of expected passes		69364
# of unexpected failures	1
# of expected failures		237
# of unresolved testcases	1
# of unsupported tests		1192

Running target unix/-m64

		=== gcc Summary for unix/-m64 ===

# of expected passes		69947
# of expected failures		228
# of unsupported tests		1201

		=== gcc Summary ===

# of expected passes		139311
# of unexpected failures	1
# of expected failures		465
# of unresolved testcases	1
# of unsupported tests		2393
/var/gcc/regression/gcc-4.6-branch/8-gcc-gas/build/gcc/xgcc  version 4.6.0 (GCC) 

		=== gfortran tests ===


Running target unix

		=== gfortran Summary for unix ===

# of expected passes		37856
# of expected failures		43
# of unsupported tests		402

Running target unix/-m64

		=== gfortran Summary for unix/-m64 ===

# of expected passes		38135
# of expected failures		43
# of unsupported tests		265

		=== gfortran Summary ===

# of expected passes		75991
# of expected failures		86
# of unsupported tests		667
/var/gcc/regression/gcc-4.6-branch/8-gcc-gas/build/gcc/testsuite/gfortran/../../gfortran  version 4.6.0 (GCC) 

		=== gnat tests ===


Running target unix

		=== gnat Summary for unix ===

# of expected passes		865
# of expected failures		10
# of unsupported tests		4

Running target unix/-m64

		=== gnat Summary for unix/-m64 ===

# of expected passes		865
# of expected failures		10
# of unsupported tests		4

		=== gnat Summary ===

# of expected passes		1730
# of expected failures		20
# of unsupported tests		8
/var/gcc/regression/gcc-4.6-branch/8-gcc-gas/build/gcc/gnatmake version 4.6.0

		=== objc tests ===


Running target unix

		=== objc Summary for unix ===

# of expected passes		2866
# of expected failures		10
# of unsupported tests		98

Running target unix/-m64

		=== objc Summary for unix/-m64 ===

# of expected passes		2866
# of expected failures		10
# of unsupported tests		98

		=== objc Summary ===

# of expected passes		5732
# of expected failures		20
# of unsupported tests		196
/var/gcc/regression/gcc-4.6-branch/8-gcc-gas/build/gcc/xgcc  version 4.6.0 (GCC) 

		=== libffi tests ===


Running target unix

		=== libffi Summary for unix ===

# of expected passes		1634
# of expected failures		10
# of unsupported tests		15

Running target unix/-m64

		=== libffi Summary for unix/-m64 ===

# of expected passes		1634
# of expected failures		10
# of unsupported tests		15

		=== libffi Summary ===

# of expected passes		3268
# of expected failures		20
# of unsupported tests		30
		=== libgomp tests ===


Running target unix

		=== libgomp Summary for unix ===

# of expected passes		2524
# of unsupported tests		9

Running target unix/-m64

		=== libgomp Summary for unix/-m64 ===

# of expected passes		2524
# of unsupported tests		9

		=== libgomp Summary ===

# of expected passes		5048
# of unsupported tests		18
		=== libjava tests ===


Running target unix

		=== libjava Summary for unix ===

# of expected passes		2574

Running target unix/-m64

		=== libjava Summary for unix/-m64 ===

# of expected passes		2574

		=== libjava Summary ===

# of expected passes		5148
		=== libstdc++ tests ===


Running target unix

		=== libstdc++ Summary for unix ===

# of expected passes		6841
# of expected failures		83
# of unsupported tests		740

Running target unix/-m64

		=== libstdc++ Summary for unix/-m64 ===

# of expected passes		6841
# of expected failures		83
# of unsupported tests		740

		=== libstdc++ Summary ===

# of expected passes		13682
# of expected failures		166
# of unsupported tests		1480

Compiler version: 4.6.0 (GCC) 
Platform: sparc-sun-solaris2.8
configure flags: --prefix=/vol/gcc --target=sparc-sun-solaris2.8 --with-as=/vol/gcc/bin/gas-2.21 --with-gnu-as --with-gmp=/vol/gcc --with-mpfr=/vol/gcc --with-mpc=/vol/gcc --enable-languages=all,ada --without-ppl --without-cloog
BOOT_CFLAGS=-g -O2


Index Nav: [Date Index] [Subject Index] [Author Index] [Thread Index]
Message Nav: [Date Prev] [Date Next] [Thread Prev] [Thread Next]