This is the mail archive of the
gcc-testresults@gcc.gnu.org
mailing list for the GCC project.
Results for 4.7.0 20110326 (experimental) [trunk revision 171557] (GCC) testsuite on hppa64-hp-hpux11.11
- From: John David Anglin <dave at hiauly3 dot hia dot nrc dot ca>
- To: dave at hiauly3 dot hia dot nrc dot ca, gcc-testresults at gcc dot gnu dot org
- Date: Sun, 27 Mar 2011 17:10:19 -0400 (EDT)
- Subject: Results for 4.7.0 20110326 (experimental) [trunk revision 171557] (GCC) testsuite on hppa64-hp-hpux11.11
Native configuration is hppa64-hp-hpux11.11
=== g++ tests ===
Running target unix
WARNING: program timed out.
=== g++ Summary ===
# of expected passes 24741
# of expected failures 164
# of unsupported tests 590
/test/gnu/gcc/objdir/gcc/testsuite/g++/../../g++ version 4.7.0 20110326 (experimental) [trunk revision 171557] (GCC)
=== gcc tests ===
Running target unix
FAIL: gcc.dg/debug/dwarf2/pr47939-1.c scan-assembler DW_TAG_typedef[^\\\\r\\\\n]*[\\\\r\\\\n]+[^\\\\r\\\\n]*DW_AT_name: "Harry_t"
FAIL: gcc.dg/debug/dwarf2/pr47939-2.c scan-assembler DW_TAG_typedef[^\\\\r\\\\n]*[\\\\r\\\\n]+[^\\\\r\\\\n]*DW_AT_name: "Harry_t"
FAIL: gcc.dg/debug/dwarf2/pr47939-3.c scan-assembler DW_TAG_typedef[^\\\\r\\\\n]*[\\\\r\\\\n]+[^\\\\r\\\\n]*DW_AT_name: "Harry_t"
FAIL: gcc.dg/debug/dwarf2/pr47939-4.c scan-assembler DW_TAG_typedef[^\\\\r\\\\n]*[\\\\r\\\\n]+[^\\\\r\\\\n]*DW_AT_name: "Harry_t"
WARNING: program timed out.
FAIL: gcc.dg/lto/20090116 c_lto_20090116_0.o-c_lto_20090116_0.o link, -O1 -flto -flto-partition=1to1 -fPIC (internal compiler error)
UNRESOLVED: gcc.dg/lto/20090116 c_lto_20090116_0.o-c_lto_20090116_0.o execute -O1 -flto -flto-partition=1to1 -fPIC
FAIL: gcc.dg/torture/pr47917.c -O0 (test for excess errors)
FAIL: gcc.dg/torture/pr47917.c -O1 (test for excess errors)
FAIL: gcc.dg/torture/pr47917.c -O2 (test for excess errors)
FAIL: gcc.dg/torture/pr47917.c -O3 -fomit-frame-pointer (test for excess errors)
FAIL: gcc.dg/torture/pr47917.c -O3 -g (test for excess errors)
FAIL: gcc.dg/torture/pr47917.c -Os (test for excess errors)
FAIL: gcc.dg/torture/pr47917.c -O2 -flto -flto-partition=none (test for excess errors)
FAIL: gcc.dg/torture/pr47917.c -O2 -flto (test for excess errors)
=== gcc Summary ===
# of expected passes 66435
# of unexpected failures 13
# of expected failures 114
# of unresolved testcases 1
# of unsupported tests 1251
/test/gnu/gcc/objdir/gcc/xgcc version 4.7.0 20110326 (experimental) [trunk revision 171557] (GCC)
=== gfortran tests ===
Running target unix
=== gfortran Summary ===
# of expected passes 37296
# of expected failures 41
# of unsupported tests 362
/test/gnu/gcc/objdir/gcc/testsuite/gfortran/../../gfortran version 4.7.0 20110326 (experimental) [trunk revision 171557] (GCC)
=== obj-c++ tests ===
Running target unix
=== obj-c++ Summary ===
# of expected passes 1378
# of expected failures 10
# of unsupported tests 86
/test/gnu/gcc/objdir/gcc/testsuite/obj-c++/../../g++ version 4.7.0 20110326 (experimental) [trunk revision 171557] (GCC)
=== objc tests ===
Running target unix
=== objc Summary ===
# of expected passes 2912
# of expected failures 10
# of unsupported tests 75
/test/gnu/gcc/objdir/gcc/xgcc version 4.7.0 20110326 (experimental) [trunk revision 171557] (GCC)
=== libgomp tests ===
Running target unix
=== libgomp Summary ===
# of expected passes 2524
# of unsupported tests 9
=== libstdc++ tests ===
Running target unix
=== libstdc++ Summary ===
# of expected passes 6849
# of expected failures 81
# of unsupported tests 741
Compiler version: 4.7.0 20110326 (experimental) [trunk revision 171557] (GCC)
Platform: hppa64-hp-hpux11.11
configure flags:Test Run By dave on Sun Mar 27 05:46:51 2011