This is the mail archive of the
gcc-testresults@gcc.gnu.org
mailing list for the GCC project.
Results for 4.6.0 20110324 (prerelease) [gcc-4_6-branch revision 171379] (GCC) testsuite on x86_64-apple-darwin10.6.0
- From: sean at seanmcgovern dot ca (Sean McGovern)
- To: gcc-testresults at gcc dot gnu dot org
- Date: Thu, 24 Mar 2011 10:32:27 -0400 (EDT)
- Subject: Results for 4.6.0 20110324 (prerelease) [gcc-4_6-branch revision 171379] (GCC) testsuite on x86_64-apple-darwin10.6.0
\$ uname -a
Darwin mahoro 10.6.0 Darwin Kernel Version 10.6.0: Wed Nov 10 18:13:17 PST 2010; root:xnu-1504.9.26~3/RELEASE_I386 i386
********
LAST_UPDATED: Thu Mar 24 04:50:40 UTC 2011 (revision 171379)
Native configuration is x86_64-apple-darwin10.6.0
=== g++ tests ===
Running target unix/-m32
WARNING: g++.dg/ext/label13.C compilation failed to produce executable
=== g++ Summary for unix/-m32 ===
# of expected passes 25214
# of expected failures 160
# of unsupported tests 206
Running target unix/-m64
WARNING: g++.dg/ext/label13.C compilation failed to produce executable
=== g++ Summary for unix/-m64 ===
# of expected passes 25523
# of expected failures 160
# of unsupported tests 364
=== g++ Summary ===
# of expected passes 50737
# of expected failures 320
# of unsupported tests 570
/BUILD/gcc/obj-171379/gcc/testsuite/g++/../../g++ version 4.6.0 20110324 (prerelease) [gcc-4_6-branch revision 171379] (GCC)
=== gcc tests ===
Running target unix/-m32
FAIL: gcc.c-torture/execute/loop-7.c compilation, -O3 -g
UNRESOLVED: gcc.c-torture/execute/loop-7.c execution, -O3 -g
=== gcc Summary for unix/-m32 ===
# of expected passes 62759
# of unexpected failures 1
# of expected failures 210
# of unresolved testcases 1
# of unsupported tests 1305
Running target unix/-m64
FAIL: gcc.dg/matrix/transpose-3.c execution, -fprofile-use -fipa-matrix-reorg -fdump-ipa-matrix-reorg -O3 -fwhole-program
=== gcc Summary for unix/-m64 ===
# of expected passes 63046
# of unexpected failures 1
# of expected failures 211
# of unsupported tests 1604
=== gcc Summary ===
# of expected passes 125805
# of unexpected failures 2
# of expected failures 421
# of unresolved testcases 1
# of unsupported tests 2909
/BUILD/gcc/obj-171379/gcc/xgcc version 4.6.0 20110324 (prerelease) [gcc-4_6-branch revision 171379] (GCC)
=== gfortran tests ===
Running target unix/-m32
FAIL: gfortran.dg/print_c_kinds.f90 -O3 -g (test for excess errors)
WARNING: program timed out.
=== gfortran Summary for unix/-m32 ===
# of expected passes 37985
# of unexpected failures 1
# of expected failures 41
# of unsupported tests 209
Running target unix/-m64
=== gfortran Summary for unix/-m64 ===
# of expected passes 38275
# of expected failures 41
# of unsupported tests 69
=== gfortran Summary ===
# of expected passes 76260
# of unexpected failures 1
# of expected failures 82
# of unsupported tests 278
/BUILD/gcc/obj-171379/gcc/testsuite/gfortran/../../gfortran version 4.6.0 20110324 (prerelease) [gcc-4_6-branch revision 171379] (GCC)
=== objc tests ===
Running target unix/-m32
=== objc Summary for unix/-m32 ===
# of expected passes 5787
# of expected failures 6
# of unsupported tests 74
Running target unix/-m64
=== objc Summary for unix/-m64 ===
# of expected passes 5739
# of expected failures 22
# of unsupported tests 86
=== objc Summary ===
# of expected passes 11526
# of expected failures 28
# of unsupported tests 160
/BUILD/gcc/obj-171379/gcc/xgcc version 4.6.0 20110324 (prerelease) [gcc-4_6-branch revision 171379] (GCC)
=== libffi tests ===
Running target unix/-m64
=== libffi Summary for unix/-m64 ===
# of expected passes 1634
# of expected failures 10
# of unsupported tests 15
Running target unix/-m32
=== libffi Summary for unix/-m32 ===
# of expected passes 1634
# of expected failures 10
# of unsupported tests 15
=== libffi Summary ===
# of expected passes 3268
# of expected failures 20
# of unsupported tests 30
=== libgomp tests ===
Running target unix/-m64
=== libgomp Summary for unix/-m64 ===
# of expected passes 2538
# of unsupported tests 2
Running target unix/-m32
=== libgomp Summary for unix/-m32 ===
# of expected passes 2538
# of unsupported tests 2
=== libgomp Summary ===
# of expected passes 5076
# of unsupported tests 4
=== libjava tests ===
Running target unix/-m64
=== libjava Summary for unix/-m64 ===
# of expected passes 2574
Running target unix/-m32
=== libjava Summary for unix/-m32 ===
# of expected passes 2574
=== libjava Summary ===
# of expected passes 5148
=== libstdc++ tests ===
Running target unix/-m32
=== libstdc++ Summary for unix/-m32 ===
# of expected passes 7002
# of expected failures 81
# of unsupported tests 652
Running target unix/-m64
=== libstdc++ Summary for unix/-m64 ===
# of expected passes 7000
# of expected failures 81
# of unsupported tests 653
=== libstdc++ Summary ===
# of expected passes 14002
# of expected failures 162
# of unsupported tests 1305
=== libstdc++ Summary ===
Compiler version: 4.6.0 20110324 (prerelease) [gcc-4_6-branch revision 171379] (GCC)
Platform: x86_64-apple-darwin10.6.0
configure flags: --prefix=/opt/gnu/gcc --target=x86_64-apple-darwin10.6.0 --host=x86_64-apple-darwin10.6.0 --build=x86_64-apple-darwin10.6.0 --with-tune=core2 --with-gmp=/opt/gnu --with-mpfr=/opt/gnu --with-mpc=/opt/gnu --enable-stage1-languages=c --enable-languages=all --program-suffix=-4.6
BOOT_CFLAGS=-g -O2