This is the mail archive of the
gcc-testresults@gcc.gnu.org
mailing list for the GCC project.
Results for 4.7.0 20110318 (experimental) [trunk revision 171156] (GCC) testsuite on i386-pc-solaris2.9
- From: Rainer Orth <ro at CeBiTec dot Uni-Bielefeld dot DE>
- To: gcc-testresults at gcc dot gnu dot org
- Date: Mon, 21 Mar 2011 10:55:21 +0100 (MET)
- Subject: Results for 4.7.0 20110318 (experimental) [trunk revision 171156] (GCC) testsuite on i386-pc-solaris2.9
LAST_UPDATED: Fri Mar 18 18:11:24 UTC 2011 (revision 171156)
=== acats tests ===
=== acats Summary ===
# of expected passes 2321
# of unexpected failures 0
Native configuration is i386-pc-solaris2.9
=== g++ tests ===
Running target unix
=== g++ Summary ===
# of expected passes 26662
# of expected failures 163
# of unsupported tests 190
/var/gcc/regression/trunk/9-gcc-gas/build/gcc/testsuite/g++/../../g++ version 4.7.0 20110318 (experimental) [trunk revision 171156] (GCC)
=== gcc tests ===
Running target unix
=== gcc Summary ===
# of expected passes 75422
# of expected failures 211
# of unsupported tests 840
/var/gcc/regression/trunk/9-gcc-gas/build/gcc/xgcc version 4.7.0 20110318 (experimental) [trunk revision 171156] (GCC)
=== gfortran tests ===
Running target unix
=== gfortran Summary ===
# of expected passes 37924
# of expected failures 41
# of unsupported tests 372
/var/gcc/regression/trunk/9-gcc-gas/build/gcc/testsuite/gfortran/../../gfortran version 4.7.0 20110318 (experimental) [trunk revision 171156] (GCC)
=== gnat tests ===
Running target unix
=== gnat Summary ===
# of expected passes 867
# of expected failures 11
# of unsupported tests 3
/var/gcc/regression/trunk/9-gcc-gas/build/gcc/gnatmake version 4.7.0 20110318 (experimental) [trunk revision 171156]
=== objc tests ===
Running target unix
=== objc Summary ===
# of expected passes 2870
# of expected failures 6
# of unsupported tests 98
/var/gcc/regression/trunk/9-gcc-gas/build/gcc/xgcc version 4.7.0 20110318 (experimental) [trunk revision 171156] (GCC)
=== boehm-gc tests ===
Running target unix
=== boehm-gc Summary ===
# of expected passes 12
# of unsupported tests 1
=== libffi tests ===
Running target unix
=== libffi Summary ===
# of expected passes 1634
# of expected failures 10
# of unsupported tests 15
=== libgomp tests ===
Running target unix
=== libgomp Summary ===
# of expected passes 2538
# of unsupported tests 2
=== libjava tests ===
Running target unix
FAIL: Divide_1 output - source compiled test
FAIL: Divide_1 -findirect-dispatch output - source compiled test
FAIL: Divide_1 -O3 output - source compiled test
FAIL: Divide_1 -O3 -findirect-dispatch output - source compiled test
=== libjava Summary ===
# of expected passes 2570
# of unexpected failures 4
=== libstdc++ tests ===
Running target unix
FAIL: 26_numerics/random/binomial_distribution/operators/values.cc (test for excess errors)
WARNING: 26_numerics/random/binomial_distribution/operators/values.cc compilation failed to produce executable
=== libstdc++ Summary ===
# of expected passes 6843
# of unexpected failures 1
# of expected failures 85
# of unsupported tests 738
Compiler version: 4.7.0 20110318 (experimental) [trunk revision 171156] (GCC)
Platform: i386-pc-solaris2.9
configure flags: --prefix=/vol/gcc --target=i386-pc-solaris2.9 --with-as=/vol/gcc/bin/gas-2.21 --with-gnu-as --with-gmp=/vol/gcc --with-mpfr=/vol/gcc --with-mpc=/vol/gcc --enable-languages=all,ada
BOOT_CFLAGS=-g -O2