This is the mail archive of the
gcc-testresults@gcc.gnu.org
mailing list for the GCC project.
Results for 4.6.0 20110319 (prerelease) [gcc-4_6-branch revision 171177] (GCC) testsuite on hppa2.0w-hp-hpux11.11
- From: John David Anglin <dave at hiauly3 dot hia dot nrc dot ca>
- To: dave at hiauly3 dot hia dot nrc dot ca, gcc-testresults at gcc dot gnu dot org
- Date: Sun, 20 Mar 2011 10:29:09 -0400 (EDT)
- Subject: Results for 4.6.0 20110319 (prerelease) [gcc-4_6-branch revision 171177] (GCC) testsuite on hppa2.0w-hp-hpux11.11
=== acats tests ===
=== acats Summary ===
# of expected passes 2321
# of unexpected failures 0
Native configuration is hppa2.0w-hp-hpux11.11
=== g++ tests ===
Running target unix
WARNING: g++.dg/ext/label13.C compilation failed to produce executable
WARNING: program timed out.
=== g++ Summary ===
# of expected passes 23144
# of expected failures 162
# of unsupported tests 586
/mnt/gnu/gcc/objdir-test/gcc/testsuite/g++/../../g++ version 4.6.0 20110319 (prerelease) [gcc-4_6-branch revision 171177] (GCC)
=== gcc tests ===
Running target unix
WARNING: program timed out.
=== gcc Summary ===
# of expected passes 55577
# of expected failures 132
# of unsupported tests 1164
/mnt/gnu/gcc/objdir-test/gcc/xgcc version 4.6.0 20110319 (prerelease) [gcc-4_6-branch revision 171177] (GCC)
=== gfortran tests ===
Running target unix
FAIL: gfortran.dg/pr45636.f90 -O scan-tree-dump-times forwprop2 "memset" 0
FAIL: gfortran.dg/guality/pr41558.f90 -O0 line 7 s == 'foo'
FAIL: gfortran.dg/guality/pr41558.f90 -O1 line 7 s == 'foo'
FAIL: gfortran.dg/guality/pr41558.f90 -O2 line 7 s == 'foo'
FAIL: gfortran.dg/guality/pr41558.f90 -O3 -fomit-frame-pointer line 7 s == 'foo'
FAIL: gfortran.dg/guality/pr41558.f90 -O3 -fomit-frame-pointer -funroll-loops line 7 s == 'foo'
FAIL: gfortran.dg/guality/pr41558.f90 -O3 -fomit-frame-pointer -funroll-all-loops -finline-functions line 7 s == 'foo'
FAIL: gfortran.dg/guality/pr41558.f90 -O3 -g line 7 s == 'foo'
FAIL: gfortran.dg/guality/pr41558.f90 -Os line 7 s == 'foo'
=== gfortran Summary ===
# of expected passes 37064
# of unexpected failures 9
# of expected failures 41
# of unsupported tests 375
/mnt/gnu/gcc/objdir-test/gcc/testsuite/gfortran/../../gfortran version 4.6.0 20110319 (prerelease) [gcc-4_6-branch revision 171177] (GCC)
=== gnat tests ===
Running target unix
=== gnat Summary ===
# of expected passes 867
# of expected failures 10
# of unsupported tests 3
/mnt/gnu/gcc/objdir-test/gcc/gnatmake version 4.6.0 20110319 (prerelease) [gcc-4_6-branch revision 171177]
=== obj-c++ tests ===
Running target unix
=== obj-c++ Summary ===
# of expected passes 1344
# of expected failures 2
# of unsupported tests 69
/mnt/gnu/gcc/objdir-test/gcc/testsuite/obj-c++/../../g++ version 4.6.0 20110319 (prerelease) [gcc-4_6-branch revision 171177] (GCC)
=== objc tests ===
Running target unix
=== objc Summary ===
# of expected passes 2842
# of expected failures 8
# of unsupported tests 65
/mnt/gnu/gcc/objdir-test/gcc/xgcc version 4.6.0 20110319 (prerelease) [gcc-4_6-branch revision 171177] (GCC)
=== libffi tests ===
Running target unix
=== libffi Summary ===
# of expected passes 1634
# of expected failures 10
# of unsupported tests 15
=== libgomp tests ===
Running target unix
=== libgomp Summary ===
# of expected passes 2524
# of unsupported tests 9
=== libjava tests ===
Running target unix
FAIL: LargeFile execution - source compiled test
FAIL: LargeFile -findirect-dispatch execution - source compiled test
FAIL: LargeFile -O3 execution - source compiled test
FAIL: LargeFile -O3 -findirect-dispatch execution - source compiled test
FAIL: final_inner -O3 output - source compiled test
FAIL: pr21785 -O3 output - source compiled test
=== libjava Summary ===
# of expected passes 2564
# of unexpected failures 6
# of untested testcases 4
=== libstdc++ tests ===
Running target unix
=== libstdc++ Summary ===
# of expected passes 6833
# of expected failures 81
# of unsupported tests 735
Compiler version: 4.6.0 20110319 (prerelease) [gcc-4_6-branch revision 171177] (GCC)
Platform: hppa2.0w-hp-hpux11.11
configure flags:Test Run By dave on Sat Mar 19 08:18:52 EDT 2011