This is the mail archive of the
gcc-testresults@gcc.gnu.org
mailing list for the GCC project.
Results for 4.6.0 20110311 (experimental) [trunk revision 170876] (GCC) testsuite on i386-pc-solaris2.11
- From: Rainer Orth <ro at CeBiTec dot Uni-Bielefeld dot DE>
- To: gcc-testresults at gcc dot gnu dot org
- Date: Tue, 15 Mar 2011 16:33:17 +0100 (MET)
- Subject: Results for 4.6.0 20110311 (experimental) [trunk revision 170876] (GCC) testsuite on i386-pc-solaris2.11
LAST_UPDATED: Fri Mar 11 17:02:57 UTC 2011 (revision 170876)
=== acats tests ===
=== acats Summary ===
# of expected passes 2321
# of unexpected failures 0
Native configuration is i386-pc-solaris2.11
=== g++ tests ===
Running target unix
=== g++ Summary for unix ===
# of expected passes 26639
# of expected failures 162
# of unsupported tests 181
Running target unix/-m64
=== g++ Summary for unix/-m64 ===
# of expected passes 26871
# of expected failures 162
# of unsupported tests 380
=== g++ Summary ===
# of expected passes 53510
# of expected failures 324
# of unsupported tests 561
/var/gcc/regression/trunk/11-gcc-gas-gld/build/gcc/testsuite/g++/../../g++ version 4.6.0 20110311 (experimental) [trunk revision 170876] (GCC)
=== gcc tests ===
Running target unix
FAIL: gcc.dg/lto/20081201-2 c_lto_20081201-2_0.o-c_lto_20081201-2_1.o execute -O3 -flto -flto-partition=1to1
FAIL: gcc.dg/lto/20110201-1 c_lto_20110201-1_0.o-c_lto_20110201-1_0.o link, -O0 -flto
UNRESOLVED: gcc.dg/lto/20110201-1 c_lto_20110201-1_0.o-c_lto_20110201-1_0.o execute -O0 -flto
FAIL: gcc.dg/lto/ipareference2 c_lto_ipareference2_0.o-c_lto_ipareference2_1.o execute -O1 -flto -flto-partition=1to1 -fwhole-program
=== gcc Summary for unix ===
# of expected passes 75432
# of unexpected failures 3
# of expected failures 213
# of unresolved testcases 1
# of unsupported tests 789
Running target unix/-m64
FAIL: gcc.dg/lto/20081201-2 c_lto_20081201-2_0.o-c_lto_20081201-2_1.o execute -O3 -flto -flto-partition=1to1
FAIL: gcc.dg/lto/20110201-1 c_lto_20110201-1_0.o-c_lto_20110201-1_0.o link, -O0 -flto
UNRESOLVED: gcc.dg/lto/20110201-1 c_lto_20110201-1_0.o-c_lto_20110201-1_0.o execute -O0 -flto
FAIL: gcc.dg/lto/ipareference2 c_lto_ipareference2_0.o-c_lto_ipareference2_1.o execute -O1 -flto -flto-partition=1to1 -fwhole-program
FAIL: gcc.misc-tests/linkage.c link
=== gcc Summary for unix/-m64 ===
# of expected passes 75580
# of unexpected failures 4
# of expected failures 212
# of unresolved testcases 1
# of unsupported tests 1191
=== gcc Summary ===
# of expected passes 151012
# of unexpected failures 7
# of expected failures 425
# of unresolved testcases 2
# of unsupported tests 1980
/var/gcc/regression/trunk/11-gcc-gas-gld/build/gcc/xgcc version 4.6.0 20110311 (experimental) [trunk revision 170876] (GCC)
=== gfortran tests ===
Running target unix
=== gfortran Summary for unix ===
# of expected passes 38195
# of expected failures 41
# of unsupported tests 228
Running target unix/-m64
=== gfortran Summary for unix/-m64 ===
# of expected passes 38492
# of expected failures 41
# of unsupported tests 88
=== gfortran Summary ===
# of expected passes 76687
# of expected failures 82
# of unsupported tests 316
/var/gcc/regression/trunk/11-gcc-gas-gld/build/gcc/testsuite/gfortran/../../gfortran version 4.6.0 20110311 (experimental) [trunk revision 170876] (GCC)
=== gnat tests ===
Running target unix
=== gnat Summary for unix ===
# of expected passes 866
# of expected failures 10
# of unsupported tests 3
Running target unix/-m64
=== gnat Summary for unix/-m64 ===
# of expected passes 866
# of expected failures 10
# of unsupported tests 3
=== gnat Summary ===
# of expected passes 1732
# of expected failures 20
# of unsupported tests 6
/var/gcc/regression/trunk/11-gcc-gas-gld/build/gcc/gnatmake version 4.6.0 20110311 (experimental) [trunk revision 170876]
=== objc tests ===
Running target unix
=== objc Summary for unix ===
# of expected passes 2918
# of expected failures 6
# of unsupported tests 74
Running target unix/-m64
=== objc Summary for unix/-m64 ===
# of expected passes 2908
# of expected failures 16
# of unsupported tests 74
=== objc Summary ===
# of expected passes 5826
# of expected failures 22
# of unsupported tests 148
/var/gcc/regression/trunk/11-gcc-gas-gld/build/gcc/xgcc version 4.6.0 20110311 (experimental) [trunk revision 170876] (GCC)
=== boehm-gc tests ===
Running target unix
=== boehm-gc Summary for unix ===
# of expected passes 12
# of unsupported tests 1
Running target unix/-m64
=== boehm-gc Summary for unix/-m64 ===
# of expected passes 12
# of unsupported tests 1
=== boehm-gc Summary ===
# of expected passes 24
# of unsupported tests 2
=== libffi tests ===
Running target unix
=== libffi Summary for unix ===
# of expected passes 1634
# of expected failures 10
# of unsupported tests 15
Running target unix/-m64
=== libffi Summary for unix/-m64 ===
# of expected passes 1634
# of expected failures 10
# of unsupported tests 15
=== libffi Summary ===
# of expected passes 3268
# of expected failures 20
# of unsupported tests 30
=== libgomp tests ===
Running target unix
=== libgomp Summary for unix ===
# of expected passes 2538
# of unsupported tests 2
Running target unix/-m64
=== libgomp Summary for unix/-m64 ===
# of expected passes 2538
# of unsupported tests 2
=== libgomp Summary ===
# of expected passes 5076
# of unsupported tests 4
=== libjava tests ===
Running target unix
=== libjava Summary for unix ===
# of expected passes 2574
Running target unix/-m64
=== libjava Summary for unix/-m64 ===
# of expected passes 2574
=== libjava Summary ===
# of expected passes 5148
=== libstdc++ tests ===
Running target unix
=== libstdc++ Summary for unix ===
# of expected passes 7353
# of expected failures 81
# of unsupported tests 460
Running target unix/-m64
=== libstdc++ Summary for unix/-m64 ===
# of expected passes 7353
# of expected failures 81
# of unsupported tests 460
=== libstdc++ Summary ===
# of expected passes 14706
# of expected failures 162
# of unsupported tests 920
Compiler version: 4.6.0 20110311 (experimental) [trunk revision 170876] (GCC)
Platform: i386-pc-solaris2.11
configure flags: --prefix=/vol/gcc --target=i386-pc-solaris2.11 --with-as=/vol/gcc/bin/gas-2.21 --with-gnu-as --with-ld=/vol/gcc/bin/gld-2.21 --with-gnu-ld --with-gmp=/vol/gcc --with-mpfr=/vol/gcc --with-mpc=/vol/gcc --enable-languages=all,ada
BOOT_CFLAGS=-g -O2