This is the mail archive of the
gcc-testresults@gcc.gnu.org
mailing list for the GCC project.
Results for 4.6.0 20110310 (experimental) [trunk revision 170842] (GCC) testsuite on x86_64-apple-darwin10.6.0
- From: sean at seanmcgovern dot ca (Sean McGovern)
- To: gcc-testresults at gcc dot gnu dot org
- Date: Thu, 10 Mar 2011 02:47:12 -0500 (EST)
- Subject: Results for 4.6.0 20110310 (experimental) [trunk revision 170842] (GCC) testsuite on x86_64-apple-darwin10.6.0
\$ uname -a
Darwin mahoro 10.6.0 Darwin Kernel Version 10.6.0: Wed Nov 10 18:13:17 PST 2010; root:xnu-1504.9.26~3/RELEASE_I386 i386
LAST_UPDATED: Thu Mar 10 01:01:11 UTC 2011 (revision 170842)
Native configuration is x86_64-apple-darwin10.6.0
=== g++ tests ===
Running target unix//-m32
WARNING: g++.dg/ext/label13.C compilation failed to produce executable
=== g++ Summary for unix//-m32 ===
# of expected passes 26636
# of expected failures 162
# of unsupported tests 177
Running target unix//-m64
WARNING: g++.dg/ext/label13.C compilation failed to produce executable
=== g++ Summary for unix//-m64 ===
# of expected passes 26869
# of expected failures 162
# of unsupported tests 375
=== g++ Summary ===
# of expected passes 53505
# of expected failures 324
# of unsupported tests 552
/BUILD/gcc/obj-170842/gcc/testsuite/g++/../../g++ version 4.6.0 20110310 (experimental) [trunk revision 170842] (GCC)
=== gcc tests ===
Running target unix//-m32
=== gcc Summary for unix//-m32 ===
# of expected passes 74140
# of expected failures 210
# of unsupported tests 1360
Running target unix//-m64
FAIL: gcc.dg/matrix/transpose-3.c execution, -fprofile-use -fipa-matrix-reorg -fdump-ipa-matrix-reorg -O3 -fwhole-program
=== gcc Summary for unix//-m64 ===
# of expected passes 74280
# of unexpected failures 1
# of expected failures 211
# of unsupported tests 1732
=== gcc Summary ===
# of expected passes 148420
# of unexpected failures 1
# of expected failures 421
# of unsupported tests 3092
/BUILD/gcc/obj-170842/gcc/xgcc version 4.6.0 20110310 (experimental) [trunk revision 170842] (GCC)
=== libgomp tests ===
Running target unix//-m64
=== libgomp Summary for unix//-m64 ===
# of expected passes 1025
# of unsupported tests 2
Running target unix//-m32
=== libgomp Summary for unix//-m32 ===
# of expected passes 1025
# of unsupported tests 2
=== libgomp Summary ===
# of expected passes 2050
# of unsupported tests 4
=== libstdc++ tests ===
Running target unix//-m32
WARNING: program timed out.
FAIL: tr1/7_regular_expressions/regex/cons/char/default.cc (test for excess errors)
=== libstdc++ Summary for unix//-m32 ===
# of expected passes 6995
# of unexpected failures 1
# of expected failures 81
# of unsupported tests 652
Running target unix//-m64
=== libstdc++ Summary for unix//-m64 ===
# of expected passes 6994
# of expected failures 81
# of unsupported tests 653
=== libstdc++ Summary ===
# of expected passes 13989
# of unexpected failures 1
# of expected failures 162
# of unsupported tests 1305
=== libstdc++ Summary ===
Compiler version: 4.6.0 20110310 (experimental) [trunk revision 170842] (GCC)
Platform: x86_64-apple-darwin10.6.0
configure flags: --prefix=/BUILD/gcc/170842 --target=x86_64-apple-darwin10.6.0 --host=x86_64-apple-darwin10.6.0 --build=x86_64-apple-darwin10.6.0 --with-tune=core2 --with-gmp=/opt/gnu --with-mpfr=/opt/gnu --with-mpc=/opt/gnu --disable-libmudflap --disable-libssp --enable-stage1-languages=c --enable-languages=c,c++,lto --program-suffix=-4.6
BOOT_CFLAGS=-g -O2