This is the mail archive of the
gcc-testresults@gcc.gnu.org
mailing list for the GCC project.
Results for 4.6.0 20110304 (experimental) [trunk revision 170678] (GCC) testsuite on i386-pc-solaris2.10
- From: Rainer Orth <ro at CeBiTec dot Uni-Bielefeld dot DE>
- To: gcc-testresults at gcc dot gnu dot org
- Date: Mon, 7 Mar 2011 16:02:51 +0100 (MET)
- Subject: Results for 4.6.0 20110304 (experimental) [trunk revision 170678] (GCC) testsuite on i386-pc-solaris2.10
LAST_UPDATED: Fri Mar 4 17:31:17 UTC 2011 (revision 170678)
=== acats tests ===
=== acats Summary ===
# of expected passes 2321
# of unexpected failures 0
Native configuration is i386-pc-solaris2.10
=== g++ tests ===
Running target unix
=== g++ Summary for unix ===
# of expected passes 26584
# of expected failures 161
# of unsupported tests 189
Running target unix/-m64
=== g++ Summary for unix/-m64 ===
# of expected passes 26816
# of expected failures 161
# of unsupported tests 388
=== g++ Summary ===
# of expected passes 53400
# of expected failures 322
# of unsupported tests 577
/var/gcc/regression/trunk/10-gcc-gas/build/gcc/testsuite/g++/../../g++ version 4.6.0 20110304 (experimental) [trunk revision 170678] (GCC)
=== gcc tests ===
Running target unix
FAIL: gcc.dg/lto/20110201-1 c_lto_20110201-1_0.o-c_lto_20110201-1_0.o link, -O0 -flto
UNRESOLVED: gcc.dg/lto/20110201-1 c_lto_20110201-1_0.o-c_lto_20110201-1_0.o execute -O0 -flto
=== gcc Summary for unix ===
# of expected passes 75375
# of unexpected failures 1
# of expected failures 213
# of unresolved testcases 1
# of unsupported tests 786
Running target unix/-m64
=== gcc Summary for unix/-m64 ===
# of expected passes 75457
# of expected failures 212
# of unsupported tests 1200
=== gcc Summary ===
# of expected passes 150832
# of unexpected failures 1
# of expected failures 425
# of unresolved testcases 1
# of unsupported tests 1986
/var/gcc/regression/trunk/10-gcc-gas/build/gcc/xgcc version 4.6.0 20110304 (experimental) [trunk revision 170678] (GCC)
=== gfortran tests ===
Running target unix
=== gfortran Summary for unix ===
# of expected passes 38192
# of expected failures 41
# of unsupported tests 228
Running target unix/-m64
=== gfortran Summary for unix/-m64 ===
# of expected passes 38489
# of expected failures 41
# of unsupported tests 88
=== gfortran Summary ===
# of expected passes 76681
# of expected failures 82
# of unsupported tests 316
/var/gcc/regression/trunk/10-gcc-gas/build/gcc/testsuite/gfortran/../../gfortran version 4.6.0 20110304 (experimental) [trunk revision 170678] (GCC)
=== gnat tests ===
Running target unix
=== gnat Summary for unix ===
# of expected passes 866
# of expected failures 10
# of unsupported tests 3
Running target unix/-m64
=== gnat Summary for unix/-m64 ===
# of expected passes 866
# of expected failures 10
# of unsupported tests 3
=== gnat Summary ===
# of expected passes 1732
# of expected failures 20
# of unsupported tests 6
/var/gcc/regression/trunk/10-gcc-gas/build/gcc/gnatmake version 4.6.0 20110304 (experimental) [trunk revision 170678]
=== objc tests ===
Running target unix
=== objc Summary for unix ===
# of expected passes 2918
# of expected failures 6
# of unsupported tests 74
Running target unix/-m64
=== objc Summary for unix/-m64 ===
# of expected passes 2908
# of expected failures 16
# of unsupported tests 74
=== objc Summary ===
# of expected passes 5826
# of expected failures 22
# of unsupported tests 148
/var/gcc/regression/trunk/10-gcc-gas/build/gcc/xgcc version 4.6.0 20110304 (experimental) [trunk revision 170678] (GCC)
=== boehm-gc tests ===
Running target unix
=== boehm-gc Summary for unix ===
# of expected passes 12
# of unsupported tests 1
Running target unix/-m64
=== boehm-gc Summary for unix/-m64 ===
# of expected passes 12
# of unsupported tests 1
=== boehm-gc Summary ===
# of expected passes 24
# of unsupported tests 2
=== libffi tests ===
Running target unix
=== libffi Summary for unix ===
# of expected passes 1634
# of expected failures 10
# of unsupported tests 15
Running target unix/-m64
=== libffi Summary for unix/-m64 ===
# of expected passes 1634
# of expected failures 10
# of unsupported tests 15
=== libffi Summary ===
# of expected passes 3268
# of expected failures 20
# of unsupported tests 30
=== libgomp tests ===
Running target unix
=== libgomp Summary for unix ===
# of expected passes 2538
# of unsupported tests 2
Running target unix/-m64
=== libgomp Summary for unix/-m64 ===
# of expected passes 2538
# of unsupported tests 2
=== libgomp Summary ===
# of expected passes 5076
# of unsupported tests 4
=== libjava tests ===
Running target unix
=== libjava Summary for unix ===
# of expected passes 2574
Running target unix/-m64
=== libjava Summary for unix/-m64 ===
# of expected passes 2574
=== libjava Summary ===
# of expected passes 5148
=== libstdc++ tests ===
Running target unix
=== libstdc++ Summary for unix ===
# of expected passes 7345
# of expected failures 84
# of unsupported tests 460
Running target unix/-m64
=== libstdc++ Summary for unix/-m64 ===
# of expected passes 7347
# of expected failures 82
# of unsupported tests 460
=== libstdc++ Summary ===
# of expected passes 14692
# of expected failures 166
# of unsupported tests 920
Compiler version: 4.6.0 20110304 (experimental) [trunk revision 170678] (GCC)
Platform: i386-pc-solaris2.10
configure flags: --prefix=/vol/gcc --target=i386-pc-solaris2.10 --with-as=/vol/gcc/bin/gas-2.21 --with-gnu-as --with-gmp=/vol/gcc --with-mpfr=/vol/gcc --with-mpc=/vol/gcc --enable-languages=all,ada
BOOT_CFLAGS=-g -O2