This is the mail archive of the
gcc-testresults@gcc.gnu.org
mailing list for the GCC project.
Results for 4.6.0 20110221 (experimental) [trunk revision 170354] (GCC) testsuite on i386-pc-solaris2.10
- From: Sean McGovern <sean at seanmcgovern dot ca>
- To: gcc-testresults at gcc dot gnu dot org
- Date: Mon, 21 Feb 2011 01:36:14 -0500 (EST)
- Subject: Results for 4.6.0 20110221 (experimental) [trunk revision 170354] (GCC) testsuite on i386-pc-solaris2.10
\$ uname -a
SunOS tsukimi 5.10 Generic_142901-07 i86pc i386 i86pc
\$ cat /etc/release
Solaris 10 10/09 s10x_u8wos_08a X86
Copyright 2009 Sun Microsystems, Inc. All Rights Reserved.
Use is subject to license terms.
Assembled 16 September 2009
\$ /usr/local/bin/as --version
GNU assembler (GNU Binutils) 2.21
\$ /usr/ccs/bin/ld -V
ld: Software Generation Utilities - Solaris Link Editors: 5.10-1.497
\$ /usr/sbin/psrinfo -pv
The physical processor has 1 virtual processor (0)
x86 (GenuineIntel family 6 model 23 step 6 clock 2400 MHz)
Intel(r) Core(tm)2 Duo CPU T8300 @ 2.40GHz
The physical processor has 1 virtual processor (1)
x86 (GenuineIntel family 6 model 23 step 6 clock 2400 MHz)
Intel(r) Core(tm)2 Duo CPU T8300 @ 2.40GHz
Bootstrapped with :
\$ /usr/sfw/bin/gcc -v
Reading specs from /usr/sfw/lib/gcc/i386-pc-solaris2.10/3.4.3/specs
Configured with: /builds/sfw10-gate/usr/src/cmd/gcc/gcc-3.4.3/configure --prefix=/usr/sfw --with-as=/usr/sfw/bin/gas --with-gnu-as --with-ld=/usr/ccs/bin/ld --without-gnu-ld --enable-languages=c,c++ --enable-shared
Thread model: posix
gcc version 3.4.3 (csl-sol210-3_4-branch+sol_rpath)
LAST_UPDATED: Mon Feb 21 03:23:53 UTC 2011 (revision 170354)
Native configuration is i386-pc-solaris2.10
=== gcc tests ===
Running target unix
FAIL: gcc.c-torture/compile/limits-exprparen.c -O0 (internal compiler error)
FAIL: gcc.c-torture/compile/limits-exprparen.c -O0 (test for excess errors)
FAIL: gcc.c-torture/compile/limits-exprparen.c -O1 (internal compiler error)
FAIL: gcc.c-torture/compile/limits-exprparen.c -O1 (test for excess errors)
FAIL: gcc.c-torture/compile/limits-exprparen.c -O2 (internal compiler error)
FAIL: gcc.c-torture/compile/limits-exprparen.c -O2 (test for excess errors)
FAIL: gcc.c-torture/compile/limits-exprparen.c -O3 -fomit-frame-pointer (internal compiler error)
FAIL: gcc.c-torture/compile/limits-exprparen.c -O3 -fomit-frame-pointer (test for excess errors)
FAIL: gcc.c-torture/compile/limits-exprparen.c -O3 -g (internal compiler error)
FAIL: gcc.c-torture/compile/limits-exprparen.c -O3 -g (test for excess errors)
FAIL: gcc.c-torture/compile/limits-exprparen.c -Os (internal compiler error)
FAIL: gcc.c-torture/compile/limits-exprparen.c -Os (test for excess errors)
FAIL: gcc.c-torture/compile/limits-exprparen.c -O2 -flto -flto-partition=none (internal compiler error)
FAIL: gcc.c-torture/compile/limits-exprparen.c -O2 -flto -flto-partition=none (test for excess errors)
FAIL: gcc.c-torture/compile/limits-exprparen.c -O2 -flto (internal compiler error)
FAIL: gcc.c-torture/compile/limits-exprparen.c -O2 -flto (test for excess errors)
FAIL: gcc.dg/lto/20110201-1 c_lto_20110201-1_0.o-c_lto_20110201-1_0.o link, -O0 -flto
UNRESOLVED: gcc.dg/lto/20110201-1 c_lto_20110201-1_0.o-c_lto_20110201-1_0.o execute -O0 -flto
FAIL: gcc.misc-tests/gcov-1.c gcov failed: spawn failed
FAIL: gcc.misc-tests/gcov-10.c gcov failed: spawn failed
FAIL: gcc.misc-tests/gcov-10b.c gcov failed: spawn failed
FAIL: gcc.misc-tests/gcov-11.c gcov failed: spawn failed
FAIL: gcc.misc-tests/gcov-2.c gcov failed: spawn failed
FAIL: gcc.misc-tests/gcov-3.c gcov failed: spawn failed
FAIL: gcc.misc-tests/gcov-4.c gcov failed: spawn failed
FAIL: gcc.misc-tests/gcov-4b.c gcov failed: spawn failed
FAIL: gcc.misc-tests/gcov-5b.c gcov failed: spawn failed
FAIL: gcc.misc-tests/gcov-6.c gcov failed: spawn failed
FAIL: gcc.misc-tests/gcov-7.c gcov failed: spawn failed
FAIL: gcc.misc-tests/gcov-8.c gcov failed: spawn failed
FAIL: gcc.misc-tests/gcov-9.c gcov failed: spawn failed
=== gcc Summary for unix ===
# of expected passes 75270
# of unexpected failures 30
# of expected failures 213
# of unresolved testcases 1
# of unsupported tests 795
Running target unix//-m64
FAIL: gcc.c-torture/compile/limits-exprparen.c -O0 (internal compiler error)
FAIL: gcc.c-torture/compile/limits-exprparen.c -O0 (test for excess errors)
FAIL: gcc.c-torture/compile/limits-exprparen.c -O1 (internal compiler error)
FAIL: gcc.c-torture/compile/limits-exprparen.c -O1 (test for excess errors)
FAIL: gcc.c-torture/compile/limits-exprparen.c -O2 (internal compiler error)
FAIL: gcc.c-torture/compile/limits-exprparen.c -O2 (test for excess errors)
FAIL: gcc.c-torture/compile/limits-exprparen.c -O3 -fomit-frame-pointer (internal compiler error)
FAIL: gcc.c-torture/compile/limits-exprparen.c -O3 -fomit-frame-pointer (test for excess errors)
FAIL: gcc.c-torture/compile/limits-exprparen.c -O3 -g (internal compiler error)
FAIL: gcc.c-torture/compile/limits-exprparen.c -O3 -g (test for excess errors)
FAIL: gcc.c-torture/compile/limits-exprparen.c -Os (internal compiler error)
FAIL: gcc.c-torture/compile/limits-exprparen.c -Os (test for excess errors)
FAIL: gcc.c-torture/compile/limits-exprparen.c -O2 -flto -flto-partition=none (internal compiler error)
FAIL: gcc.c-torture/compile/limits-exprparen.c -O2 -flto -flto-partition=none (test for excess errors)
FAIL: gcc.c-torture/compile/limits-exprparen.c -O2 -flto (internal compiler error)
FAIL: gcc.c-torture/compile/limits-exprparen.c -O2 -flto (test for excess errors)
FAIL: gcc.c-torture/execute/builtins/fprintf.c compilation, -O2 -flto (internal compiler error)
UNRESOLVED: gcc.c-torture/execute/builtins/fprintf.c execution, -O2 -flto
FAIL: gcc.c-torture/execute/builtins/fputs.c compilation, -O2 -flto (internal compiler error)
UNRESOLVED: gcc.c-torture/execute/builtins/fputs.c execution, -O2 -flto
FAIL: gcc.c-torture/execute/builtins/printf.c compilation, -O2 -flto (internal compiler error)
UNRESOLVED: gcc.c-torture/execute/builtins/printf.c execution, -O2 -flto
FAIL: gcc.c-torture/execute/builtins/sprintf.c compilation, -O2 -flto (internal compiler error)
UNRESOLVED: gcc.c-torture/execute/builtins/sprintf.c execution, -O2 -flto
FAIL: gcc.c-torture/execute/20000402-1.c compilation, -O2 -flto (internal compiler error)
UNRESOLVED: gcc.c-torture/execute/20000402-1.c execution, -O2 -flto
FAIL: gcc.c-torture/execute/20000910-1.c compilation, -O2 -flto (internal compiler error)
UNRESOLVED: gcc.c-torture/execute/20000910-1.c execution, -O2 -flto
FAIL: gcc.c-torture/execute/20000910-2.c compilation, -O2 -flto (internal compiler error)
UNRESOLVED: gcc.c-torture/execute/20000910-2.c execution, -O2 -flto
FAIL: gcc.c-torture/execute/20021010-2.c compilation, -O2 -flto (internal compiler error)
UNRESOLVED: gcc.c-torture/execute/20021010-2.c execution, -O2 -flto
FAIL: gcc.c-torture/execute/20040223-1.c compilation, -O2 -flto (internal compiler error)
UNRESOLVED: gcc.c-torture/execute/20040223-1.c execution, -O2 -flto
FAIL: gcc.c-torture/execute/20040823-1.c compilation, -O2 -flto (internal compiler error)
UNRESOLVED: gcc.c-torture/execute/20040823-1.c execution, -O2 -flto
FAIL: gcc.c-torture/execute/20050125-1.c compilation, -O2 -flto (internal compiler error)
UNRESOLVED: gcc.c-torture/execute/20050125-1.c execution, -O2 -flto
FAIL: gcc.c-torture/execute/20050131-1.c compilation, -O2 -flto (internal compiler error)
UNRESOLVED: gcc.c-torture/execute/20050131-1.c execution, -O2 -flto
FAIL: gcc.c-torture/execute/20050203-1.c compilation, -O2 -flto (internal compiler error)
UNRESOLVED: gcc.c-torture/execute/20050203-1.c execution, -O2 -flto
FAIL: gcc.c-torture/execute/920501-6.c compilation, -O2 -flto (internal compiler error)
UNRESOLVED: gcc.c-torture/execute/920501-6.c execution, -O2 -flto
FAIL: gcc.c-torture/execute/920501-8.c compilation, -O2 -flto (internal compiler error)
UNRESOLVED: gcc.c-torture/execute/920501-8.c execution, -O2 -flto
FAIL: gcc.c-torture/execute/920501-9.c compilation, -O2 -flto (internal compiler error)
UNRESOLVED: gcc.c-torture/execute/920501-9.c execution, -O2 -flto
FAIL: gcc.c-torture/execute/920726-1.c compilation, -O2 -flto (internal compiler error)
UNRESOLVED: gcc.c-torture/execute/920726-1.c execution, -O2 -flto
FAIL: gcc.c-torture/execute/920810-1.c compilation, -O2 -flto (internal compiler error)
UNRESOLVED: gcc.c-torture/execute/920810-1.c execution, -O2 -flto
FAIL: gcc.c-torture/execute/930513-1.c compilation, -O2 -flto (internal compiler error)
UNRESOLVED: gcc.c-torture/execute/930513-1.c execution, -O2 -flto
FAIL: gcc.c-torture/execute/941014-2.c compilation, -O2 -flto (internal compiler error)
UNRESOLVED: gcc.c-torture/execute/941014-2.c execution, -O2 -flto
FAIL: gcc.c-torture/execute/960311-1.c compilation, -O2 -flto (internal compiler error)
UNRESOLVED: gcc.c-torture/execute/960311-1.c execution, -O2 -flto
FAIL: gcc.c-torture/execute/960311-2.c compilation, -O2 -flto (internal compiler error)
UNRESOLVED: gcc.c-torture/execute/960311-2.c execution, -O2 -flto
FAIL: gcc.c-torture/execute/960311-3.c compilation, -O2 -flto (internal compiler error)
UNRESOLVED: gcc.c-torture/execute/960311-3.c execution, -O2 -flto
FAIL: gcc.c-torture/execute/960327-1.c compilation, -O2 -flto (internal compiler error)
UNRESOLVED: gcc.c-torture/execute/960327-1.c execution, -O2 -flto
FAIL: gcc.c-torture/execute/960521-1.c compilation, -O2 -flto (internal compiler error)
UNRESOLVED: gcc.c-torture/execute/960521-1.c execution, -O2 -flto
FAIL: gcc.c-torture/execute/980605-1.c compilation, -O2 -flto (internal compiler error)
UNRESOLVED: gcc.c-torture/execute/980605-1.c execution, -O2 -flto
FAIL: gcc.c-torture/execute/980707-1.c compilation, -O2 -flto (internal compiler error)
UNRESOLVED: gcc.c-torture/execute/980707-1.c execution, -O2 -flto
FAIL: gcc.c-torture/execute/990628-1.c compilation, -O2 -flto (internal compiler error)
UNRESOLVED: gcc.c-torture/execute/990628-1.c execution, -O2 -flto
FAIL: gcc.c-torture/execute/990826-0.c compilation, -O2 -flto (internal compiler error)
UNRESOLVED: gcc.c-torture/execute/990826-0.c execution, -O2 -flto
FAIL: gcc.c-torture/execute/comp-goto-1.c compilation, -O2 -flto (internal compiler error)
UNRESOLVED: gcc.c-torture/execute/comp-goto-1.c execution, -O2 -flto
FAIL: gcc.c-torture/execute/complex-6.c compilation, -O2 -flto (internal compiler error)
UNRESOLVED: gcc.c-torture/execute/complex-6.c execution, -O2 -flto
FAIL: gcc.c-torture/execute/const-addr-expr-1.c compilation, -O2 -flto (internal compiler error)
UNRESOLVED: gcc.c-torture/execute/const-addr-expr-1.c execution, -O2 -flto
FAIL: gcc.c-torture/execute/enum-3.c compilation, -O2 -flto (internal compiler error)
UNRESOLVED: gcc.c-torture/execute/enum-3.c execution, -O2 -flto
FAIL: gcc.c-torture/execute/loop-2f.c compilation, -O2 -flto (internal compiler error)
UNRESOLVED: gcc.c-torture/execute/loop-2f.c execution, -O2 -flto
FAIL: gcc.c-torture/execute/loop-2g.c compilation, -O2 -flto (internal compiler error)
UNRESOLVED: gcc.c-torture/execute/loop-2g.c execution, -O2 -flto
FAIL: gcc.c-torture/execute/mode-dependent-address.c compilation, -O2 -flto (internal compiler error)
UNRESOLVED: gcc.c-torture/execute/mode-dependent-address.c execution, -O2 -flto
FAIL: gcc.c-torture/execute/p18298.c compilation, -O2 -flto (internal compiler error)
UNRESOLVED: gcc.c-torture/execute/p18298.c execution, -O2 -flto
FAIL: gcc.c-torture/execute/pr41463.c compilation, -O2 -flto (internal compiler error)
UNRESOLVED: gcc.c-torture/execute/pr41463.c execution, -O2 -flto
FAIL: gcc.c-torture/execute/printf-1.c compilation, -O2 -flto (internal compiler error)
UNRESOLVED: gcc.c-torture/execute/printf-1.c execution, -O2 -flto
FAIL: gcc.c-torture/execute/printf-chk-1.c compilation, -O2 -flto (internal compiler error)
UNRESOLVED: gcc.c-torture/execute/printf-chk-1.c execution, -O2 -flto
FAIL: gcc.c-torture/execute/struct-ret-1.c compilation, -O2 -flto (internal compiler error)
UNRESOLVED: gcc.c-torture/execute/struct-ret-1.c execution, -O2 -flto
FAIL: gcc.c-torture/execute/va-arg-21.c compilation, -O2 -flto (internal compiler error)
UNRESOLVED: gcc.c-torture/execute/va-arg-21.c execution, -O2 -flto
FAIL: gcc.c-torture/execute/va-arg-24.c compilation, -O2 -flto (internal compiler error)
UNRESOLVED: gcc.c-torture/execute/va-arg-24.c execution, -O2 -flto
FAIL: gcc.c-torture/execute/vprintf-1.c compilation, -O2 -flto (internal compiler error)
UNRESOLVED: gcc.c-torture/execute/vprintf-1.c execution, -O2 -flto
FAIL: gcc.c-torture/execute/vprintf-chk-1.c compilation, -O2 -flto (internal compiler error)
UNRESOLVED: gcc.c-torture/execute/vprintf-chk-1.c execution, -O2 -flto
FAIL: gcc.c-torture/execute/ieee/920810-1.c compilation, -O2 -flto (internal compiler error)
UNRESOLVED: gcc.c-torture/execute/ieee/920810-1.c execution, -O2 -flto
FAIL: gcc.c-torture/execute/ieee/copysign1.c compilation, -O2 -flto (internal compiler error)
UNRESOLVED: gcc.c-torture/execute/ieee/copysign1.c execution, -O2 -flto
FAIL: gcc.c-torture/execute/ieee/copysign2.c compilation, -O2 -flto (internal compiler error)
UNRESOLVED: gcc.c-torture/execute/ieee/copysign2.c execution, -O2 -flto
FAIL: gcc.dg/lto/20081024 c_lto_20081024_0.o-c_lto_20081024_0.o link, -O0 -flto -flto-partition=1to1 (internal compiler error)
UNRESOLVED: gcc.dg/lto/20081024 c_lto_20081024_0.o-c_lto_20081024_0.o execute -O0 -flto -flto-partition=1to1
FAIL: gcc.dg/lto/20081024 c_lto_20081024_0.o-c_lto_20081024_0.o link, -O2 -flto -flto-partition=1to1 (internal compiler error)
UNRESOLVED: gcc.dg/lto/20081024 c_lto_20081024_0.o-c_lto_20081024_0.o execute -O2 -flto -flto-partition=1to1
FAIL: gcc.dg/lto/20081024 c_lto_20081024_0.o-c_lto_20081024_0.o link, -O0 -flto (internal compiler error)
UNRESOLVED: gcc.dg/lto/20081024 c_lto_20081024_0.o-c_lto_20081024_0.o execute -O0 -flto
FAIL: gcc.dg/lto/20081024 c_lto_20081024_0.o-c_lto_20081024_0.o link, -O2 -flto (internal compiler error)
UNRESOLVED: gcc.dg/lto/20081024 c_lto_20081024_0.o-c_lto_20081024_0.o execute -O2 -flto
FAIL: gcc.dg/lto/20090213 c_lto_20090213_0.o-c_lto_20090213_1.o link, -O0 -flto -flto-partition=1to1 (internal compiler error)
UNRESOLVED: gcc.dg/lto/20090213 c_lto_20090213_0.o-c_lto_20090213_1.o execute -O0 -flto -flto-partition=1to1
FAIL: gcc.dg/lto/20090213 c_lto_20090213_0.o-c_lto_20090213_1.o link, -O2 -flto -flto-partition=1to1 (internal compiler error)
UNRESOLVED: gcc.dg/lto/20090213 c_lto_20090213_0.o-c_lto_20090213_1.o execute -O2 -flto -flto-partition=1to1
FAIL: gcc.dg/lto/20090213 c_lto_20090213_0.o-c_lto_20090213_1.o link, -O0 -flto (internal compiler error)
UNRESOLVED: gcc.dg/lto/20090213 c_lto_20090213_0.o-c_lto_20090213_1.o execute -O0 -flto
FAIL: gcc.dg/lto/20090213 c_lto_20090213_0.o-c_lto_20090213_1.o link, -O2 -flto (internal compiler error)
UNRESOLVED: gcc.dg/lto/20090213 c_lto_20090213_0.o-c_lto_20090213_1.o execute -O2 -flto
FAIL: gcc.dg/torture/va-arg-25.c -O2 -flto (internal compiler error)
FAIL: gcc.dg/torture/va-arg-25.c -O2 -flto (test for excess errors)
WARNING: gcc.dg/torture/va-arg-25.c -O2 -flto compilation failed to produce executable
FAIL: gcc.misc-tests/gcov-1.c gcov failed: spawn failed
FAIL: gcc.misc-tests/gcov-10.c gcov failed: spawn failed
FAIL: gcc.misc-tests/gcov-10b.c gcov failed: spawn failed
FAIL: gcc.misc-tests/gcov-11.c gcov failed: spawn failed
FAIL: gcc.misc-tests/gcov-2.c gcov failed: spawn failed
FAIL: gcc.misc-tests/gcov-3.c gcov failed: spawn failed
FAIL: gcc.misc-tests/gcov-4.c gcov failed: spawn failed
FAIL: gcc.misc-tests/gcov-4b.c gcov failed: spawn failed
FAIL: gcc.misc-tests/gcov-5b.c gcov failed: spawn failed
FAIL: gcc.misc-tests/gcov-6.c gcov failed: spawn failed
FAIL: gcc.misc-tests/gcov-7.c gcov failed: spawn failed
FAIL: gcc.misc-tests/gcov-8.c gcov failed: spawn failed
FAIL: gcc.misc-tests/gcov-9.c gcov failed: spawn failed
=== gcc Summary for unix//-m64 ===
# of expected passes 75249
# of unexpected failures 87
# of expected failures 212
# of unresolved testcases 56
# of unsupported tests 1202
=== gcc Summary ===
# of expected passes 150519
# of unexpected failures 117
# of expected failures 425
# of unresolved testcases 57
# of unsupported tests 1997
/BUILD/gcc/obj-170354/gcc/xgcc version 4.6.0 20110221 (experimental) [trunk revision 170354] (GCC)
=== libgomp tests ===
Running target unix
=== libgomp Summary for unix ===
# of expected passes 262
# of unsupported tests 2
Running target unix//-m64
=== libgomp Summary for unix//-m64 ===
# of expected passes 262
# of unsupported tests 2
=== libgomp Summary ===
# of expected passes 524
# of unsupported tests 4
Compiler version: 4.6.0 20110221 (experimental) [trunk revision 170354] (GCC)
Platform: i386-pc-solaris2.10
configure flags: --prefix=/BUILD/gcc/170354 --target=i386-pc-solaris2.10 --with-gnu-as --with-as=/usr/local/bin/as --with-gmp=/local/gcc --with-mpfr=/local/gcc --with-mpc=/local/gcc --enable-languages=c --disable-libssp
BOOT_CFLAGS=-g -O2