This is the mail archive of the
gcc-testresults@gcc.gnu.org
mailing list for the GCC project.
Results for 4.6.0 20110218 (experimental) [trunk revision 170283] (GCC) testsuite on hppa64-hp-hpux11.11
- From: John David Anglin <dave at hiauly3 dot hia dot nrc dot ca>
- To: dave at hiauly3 dot hia dot nrc dot ca, gcc-testresults at gcc dot gnu dot org
- Date: Sat, 19 Feb 2011 17:41:27 -0500 (EST)
- Subject: Results for 4.6.0 20110218 (experimental) [trunk revision 170283] (GCC) testsuite on hppa64-hp-hpux11.11
Native configuration is hppa64-hp-hpux11.11
=== g++ tests ===
Running target unix
WARNING: program timed out.
=== g++ Summary ===
# of expected passes 24596
# of expected failures 162
# of unsupported tests 590
/test/gnu/gcc/objdir/gcc/testsuite/g++/../../g++ version 4.6.0 20110218 (experimental) [trunk revision 170283] (GCC)
=== gcc tests ===
Running target unix
WARNING: program timed out.
FAIL: gcc.dg/lto/20081115 c_lto_20081115_0.o-c_lto_20081115_2.o execute -O0 -flto -flto-partition=1to1
FAIL: gcc.dg/lto/20081118 c_lto_20081118_0.o-c_lto_20081118_2.o execute -O0 -flto -flto-partition=1to1
FAIL: gcc.dg/lto/20081201-1 c_lto_20081201-1_0.o-c_lto_20081201-1_2.o execute -O0 -flto -flto-partition=1to1
FAIL: gcc.dg/lto/20090116 c_lto_20090116_0.o-c_lto_20090116_0.o link, -O1 -flto -flto-partition=1to1 -fPIC (internal compiler error)
UNRESOLVED: gcc.dg/lto/20090116 c_lto_20090116_0.o-c_lto_20090116_0.o execute -O1 -flto -flto-partition=1to1 -fPIC
=== gcc Summary ===
# of expected passes 66224
# of unexpected failures 4
# of expected failures 134
# of unresolved testcases 1
# of unsupported tests 1248
/test/gnu/gcc/objdir/gcc/xgcc version 4.6.0 20110218 (experimental) [trunk revision 170283] (GCC)
=== gfortran tests ===
Running target unix
=== gfortran Summary ===
# of expected passes 36916
# of expected failures 41
# of unsupported tests 354
/test/gnu/gcc/objdir/gcc/testsuite/gfortran/../../gfortran version 4.6.0 20110218 (experimental) [trunk revision 170283] (GCC)
=== obj-c++ tests ===
Running target unix
=== obj-c++ Summary ===
# of expected passes 1375
# of expected failures 10
# of unsupported tests 86
/test/gnu/gcc/objdir/gcc/testsuite/obj-c++/../../g++ version 4.6.0 20110218 (experimental) [trunk revision 170283] (GCC)
=== objc tests ===
Running target unix
=== objc Summary ===
# of expected passes 2897
# of expected failures 10
# of unsupported tests 75
/test/gnu/gcc/objdir/gcc/xgcc version 4.6.0 20110218 (experimental) [trunk revision 170283] (GCC)
=== libgomp tests ===
Running target unix
=== libgomp Summary ===
# of expected passes 2508
# of unsupported tests 9
=== libstdc++ tests ===
Running target unix
=== libstdc++ Summary ===
# of expected passes 6822
# of expected failures 81
# of unsupported tests 734
Compiler version: 4.6.0 20110218 (experimental) [trunk revision 170283] (GCC)
Platform: hppa64-hp-hpux11.11
configure flags:Test Run By dave on Sat Feb 19 05:47:57 2011