This is the mail archive of the
gcc-testresults@gcc.gnu.org
mailing list for the GCC project.
Results for 4.6.0 20110215 (GCC) testsuite on sparc-sun-solaris2.8
- From: botcazou at eu dot adacore dot com (Eric Botcazou)
- To: gcc-testresults at gcc dot gnu dot org
- Date: Wed, 16 Feb 2011 08:02:36 +0100 (CET)
- Subject: Results for 4.6.0 20110215 (GCC) testsuite on sparc-sun-solaris2.8
=== acats tests ===
=== acats Summary ===
# of expected passes 2321
# of unexpected failures 0
Native configuration is sparc-sun-solaris2.8
=== g++ tests ===
Running target unix
=== g++ Summary ===
# of expected passes 26031
# of expected failures 162
# of unsupported tests 429
/nile.build/botcazou/gcc-head/sparc-sun-solaris2.8/gcc/testsuite/g++/../../g++ version 4.6.0 20110215 for GNAT Pro 6.5.0w (20110214) (GCC)
=== gcc tests ===
Running target unix
FAIL: gcc.dg/lto/20110201-1 c_lto_20110201-1_0.o-c_lto_20110201-1_0.o link, -O0 -flto
UNRESOLVED: gcc.dg/lto/20110201-1 c_lto_20110201-1_0.o-c_lto_20110201-1_0.o execute -O0 -flto
=== gcc Summary ===
# of expected passes 69079
# of unexpected failures 1
# of expected failures 237
# of unresolved testcases 1
# of unsupported tests 1186
/nile.build/botcazou/gcc-head/sparc-sun-solaris2.8/gcc/xgcc version 4.6.0 20110215 for GNAT Pro 6.5.0w (20110214) (GCC)
=== gfortran tests ===
Running target unix
=== gfortran Summary ===
# of expected passes 37469
# of expected failures 43
# of unsupported tests 378
/nile.build/botcazou/gcc-head/sparc-sun-solaris2.8/gcc/testsuite/gfortran/../../gfortran version 4.6.0 20110215 for GNAT Pro 6.5.0w (20110214) (GCC)
=== gnat tests ===
Running target unix
=== gnat Summary ===
# of expected passes 865
# of expected failures 10
# of unsupported tests 4
=== obj-c++ tests ===
Running target unix
WARNING: obj-c++.dg/try-catch-2.mm -fgnu-runtime compilation failed to produce executable
WARNING: obj-c++.dg/try-catch-9.mm -fgnu-runtime compilation failed to produce executable
=== obj-c++ Summary ===
# of expected passes 1381
# of expected failures 2
# of unsupported tests 86
/nile.build/botcazou/gcc-head/sparc-sun-solaris2.8/gcc/testsuite/obj-c++/../../g++ version 4.6.0 20110215 for GNAT Pro 6.5.0w (20110214) (GCC)
=== objc tests ===
Running target unix
=== objc Summary ===
# of expected passes 2851
# of expected failures 10
# of unsupported tests 98
/nile.build/botcazou/gcc-head/sparc-sun-solaris2.8/gcc/xgcc version 4.6.0 20110215 for GNAT Pro 6.5.0w (20110214) (GCC)
=== libgomp tests ===
Running target unix
=== libgomp Summary ===
# of expected passes 2508
# of unsupported tests 9
=== libstdc++ tests ===
Running target unix
=== libstdc++ Summary ===
# of expected passes 6825
# of expected failures 82
# of unsupported tests 743
Compiler version: 4.6.0 20110215 for GNAT Pro 6.5.0w (20110214) (GCC)
Platform: sparc-sun-solaris2.8
configure flags: --prefix=/nile.build/botcazou/gcc-head/install_sparc --with-as=/nile.build/botcazou/gcc-head/install_sparc/bin/as --with-gmp=/nile.build/botcazou/support/sparc --with-mpfr=/nile.build/botcazou/support/sparc --with-mpc=/nile.build/botcazou/support/sparc --enable-languages=c,c++,objc,obj-c++,fortran,ada --disable-nls
BOOT_CFLAGS=-g -O2