This is the mail archive of the
gcc-testresults@gcc.gnu.org
mailing list for the GCC project.
Results for 4.6.0 20110211 (experimental) [trunk revision 170052] (GCC) testsuite on i386-pc-solaris2.9
- From: Rainer Orth <ro at CeBiTec dot Uni-Bielefeld dot DE>
- To: gcc-testresults at gcc dot gnu dot org
- Date: Mon, 14 Feb 2011 11:12:26 +0100 (MET)
- Subject: Results for 4.6.0 20110211 (experimental) [trunk revision 170052] (GCC) testsuite on i386-pc-solaris2.9
LAST_UPDATED: Fri Feb 11 17:29:49 UTC 2011 (revision 170052)
=== acats tests ===
=== acats Summary ===
# of expected passes 2321
# of unexpected failures 0
Native configuration is i386-pc-solaris2.9
=== g++ tests ===
Running target unix
FAIL: g++.dg/template/inherit6.C (test for excess errors)
=== g++ Summary ===
# of expected passes 26491
# of unexpected failures 1
# of expected failures 161
# of unsupported tests 190
/var/gcc/regression/trunk/9-gcc-gas/build/gcc/testsuite/g++/../../g++ version 4.6.0 20110211 (experimental) [trunk revision 170052] (GCC)
=== gcc tests ===
Running target unix
FAIL: gcc.dg/lto/20110201-1 c_lto_20110201-1_0.o-c_lto_20110201-1_0.o link, -O0 -flto
UNRESOLVED: gcc.dg/lto/20110201-1 c_lto_20110201-1_0.o-c_lto_20110201-1_0.o execute -O0 -flto
=== gcc Summary ===
# of expected passes 75180
# of unexpected failures 1
# of expected failures 212
# of unresolved testcases 1
# of unsupported tests 834
/var/gcc/regression/trunk/9-gcc-gas/build/gcc/xgcc version 4.6.0 20110211 (experimental) [trunk revision 170052] (GCC)
=== gfortran tests ===
Running target unix
=== gfortran Summary ===
# of expected passes 37528
# of expected failures 41
# of unsupported tests 340
/var/gcc/regression/trunk/9-gcc-gas/build/gcc/testsuite/gfortran/../../gfortran version 4.6.0 20110211 (experimental) [trunk revision 170052] (GCC)
=== gnat tests ===
Running target unix
=== gnat Summary ===
# of expected passes 864
# of expected failures 10
# of unsupported tests 3
/var/gcc/regression/trunk/9-gcc-gas/build/gcc/gnatmake version 4.6.0 20110211 (experimental) [trunk revision 170052]
=== objc tests ===
Running target unix
=== objc Summary ===
# of expected passes 2855
# of expected failures 6
# of unsupported tests 98
/var/gcc/regression/trunk/9-gcc-gas/build/gcc/xgcc version 4.6.0 20110211 (experimental) [trunk revision 170052] (GCC)
=== boehm-gc tests ===
Running target unix
=== boehm-gc Summary ===
# of expected passes 12
# of unsupported tests 1
=== libffi tests ===
Running target unix
=== libffi Summary ===
# of expected passes 1634
# of expected failures 10
# of unsupported tests 15
=== libgomp tests ===
Running target unix
=== libgomp Summary ===
# of expected passes 2522
# of unsupported tests 2
=== libjava tests ===
Running target unix
FAIL: Divide_1 output - source compiled test
FAIL: Divide_1 -findirect-dispatch output - source compiled test
FAIL: Divide_1 -O3 output - source compiled test
FAIL: Divide_1 -O3 -findirect-dispatch output - source compiled test
=== libjava Summary ===
# of expected passes 2570
# of unexpected failures 4
=== libstdc++ tests ===
Running target unix
=== libstdc++ Summary ===
# of expected passes 6833
# of expected failures 87
# of unsupported tests 735
Compiler version: 4.6.0 20110211 (experimental) [trunk revision 170052] (GCC)
Platform: i386-pc-solaris2.9
configure flags: --prefix=/vol/gcc --target=i386-pc-solaris2.9 --enable-checking=release --with-as=/vol/gcc/bin/gas-2.21 --with-gnu-as --with-gmp=/vol/gcc --with-mpfr=/vol/gcc --with-mpc=/vol/gcc --enable-languages=all,ada
BOOT_CFLAGS=-g -O2