This is the mail archive of the
gcc-testresults@gcc.gnu.org
mailing list for the GCC project.
Results for 4.6.0 20110211 (experimental) [trunk revision 170052] (GCC) testsuite on i386-pc-solaris2.11
- From: Rainer Orth <ro at CeBiTec dot Uni-Bielefeld dot DE>
- To: gcc-testresults at gcc dot gnu dot org
- Date: Mon, 14 Feb 2011 11:09:12 +0100 (MET)
- Subject: Results for 4.6.0 20110211 (experimental) [trunk revision 170052] (GCC) testsuite on i386-pc-solaris2.11
LAST_UPDATED: Fri Feb 11 17:29:49 UTC 2011 (revision 170052)
=== acats tests ===
=== acats Summary ===
# of expected passes 2321
# of unexpected failures 0
Native configuration is i386-pc-solaris2.11
=== g++ tests ===
Running target unix
FAIL: g++.dg/template/inherit6.C (test for excess errors)
=== g++ Summary for unix ===
# of expected passes 26493
# of unexpected failures 1
# of expected failures 161
# of unsupported tests 189
Running target unix/-m64
FAIL: g++.dg/template/inherit6.C (test for excess errors)
=== g++ Summary for unix/-m64 ===
# of expected passes 26725
# of unexpected failures 1
# of expected failures 161
# of unsupported tests 388
=== g++ Summary ===
# of expected passes 53218
# of unexpected failures 2
# of expected failures 322
# of unsupported tests 577
/var/gcc/regression/trunk/11-gcc-gas/build/gcc/testsuite/g++/../../g++ version 4.6.0 20110211 (experimental) [trunk revision 170052] (GCC)
=== gcc tests ===
Running target unix
FAIL: gcc.dg/lto/20110201-1 c_lto_20110201-1_0.o-c_lto_20110201-1_0.o link, -O0 -flto
UNRESOLVED: gcc.dg/lto/20110201-1 c_lto_20110201-1_0.o-c_lto_20110201-1_0.o execute -O0 -flto
=== gcc Summary for unix ===
# of expected passes 75285
# of unexpected failures 1
# of expected failures 213
# of unresolved testcases 1
# of unsupported tests 786
Running target unix/-m64
=== gcc Summary for unix/-m64 ===
# of expected passes 75367
# of expected failures 212
# of unsupported tests 1200
=== gcc Summary ===
# of expected passes 150652
# of unexpected failures 1
# of expected failures 425
# of unresolved testcases 1
# of unsupported tests 1986
/var/gcc/regression/trunk/11-gcc-gas/build/gcc/xgcc version 4.6.0 20110211 (experimental) [trunk revision 170052] (GCC)
=== gfortran tests ===
Running target unix
=== gfortran Summary for unix ===
# of expected passes 37816
# of expected failures 41
# of unsupported tests 196
Running target unix/-m64
=== gfortran Summary for unix/-m64 ===
# of expected passes 38065
# of expected failures 41
# of unsupported tests 80
=== gfortran Summary ===
# of expected passes 75881
# of expected failures 82
# of unsupported tests 276
/var/gcc/regression/trunk/11-gcc-gas/build/gcc/testsuite/gfortran/../../gfortran version 4.6.0 20110211 (experimental) [trunk revision 170052] (GCC)
=== gnat tests ===
Running target unix
=== gnat Summary for unix ===
# of expected passes 864
# of expected failures 10
# of unsupported tests 3
Running target unix/-m64
=== gnat Summary for unix/-m64 ===
# of expected passes 864
# of expected failures 10
# of unsupported tests 3
=== gnat Summary ===
# of expected passes 1728
# of expected failures 20
# of unsupported tests 6
/var/gcc/regression/trunk/11-gcc-gas/build/gcc/gnatmake version 4.6.0 20110211 (experimental) [trunk revision 170052]
=== objc tests ===
Running target unix
=== objc Summary for unix ===
# of expected passes 2903
# of expected failures 6
# of unsupported tests 74
Running target unix/-m64
=== objc Summary for unix/-m64 ===
# of expected passes 2893
# of expected failures 16
# of unsupported tests 74
=== objc Summary ===
# of expected passes 5796
# of expected failures 22
# of unsupported tests 148
/var/gcc/regression/trunk/11-gcc-gas/build/gcc/xgcc version 4.6.0 20110211 (experimental) [trunk revision 170052] (GCC)
=== boehm-gc tests ===
Running target unix
=== boehm-gc Summary for unix ===
# of expected passes 12
# of unsupported tests 1
Running target unix/-m64
=== boehm-gc Summary for unix/-m64 ===
# of expected passes 12
# of unsupported tests 1
=== boehm-gc Summary ===
# of expected passes 24
# of unsupported tests 2
=== libffi tests ===
Running target unix
=== libffi Summary for unix ===
# of expected passes 1634
# of expected failures 10
# of unsupported tests 15
Running target unix/-m64
=== libffi Summary for unix/-m64 ===
# of expected passes 1634
# of expected failures 10
# of unsupported tests 15
=== libffi Summary ===
# of expected passes 3268
# of expected failures 20
# of unsupported tests 30
=== libgomp tests ===
Running target unix
=== libgomp Summary for unix ===
# of expected passes 2522
# of unsupported tests 2
Running target unix/-m64
=== libgomp Summary for unix/-m64 ===
# of expected passes 2522
# of unsupported tests 2
=== libgomp Summary ===
# of expected passes 5044
# of unsupported tests 4
=== libjava tests ===
Running target unix
=== libjava Summary for unix ===
# of expected passes 2574
Running target unix/-m64
=== libjava Summary for unix/-m64 ===
# of expected passes 2574
=== libjava Summary ===
# of expected passes 5148
=== libstdc++ tests ===
Running target unix
=== libstdc++ Summary for unix ===
# of expected passes 7345
# of expected failures 83
# of unsupported tests 459
Running target unix/-m64
=== libstdc++ Summary for unix/-m64 ===
# of expected passes 7345
# of expected failures 83
# of unsupported tests 459
=== libstdc++ Summary ===
# of expected passes 14690
# of expected failures 166
# of unsupported tests 918
Compiler version: 4.6.0 20110211 (experimental) [trunk revision 170052] (GCC)
Platform: i386-pc-solaris2.11
configure flags: --prefix=/vol/gcc --target=i386-pc-solaris2.11 --enable-checking=release --with-as=/vol/gcc/bin/gas-2.21 --with-gnu-as --with-gmp=/vol/gcc --with-mpfr=/vol/gcc --with-mpc=/vol/gcc --enable-languages=all,ada
BOOT_CFLAGS=-g -O2