This is the mail archive of the
gcc-testresults@gcc.gnu.org
mailing list for the GCC project.
Results for 4.4.3 (GCC) testsuite on x86_64-unknown-linux-gnu
- From: hjl at gnu-34 dot sc dot intel dot com (H.J. Lu (Intel64))
- To: gcc-testresults at gcc dot gnu dot org
- Date: Wed, 09 Feb 2011 15:16:45 -0800
- Subject: Results for 4.4.3 (GCC) testsuite on x86_64-unknown-linux-gnu
LAST_UPDATED: Obtained from SVN: tags/gcc_4_4_3_release revision 156151
Native configuration is x86_64-unknown-linux-gnu
=== gcc tests ===
Running target unix
FAIL: gcc.c-torture/compile/limits-exprparen.c -O0 (test for excess errors)
FAIL: gcc.c-torture/compile/limits-exprparen.c -O1 (test for excess errors)
FAIL: gcc.c-torture/compile/limits-exprparen.c -O2 (test for excess errors)
FAIL: gcc.c-torture/compile/limits-exprparen.c -O3 -fomit-frame-pointer (test for excess errors)
FAIL: gcc.c-torture/compile/limits-exprparen.c -O3 -g (test for excess errors)
FAIL: gcc.c-torture/compile/limits-exprparen.c -Os (test for excess errors)
FAIL: gcc.dg/tree-prof/ffvpt-pro-3.c scan-tree-dump tree_profile "Math call \\(sqrt\\) to constant value: -inf in main \\(use nan\\) \\(count:1000, all:1000\\)"
WARNING: compat.exp does not support dg-final
WARNING: compat.exp does not support dg-final
=== gcc Summary for unix ===
# of expected passes 69204
# of unexpected failures 8
# of expected failures 306
# of unsupported tests 657
Running target unix/-m32
FAIL: gcc.c-torture/compile/limits-exprparen.c -O0 (test for excess errors)
FAIL: gcc.c-torture/compile/limits-exprparen.c -O1 (test for excess errors)
FAIL: gcc.c-torture/compile/limits-exprparen.c -O2 (test for excess errors)
FAIL: gcc.c-torture/compile/limits-exprparen.c -O3 -fomit-frame-pointer (test for excess errors)
FAIL: gcc.c-torture/compile/limits-exprparen.c -O3 -g (test for excess errors)
FAIL: gcc.c-torture/compile/limits-exprparen.c -Os (test for excess errors)
FAIL: gcc.dg/tree-prof/ffvpt-pro-3.c scan-tree-dump tree_profile "Math call \\(sqrt\\) to constant value: -inf in main \\(use nan\\) \\(count:1000, all:1000\\)"
WARNING: compat.exp does not support dg-final
WARNING: compat.exp does not support dg-final
=== gcc Summary for unix/-m32 ===
# of expected passes 32220
# of unexpected failures 6
# of expected failures 73
# of unsupported tests 130
=== gcc Summary ===
# of expected passes 101424
# of unexpected failures 14
# of expected failures 379
# of unsupported tests 787
/export/build/gnu/gcc-google/build-x86_64-linux/./gcc/xgcc version 4.4.3 (GCC)
=== gfortran tests ===
Running target unix
=== gfortran Summary for unix ===
# of expected passes 29039
# of expected failures 7
# of unsupported tests 19
Running target unix/-m32
=== gfortran Summary for unix/-m32 ===
# of expected passes 28909
# of expected failures 7
# of unsupported tests 81
=== gfortran Summary ===
# of expected passes 57948
# of expected failures 14
# of unsupported tests 100
/export/build/gnu/gcc-google/build-x86_64-linux/./gcc/gfortran version 4.4.3 (GCC)
=== g++ tests ===
Running target unix
=== g++ Summary for unix ===
# of expected passes 16557
# of expected failures 152
# of unsupported tests 132
Running target unix/-m32
=== g++ Summary for unix/-m32 ===
# of expected passes 16658
# of expected failures 152
# of unsupported tests 98
=== g++ Summary ===
# of expected passes 33215
# of expected failures 304
# of unsupported tests 230
/export/build/gnu/gcc-google/build-x86_64-linux/gcc/g++ version 4.4.3 (GCC)
=== libgomp tests ===
Running target unix/-m32
=== libgomp Summary for unix/-m32 ===
# of expected passes 1415
Running target unix
=== libgomp Summary for unix ===
# of expected passes 1415
=== libgomp Summary ===
# of expected passes 4848
=== libmudflap tests ===
Running target unix/-m32
=== libmudflap Summary for unix/-m32 ===
# of expected passes 264
Running target unix
=== libmudflap Summary for unix ===
# of expected passes 264
=== libmudflap Summary ===
# of expected passes 2854
=== libstdc++ tests ===
Running target unix
=== libstdc++ Summary for unix ===
# of expected passes 6520
# of expected failures 79
# of unsupported tests 13
Running target unix/-m32
=== libstdc++ Summary for unix/-m32 ===
# of expected passes 6511
# of expected failures 79
# of unsupported tests 18
=== libstdc++ Summary ===
# of expected passes 13031
# of expected failures 158
# of unsupported tests 31
Compiler version: 4.4.3 (GCC)
Platform: x86_64-unknown-linux-gnu
configure flags: --enable-clocale=gnu --with-system-zlib --with-demangler-in-ld --enable-languages=c,c++,fortran --prefix=/usr/gcc-4.4.3 --with-local-prefix=/usr/local --with-fpmath=sse