This is the mail archive of the
gcc-testresults@gcc.gnu.org
mailing list for the GCC project.
Results for 4.6.0 20110204 (experimental) [trunk revision 169835] (GCC) testsuite on sparc-sun-solaris2.9
- From: Rainer Orth <ro at CeBiTec dot Uni-Bielefeld dot DE>
- To: gcc-testresults at gcc dot gnu dot org
- Date: Mon, 7 Feb 2011 12:33:47 +0100 (MET)
- Subject: Results for 4.6.0 20110204 (experimental) [trunk revision 169835] (GCC) testsuite on sparc-sun-solaris2.9
LAST_UPDATED: Fri Feb 4 18:23:25 UTC 2011 (revision 169835)
=== acats tests ===
=== acats Summary ===
# of expected passes 2321
# of unexpected failures 0
Native configuration is sparc-sun-solaris2.9
=== g++ tests ===
Running target unix
WARNING: program timed out.
=== g++ Summary for unix ===
# of expected passes 26018
# of expected failures 161
# of unsupported tests 427
Running target unix/-m64
=== g++ Summary for unix/-m64 ===
# of expected passes 26630
# of expected failures 161
# of unsupported tests 424
=== g++ Summary ===
# of expected passes 52648
# of expected failures 322
# of unsupported tests 851
/var/gcc/regression/trunk/9-gcc-gas/build/gcc/testsuite/g++/../../g++ version 4.6.0 20110204 (experimental) [trunk revision 169835] (GCC)
=== gcc tests ===
Running target unix
FAIL: gcc.dg/lto/20110201-1 c_lto_20110201-1_0.o-c_lto_20110201-1_0.o link, -O0 -flto
UNRESOLVED: gcc.dg/lto/20110201-1 c_lto_20110201-1_0.o-c_lto_20110201-1_0.o execute -O0 -flto
=== gcc Summary for unix ===
# of expected passes 69153
# of unexpected failures 1
# of expected failures 237
# of unresolved testcases 1
# of unsupported tests 1191
Running target unix/-m64
=== gcc Summary for unix/-m64 ===
# of expected passes 69736
# of expected failures 228
# of unsupported tests 1200
=== gcc Summary ===
# of expected passes 138889
# of unexpected failures 1
# of expected failures 465
# of unresolved testcases 1
# of unsupported tests 2391
/var/gcc/regression/trunk/9-gcc-gas/build/gcc/xgcc version 4.6.0 20110204 (experimental) [trunk revision 169835] (GCC)
=== gfortran tests ===
Running target unix
=== gfortran Summary for unix ===
# of expected passes 37431
# of expected failures 45
# of unsupported tests 370
Running target unix/-m64
=== gfortran Summary for unix/-m64 ===
# of expected passes 37680
# of expected failures 43
# of unsupported tests 249
=== gfortran Summary ===
# of expected passes 75111
# of expected failures 88
# of unsupported tests 619
/var/gcc/regression/trunk/9-gcc-gas/build/gcc/testsuite/gfortran/../../gfortran version 4.6.0 20110204 (experimental) [trunk revision 169835] (GCC)
=== gnat tests ===
Running target unix
=== gnat Summary for unix ===
# of expected passes 863
# of expected failures 10
# of unsupported tests 4
Running target unix/-m64
=== gnat Summary for unix/-m64 ===
# of expected passes 863
# of expected failures 10
# of unsupported tests 4
=== gnat Summary ===
# of expected passes 1726
# of expected failures 20
# of unsupported tests 8
/var/gcc/regression/trunk/9-gcc-gas/build/gcc/gnatmake version 4.6.0 20110204 (experimental) [trunk revision 169835]
=== objc tests ===
Running target unix
=== objc Summary for unix ===
# of expected passes 2851
# of expected failures 10
# of unsupported tests 98
Running target unix/-m64
=== objc Summary for unix/-m64 ===
# of expected passes 2851
# of expected failures 10
# of unsupported tests 98
=== objc Summary ===
# of expected passes 5702
# of expected failures 20
# of unsupported tests 196
/var/gcc/regression/trunk/9-gcc-gas/build/gcc/xgcc version 4.6.0 20110204 (experimental) [trunk revision 169835] (GCC)
=== boehm-gc tests ===
Running target unix
=== boehm-gc Summary for unix ===
# of expected passes 12
# of unsupported tests 1
Running target unix/-m64
=== boehm-gc Summary for unix/-m64 ===
# of expected passes 12
# of unsupported tests 1
=== boehm-gc Summary ===
# of expected passes 24
# of unsupported tests 2
=== libffi tests ===
Running target unix
=== libffi Summary for unix ===
# of expected passes 1634
# of expected failures 10
# of unsupported tests 15
Running target unix/-m64
=== libffi Summary for unix/-m64 ===
# of expected passes 1634
# of expected failures 10
# of unsupported tests 15
=== libffi Summary ===
# of expected passes 3268
# of expected failures 20
# of unsupported tests 30
=== libgomp tests ===
Running target unix
=== libgomp Summary for unix ===
# of expected passes 2508
# of unsupported tests 9
Running target unix/-m64
=== libgomp Summary for unix/-m64 ===
# of expected passes 2508
# of unsupported tests 9
=== libgomp Summary ===
# of expected passes 5016
# of unsupported tests 18
=== libjava tests ===
Running target unix
=== libjava Summary for unix ===
# of expected passes 2574
Running target unix/-m64
=== libjava Summary for unix/-m64 ===
# of expected passes 2574
=== libjava Summary ===
# of expected passes 5148
=== libstdc++ tests ===
Running target unix
=== libstdc++ Summary for unix ===
# of expected passes 6832
# of expected failures 85
# of unsupported tests 735
Running target unix/-m64
=== libstdc++ Summary for unix/-m64 ===
# of expected passes 6832
# of expected failures 85
# of unsupported tests 735
=== libstdc++ Summary ===
# of expected passes 13664
# of expected failures 170
# of unsupported tests 1470
Compiler version: 4.6.0 20110204 (experimental) [trunk revision 169835] (GCC)
Platform: sparc-sun-solaris2.9
configure flags: --prefix=/vol/gcc --target=sparc-sun-solaris2.9 --with-as=/vol/gcc/bin/gas-2.21 --with-gnu-as --with-gmp=/vol/gcc --with-mpfr=/vol/gcc --with-mpc=/vol/gcc --enable-languages=all,ada
BOOT_CFLAGS=-g -O2