This is the mail archive of the
gcc-testresults@gcc.gnu.org
mailing list for the GCC project.
Results for 4.5.3 20110128 (prerelease) [gcc-4_5-branch revision 169348] (GCC) testsuite on i386-pc-solaris2.9
- From: Rainer Orth <ro at CeBiTec dot Uni-Bielefeld dot DE>
- To: gcc-testresults at gcc dot gnu dot org
- Date: Mon, 31 Jan 2011 11:06:38 +0100 (MET)
- Subject: Results for 4.5.3 20110128 (prerelease) [gcc-4_5-branch revision 169348] (GCC) testsuite on i386-pc-solaris2.9
LAST_UPDATED: Fri Jan 28 15:26:04 UTC 2011 (revision 169348)
=== acats tests ===
=== acats Summary ===
# of expected passes 2321
# of unexpected failures 0
Native configuration is i386-pc-solaris2.9
=== g++ tests ===
Running target unix
=== g++ Summary ===
# of expected passes 23017
# of expected failures 152
# of unsupported tests 179
/var/gcc/regression/gcc-4.5-branch/9-gcc-gas/build/gcc/testsuite/g++/../../g++ version 4.5.3 20110128 (prerelease) [gcc-4_5-branch revision 169348] (GCC)
=== gcc tests ===
Running target unix
FAIL: gcc.dg/lto/20081201-2 c_lto_20081201-2_0.o-c_lto_20081201-2_1.o execute -O3 -fwhopr
=== gcc Summary ===
# of expected passes 71258
# of unexpected failures 1
# of expected failures 166
# of unsupported tests 744
/var/gcc/regression/gcc-4.5-branch/9-gcc-gas/build/gcc/xgcc version 4.5.3 20110128 (prerelease) [gcc-4_5-branch revision 169348] (GCC)
=== gfortran tests ===
Running target unix
=== gfortran Summary ===
# of expected passes 33972
# of expected failures 20
# of unsupported tests 297
/var/gcc/regression/gcc-4.5-branch/9-gcc-gas/build/gcc/testsuite/gfortran/../../gfortran version 4.5.3 20110128 (prerelease) [gcc-4_5-branch revision 169348] (GCC)
=== gnat tests ===
Running target unix
=== gnat Summary ===
# of expected passes 766
# of expected failures 7
# of unsupported tests 1
=== objc tests ===
Running target unix
=== objc Summary ===
# of expected passes 1882
# of expected failures 7
# of unsupported tests 20
/var/gcc/regression/gcc-4.5-branch/9-gcc-gas/build/gcc/xgcc version 4.5.3 20110128 (prerelease) [gcc-4_5-branch revision 169348] (GCC)
=== libffi tests ===
Running target unix
=== libffi Summary ===
# of expected passes 1634
# of expected failures 10
# of unsupported tests 15
=== libgomp tests ===
Running target unix
=== libgomp Summary ===
# of expected passes 2522
# of unsupported tests 2
=== libjava tests ===
Running target unix
FAIL: Divide_1 output - source compiled test
FAIL: Divide_1 -findirect-dispatch output - source compiled test
FAIL: Divide_1 -O3 output - source compiled test
FAIL: Divide_1 -O3 -findirect-dispatch output - source compiled test
FAIL: stacktrace execution - source compiled test
=== libjava Summary ===
# of expected passes 2568
# of unexpected failures 5
# of untested testcases 1
=== libstdc++ tests ===
Running target unix
=== libstdc++ Summary ===
# of expected passes 6334
# of expected failures 93
# of unsupported tests 622
=== libstdc++ Summary ===
Compiler version: 4.5.3 20110128 (prerelease) [gcc-4_5-branch revision 169348] (GCC)
Platform: i386-pc-solaris2.9
configure flags: --prefix=/vol/gcc --target=i386-pc-solaris2.9 --with-as=/vol/gcc/bin/gas-2.21 --with-gnu-as --with-gmp=/vol/gcc --with-mpfr=/vol/gcc --with-mpc=/vol/gcc --enable-languages=all,ada
BOOT_CFLAGS=-g -O2